This is the mail archive of the egcs-testresults@egcs.cygnus.com mailing list for the EGCS project. See the EGCS home page for more information.
Sources: - egcs mainline from CVS last updated at Sun Mar 14 20:09:06 1999; official snapshot tagged as egcs_ss_19990314 - libg++-2.8.1.2a-19981217 Patches: None. Environment: - GNU binutils 2.9.1.0.22b - autoconf-990306 - automake-990306 - dejagnu-19981026 - gperf-2.7 with gperf-2.7-19981006 patch for -F - Linux kernel 2.2.3 (compiled by egcs-2.91.60) - glibc 2.1.0 (compiled by egcs-2.91.60) Remarks: None. configure flags: --with-gnu-ld --with-gnu-as --prefix=/usr/packages.bin/egcs/haifashot --enable-shared --enable-haifa BOOT_CC: egcs-2.91.60 BOOT_CFLAGS: CFLAGS: CXXFLAGS: Changes in testsuite results for g++ since the last successful snapshot build (on Tue Mar 09 14:05:48 1999): Tests that now work, but didn't before: g++.pt/memclass6.C (test for excess errors) New tests that FAIL: g++.other/access6.C - private - (test for bogus messages, line 14) g++.other/access6.C - private - (test for bogus messages, line 9) g++.other/access6.C - redeclared - (test for bogus messages, line 11) g++.other/friend1.C - (test for bogus messages, line 16) New tests that PASS: g++.brendan/crash11.C private (test for errors, line 6) g++.brendan/crash11.C private (test for errors, line 7) g++.brendan/crash19.C inacessible (test for errors, line 154) g++.brendan/crash19.C inacessible (test for errors, line 155) g++.brendan/enum6.C private (test for errors, line 5) g++.brendan/enum6.C within this context (test for errors, line 15) g++.brendan/visibility1.C protected (test for errors, line 5) g++.brendan/visibility6.C private (test for errors, line 6) g++.brendan/visibility8.C private (test for errors, line 8) g++.jason/access17.C private (test for errors, line 6) g++.jason/access23.C private (test for errors, line 29) g++.jason/access23.C private (test for errors, line 30) g++.jason/access23.C private (test for errors, line 35) g++.jason/access23.C private (test for errors, line 36) g++.jason/access23.C protected (test for errors, line 19) g++.jason/access23.C protected (test for errors, line 20) g++.jason/access23.C protected (test for errors, line 25) g++.jason/access23.C protected (test for errors, line 26) g++.law/arm14.C private (test for errors, line 12) g++.law/union2.C private (test for errors, line 13) g++.law/union2.C private (test for errors, line 15) g++.law/visibility12.C private (test for errors, line 9) g++.law/visibility13.C private (test for errors, line 26) g++.law/visibility13.C private (test for errors, line 27) g++.law/visibility16.C protected (test for errors, line 10) g++.law/visibility18.C private (test for errors, line 10) g++.law/visibility19.C protected (test for errors, line 10) g++.law/visibility4.C private (test for errors, line 11) g++.law/visibility8.C protected (test for errors, line 10) g++.law/visibility9.C protected (test for errors, line 11) g++.martin/access1.C (test for excess errors) g++.martin/sts_conv.C - should convert (test for bogus messages, line 17) g++.martin/sts_conv.C - should convert Execution test g++.mike/p8785.C private (test for errors, line 6) g++.ns/template8.C (test for excess errors) g++.other/access4.C (test for excess errors) g++.other/access5.C (test for excess errors) g++.other/access6.C (test for excess errors) g++.other/ambig1.C candidates (test for errors, line 10) g++.other/ambig1.C candidates (test for errors, line 11) g++.other/ambig1.C candidates (test for errors, line 12) g++.other/ambig1.C candidates (test for errors, line 4) g++.other/ambig1.C candidates (test for errors, line 5) g++.other/ambig1.C candidates (test for errors, line 6) g++.other/crash7.C private (test for errors, line 7) g++.other/crash7.C within this context (test for errors, line 10) g++.other/friend1.C in this context (test for errors, line 15) g++.other/friend4.C private (test for errors, line 13) g++.pt/derived2.C (test for excess errors) g++.pt/friend11.C private (test for errors, line 23) g++.pt/friend21.C private (test for errors, line 10) g++.pt/friend3.C private (test for errors, line 10) g++.pt/overload12.C Execution test g++.pt/overload12.C (test for excess errors) Old tests that passed, that have disappeared: (Eeek!) g++.brendan/enum6.C .* (test for errors, line 15) g++.other/crash7.C private (test for errors, line 10) Old tests that failed, that have disappeared: (Eeek!) g++.martin/sts_conv.C - should convert - (test for bogus messages, line 17) g++.martin/sts_conv.C - should convert - Execution test g++.other/access3.C - private (test for bogus messages, line 24) g++.other/access3.C - private Execution test g++.other/access3.C - ref below (test for bogus messages, line 7) Changes in testsuite results for g77 since the last successful snapshot build (on Tue Mar 09 14:05:48 1999): New tests that PASS: g77.f-torture/compile/19990305-0.f, -O0 g77.f-torture/compile/19990305-0.f, -O1 g77.f-torture/compile/19990305-0.f, -O2 g77.f-torture/compile/19990305-0.f, -O2 -fomit-frame-pointer -finline-functions g77.f-torture/compile/19990305-0.f, -Os g77.f-torture/compile/960317-1.f, -O0 g77.f-torture/compile/960317-1.f, -O1 g77.f-torture/compile/960317-1.f, -O2 g77.f-torture/compile/960317-1.f, -O2 -fomit-frame-pointer -finline-functions g77.f-torture/compile/960317-1.f, -Os g77.f-torture/execute/19981119-0.f compilation, -O0 g77.f-torture/execute/19981119-0.f compilation, -O1 g77.f-torture/execute/19981119-0.f compilation, -O2 g77.f-torture/execute/19981119-0.f compilation, -O2 -fomit-frame-pointer -finline-functions g77.f-torture/execute/19981119-0.f compilation, -Os g77.f-torture/execute/19981119-0.f execution, -O0 g77.f-torture/execute/19981119-0.f execution, -O1 g77.f-torture/execute/19981119-0.f execution, -O2 g77.f-torture/execute/19981119-0.f execution, -O2 -fomit-frame-pointer -finline-functions g77.f-torture/execute/19981119-0.f execution, -Os g77.f-torture/execute/19990313-0.f compilation, -O0 g77.f-torture/execute/19990313-0.f compilation, -O1 g77.f-torture/execute/19990313-0.f compilation, -O2 g77.f-torture/execute/19990313-0.f compilation, -O2 -fomit-frame-pointer -finline-functions g77.f-torture/execute/19990313-0.f compilation, -Os g77.f-torture/execute/19990313-0.f execution, -O0 g77.f-torture/execute/19990313-0.f execution, -O1 g77.f-torture/execute/19990313-0.f execution, -O2 g77.f-torture/execute/19990313-0.f execution, -O2 -fomit-frame-pointer -finline-functions g77.f-torture/execute/19990313-0.f execution, -Os g77.f-torture/execute/19990313-1.f compilation, -O0 g77.f-torture/execute/19990313-1.f compilation, -O1 g77.f-torture/execute/19990313-1.f compilation, -O2 g77.f-torture/execute/19990313-1.f compilation, -O2 -fomit-frame-pointer -finline-functions g77.f-torture/execute/19990313-1.f compilation, -Os g77.f-torture/execute/19990313-1.f execution, -O0 g77.f-torture/execute/19990313-1.f execution, -O1 g77.f-torture/execute/19990313-1.f execution, -O2 g77.f-torture/execute/19990313-1.f execution, -O2 -fomit-frame-pointer -finline-functions g77.f-torture/execute/19990313-1.f execution, -Os g77.f-torture/execute/19990313-2.f compilation, -O0 g77.f-torture/execute/19990313-2.f compilation, -O1 g77.f-torture/execute/19990313-2.f compilation, -O2 g77.f-torture/execute/19990313-2.f compilation, -O2 -fomit-frame-pointer -finline-functions g77.f-torture/execute/19990313-2.f compilation, -Os g77.f-torture/execute/19990313-2.f execution, -O0 g77.f-torture/execute/19990313-2.f execution, -O1 g77.f-torture/execute/19990313-2.f execution, -O2 g77.f-torture/execute/19990313-2.f execution, -O2 -fomit-frame-pointer -finline-functions g77.f-torture/execute/19990313-2.f execution, -Os g77.f-torture/execute/19990313-3.f compilation, -O0 g77.f-torture/execute/19990313-3.f compilation, -O1 g77.f-torture/execute/19990313-3.f compilation, -O2 g77.f-torture/execute/19990313-3.f compilation, -O2 -fomit-frame-pointer -finline-functions g77.f-torture/execute/19990313-3.f compilation, -Os g77.f-torture/execute/19990313-3.f execution, -O0 g77.f-torture/execute/19990313-3.f execution, -O1 g77.f-torture/execute/19990313-3.f execution, -O2 g77.f-torture/execute/19990313-3.f execution, -O2 -fomit-frame-pointer -finline-functions g77.f-torture/execute/19990313-3.f execution, -Os Old tests that failed, that have disappeared: (Eeek!) g77.f-torture/execute/960317-1.f compilation, -O0 g77.f-torture/execute/960317-1.f compilation, -O1 g77.f-torture/execute/960317-1.f compilation, -O2 g77.f-torture/execute/960317-1.f compilation, -O2 -fomit-frame-pointer -finline-functions g77.f-torture/execute/960317-1.f compilation, -Os Changes in testsuite results for gcc since the last successful snapshot build (on Tue Mar 09 14:05:48 1999): New tests that FAIL: gcc.dg/uninit-1.c uninitialized variable warning (test for bogus messages, line 16) gcc.dg/uninit-2.c uninitialized variable warning (test for bogus messages, line 28) gcc.dg/uninit-3.c uninitialized variable warning (test for bogus messages, line 11) gcc.dg/uninit-4.c uninitialized variable warning (test for bogus messages, line 24) New tests that PASS: gcc.dg/uninit-1.c (test for excess errors) gcc.dg/uninit-2.c (test for excess errors) gcc.dg/uninit-3.c (test for excess errors) gcc.dg/uninit-4.c (test for excess errors) Changes in testsuite results for libg++ since the last successful snapshot build (on Tue Mar 09 14:05:47 1999): Changes in testsuite results for libio since the last successful snapshot build (on Tue Mar 09 14:05:47 1999): Changes in testsuite results for libstdc++ since the last successful snapshot build (on Tue Mar 09 14:05:47 1999): Changes in testsuite results for objc since the last successful snapshot build (on Tue Mar 09 14:05:48 1999): Changes in stage 3 warnings since the last successful snapshot build (on Tue Mar 09 14:06:06 1999): 2c2 < there are 385 warnings in stage3 of this bootstrap. --- > there are 422 warnings in stage3 of this bootstrap. 5c5 < 44 ../../egcs/gcc/toplev.c --- > 45 ../../egcs/gcc/toplev.c 8d7 < 14 ../../../egcs/gcc/java/lex.c 9a9 > 12 ./parse.y 10a11,12 > 12 ../../../egcs/gcc/java/lex.c > 12 ../../../egcs/gcc/java/jcf-reader.c 12c14,18 < 11 ./parse.y --- > 11 ../../egcs/gcc/varasm.c > 11 ../../../egcs/gcc/java/jcf-dump.c > 11 ../../../egcs/gcc/java/gjavah.c > 11 ../../../egcs/gcc/java/expr.c > 10 ../../egcs/gcc/reload1.c 15,21c21,23 < 9 ../../egcs/gcc/reload1.c < 9 ../../egcs/gcc/loop.c < 9 ../../../egcs/gcc/java/jcf-reader.c < 9 ../../../egcs/gcc/java/jcf-dump.c < 9 ../../../egcs/gcc/java/expr.c < 8 ../../egcs/gcc/varasm.c < 7 ../../egcs/gcc/unroll.c --- > 9 ../../egcs/gcc/unroll.c > 8 ../../egcs/gcc/loop.c > 8 ../../egcs/gcc/dwarf2out.c 24d25 < 7 ../../egcs/gcc/dwarf2out.c 28d28 < 6 ../../../egcs/gcc/java/gjavah.c 32a33 > 5 ../../../egcs/gcc/java/verify.c 36c37 < 4 ../../../egcs/gcc/java/verify.c --- > 4 ../../../egcs/gcc/java/parse.h 38a40,42 > 3 gcj.c > 3 g77.c > 3 g++.c 43a48 > 3 ../../egcs/gcc/gcc.c 44a50,51 > 3 ../../egcs/gcc/expr.c > 3 ../../egcs/gcc/config/i386/i386.c 45a53 > 3 ../../../egcs/gcc/cp/search.c 48,50d55 < 2 gcj.c < 2 g77.c < 2 g++.c 53,55c58,59 < 2 ../../egcs/gcc/gcc.c < 2 ../../egcs/gcc/expr.c < 2 ../../egcs/gcc/config/i386/i386.c --- > 2 ../../../egcs/gcc/java/typeck.c > 2 ../../../egcs/gcc/cp/pt.c 78a83 > 1 ../../../egcs/gcc/java/constants.c 85c90 < 1 ../../../egcs/gcc/cp/call.c --- > 1 ../../../egcs/gcc/cp/decl.c 90,93c95,98 < 93 `???' might be used uninitialized in this function < 57 implicit declaration of function `???' < 54 unused parameter `???' < 37 comparison between signed and unsigned --- > 108 `???' might be used uninitialized in this function > 58 implicit declaration of function `???' > 57 unused parameter `???' > 43 comparison between signed and unsigned 97a103 > 16 unused variable `???' 99d104 < 9 unused variable `???' 100a106 > 8 `???' declared `static' but never defined 102,103c108 < 4 `???' declared `static' but never defined < 3 `???' defined but not used --- > 4 `???' defined but not used 105c110 < 2 `???' within comment --- > 1 value computed is not used 107a113 > 1 label `???' defined but not used Changes in stage 3 no-subdir warnings since the last successful snapshot build (on Tue Mar 09 14:06:08 1999): 2c2 < there are 279 warnings in stage3 of this bootstrap. --- > there are 292 warnings in stage3 of this bootstrap. 5c5 < 44 ../../egcs/gcc/toplev.c --- > 45 ../../egcs/gcc/toplev.c 9a10,11 > 11 ../../egcs/gcc/varasm.c > 10 ../../egcs/gcc/reload1.c 12,15c14,16 < 9 ../../egcs/gcc/reload1.c < 9 ../../egcs/gcc/loop.c < 8 ../../egcs/gcc/varasm.c < 7 ../../egcs/gcc/unroll.c --- > 9 ../../egcs/gcc/unroll.c > 8 ../../egcs/gcc/loop.c > 8 ../../egcs/gcc/dwarf2out.c 18d18 < 7 ../../egcs/gcc/dwarf2out.c 27a28,30 > 3 gcj.c > 3 g77.c > 3 g++.c 32a36 > 3 ../../egcs/gcc/gcc.c 33a38,39 > 3 ../../egcs/gcc/expr.c > 3 ../../egcs/gcc/config/i386/i386.c 36,38d41 < 2 gcj.c < 2 g77.c < 2 g++.c 41,43d43 < 2 ../../egcs/gcc/gcc.c < 2 ../../egcs/gcc/expr.c < 2 ../../egcs/gcc/config/i386/i386.c 65,67c65,67 < 76 `???' might be used uninitialized in this function < 41 unused parameter `???' < 31 implicit declaration of function `???' --- > 88 `???' might be used uninitialized in this function > 42 unused parameter `???' > 32 implicit declaration of function `???' 74d73 < 5 unused variable `???' 75a75 > 4 unused variable `???' Changes in stage 0 warnings since the last successful snapshot build (on Tue Mar 09 14:06:06 1999): Changes in testsuite results for g++ since the last successful build (on Fri Mar 12 06:14:52 1999): New tests that PASS: g++.martin/access1.C (test for excess errors) g++.martin/sts_conv.C - should convert (test for bogus messages, line 17) g++.martin/sts_conv.C - should convert Execution test g++.ns/template8.C (test for excess errors) Old tests that passed, that have disappeared: (Eeek!) g++.martin/sts_conv.C - should convert - (test for bogus messages, line 17) g++.martin/sts_conv.C - should convert - Execution test Changes in testsuite results for g77 since the last successful build (on Fri Mar 12 06:14:52 1999): New tests that PASS: g77.f-torture/execute/19990313-0.f compilation, -O0 g77.f-torture/execute/19990313-0.f compilation, -O1 g77.f-torture/execute/19990313-0.f compilation, -O2 g77.f-torture/execute/19990313-0.f compilation, -O2 -fomit-frame-pointer -finline-functions g77.f-torture/execute/19990313-0.f compilation, -Os g77.f-torture/execute/19990313-0.f execution, -O0 g77.f-torture/execute/19990313-0.f execution, -O1 g77.f-torture/execute/19990313-0.f execution, -O2 g77.f-torture/execute/19990313-0.f execution, -O2 -fomit-frame-pointer -finline-functions g77.f-torture/execute/19990313-0.f execution, -Os g77.f-torture/execute/19990313-1.f compilation, -O0 g77.f-torture/execute/19990313-1.f compilation, -O1 g77.f-torture/execute/19990313-1.f compilation, -O2 g77.f-torture/execute/19990313-1.f compilation, -O2 -fomit-frame-pointer -finline-functions g77.f-torture/execute/19990313-1.f compilation, -Os g77.f-torture/execute/19990313-1.f execution, -O0 g77.f-torture/execute/19990313-1.f execution, -O1 g77.f-torture/execute/19990313-1.f execution, -O2 g77.f-torture/execute/19990313-1.f execution, -O2 -fomit-frame-pointer -finline-functions g77.f-torture/execute/19990313-1.f execution, -Os g77.f-torture/execute/19990313-2.f compilation, -O0 g77.f-torture/execute/19990313-2.f compilation, -O1 g77.f-torture/execute/19990313-2.f compilation, -O2 g77.f-torture/execute/19990313-2.f compilation, -O2 -fomit-frame-pointer -finline-functions g77.f-torture/execute/19990313-2.f compilation, -Os g77.f-torture/execute/19990313-2.f execution, -O0 g77.f-torture/execute/19990313-2.f execution, -O1 g77.f-torture/execute/19990313-2.f execution, -O2 g77.f-torture/execute/19990313-2.f execution, -O2 -fomit-frame-pointer -finline-functions g77.f-torture/execute/19990313-2.f execution, -Os g77.f-torture/execute/19990313-3.f compilation, -O0 g77.f-torture/execute/19990313-3.f compilation, -O1 g77.f-torture/execute/19990313-3.f compilation, -O2 g77.f-torture/execute/19990313-3.f compilation, -O2 -fomit-frame-pointer -finline-functions g77.f-torture/execute/19990313-3.f compilation, -Os g77.f-torture/execute/19990313-3.f execution, -O0 g77.f-torture/execute/19990313-3.f execution, -O1 g77.f-torture/execute/19990313-3.f execution, -O2 g77.f-torture/execute/19990313-3.f execution, -O2 -fomit-frame-pointer -finline-functions g77.f-torture/execute/19990313-3.f execution, -Os Changes in testsuite results for gcc since the last successful build (on Fri Mar 12 06:14:51 1999): New tests that FAIL: gcc.dg/uninit-1.c uninitialized variable warning (test for bogus messages, line 16) gcc.dg/uninit-2.c uninitialized variable warning (test for bogus messages, line 28) gcc.dg/uninit-3.c uninitialized variable warning (test for bogus messages, line 11) gcc.dg/uninit-4.c uninitialized variable warning (test for bogus messages, line 24) New tests that PASS: gcc.dg/uninit-1.c (test for excess errors) gcc.dg/uninit-2.c (test for excess errors) gcc.dg/uninit-3.c (test for excess errors) gcc.dg/uninit-4.c (test for excess errors) Changes in testsuite results for libg++ since the last successful build (on Fri Mar 12 06:14:51 1999): Changes in testsuite results for libio since the last successful build (on Fri Mar 12 06:14:51 1999): Changes in testsuite results for libstdc++ since the last successful build (on Fri Mar 12 06:14:51 1999): Changes in testsuite results for objc since the last successful build (on Fri Mar 12 06:14:52 1999): Changes in stage 3 warnings since the last successful build (on Fri Mar 12 06:15:11 1999): 2c2 < there are 385 warnings in stage3 of this bootstrap. --- > there are 406 warnings in stage3 of this bootstrap. 9a10 > 12 ./parse.y 10a12 > 12 ../../../egcs/gcc/java/jcf-reader.c 12c14,16 < 11 ./parse.y --- > 11 ../../../egcs/gcc/java/jcf-dump.c > 11 ../../../egcs/gcc/java/gjavah.c > 11 ../../../egcs/gcc/java/expr.c 17,19d20 < 9 ../../../egcs/gcc/java/jcf-reader.c < 9 ../../../egcs/gcc/java/jcf-dump.c < 9 ../../../egcs/gcc/java/expr.c 28d28 < 6 ../../../egcs/gcc/java/gjavah.c 32a33 > 5 ../../../egcs/gcc/java/verify.c 36c37 < 4 ../../../egcs/gcc/java/verify.c --- > 4 ../../../egcs/gcc/java/parse.h 55a57 > 2 ../../../egcs/gcc/java/typeck.c 78a81 > 1 ../../../egcs/gcc/java/constants.c 93c96 < 37 comparison between signed and unsigned --- > 43 comparison between signed and unsigned 97a101 > 17 unused variable `???' 99d102 < 9 unused variable `???' 100a104 > 8 `???' declared `static' but never defined 102,103c106 < 4 `???' declared `static' but never defined < 3 `???' defined but not used --- > 4 `???' defined but not used 105a109 > 1 value computed is not used 107a112 > 1 label `???' defined but not used Changes in stage 3 no-subdir warnings since the last successful build (on Fri Mar 12 06:15:13 1999): Changes in stage 0 warnings since the last successful build (on Fri Mar 12 06:15:12 1999): Native configuration is i586-pc-linux-gnu === libio tests === Running target unix === libio Summary === # of expected passes 40 === libstdc++ tests === Running target unix === libstdc++ Summary === # of expected passes 30 === libg++ tests === Running target unix === libg++ Summary === # of expected passes 72 === gcc tests === Running target unix FAIL: gcc.c-torture/execute/930603-1.c execution, -O0 FAIL: gcc.c-torture/execute/930603-1.c execution, -O1 FAIL: gcc.c-torture/execute/930603-1.c execution, -O2 FAIL: gcc.c-torture/execute/930603-1.c execution, -Os FAIL: gcc.c-torture/execute/990130-1.c compilation, -O0 FAIL: gcc.c-torture/execute/990130-1.c compilation, -O1 FAIL: gcc.c-torture/execute/990130-1.c compilation, -O2 FAIL: gcc.c-torture/execute/990130-1.c compilation, -O3 -fomit-frame-pointer FAIL: gcc.c-torture/execute/990130-1.c compilation, -O3 -g FAIL: gcc.c-torture/execute/990130-1.c compilation, -Os FAIL: gcc.c-torture/execute/loop-2b.c execution, -O2 FAIL: gcc.c-torture/execute/loop-2b.c execution, -O3 -fomit-frame-pointer FAIL: gcc.c-torture/execute/loop-2b.c execution, -O3 -fomit-frame-pointer -funroll-loops FAIL: gcc.c-torture/execute/loop-2b.c execution, -O3 -fomit-frame-pointer -funroll-all-loops -finline-functions FAIL: gcc.c-torture/execute/loop-2b.c execution, -O3 -g FAIL: gcc.c-torture/execute/ieee/980619-1.c execution, -O1 FAIL: gcc.c-torture/execute/ieee/980619-1.c execution, -O2 FAIL: gcc.c-torture/execute/ieee/980619-1.c execution, -O3 -fomit-frame-pointer FAIL: gcc.c-torture/execute/ieee/980619-1.c execution, -O3 -fomit-frame-pointer -funroll-loops FAIL: gcc.c-torture/execute/ieee/980619-1.c execution, -O3 -fomit-frame-pointer -funroll-all-loops -finline-functions FAIL: gcc.c-torture/execute/ieee/980619-1.c execution, -O3 -g FAIL: gcc.c-torture/execute/ieee/980619-1.c execution, -Os FAIL: gcc.c-torture/noncompile/951227-1.c FAIL: gcc.dg/990119-1.c execution test FAIL: gcc.dg/cpp-if1.c invalid number (test for errors, line 12) FAIL: gcc.dg/cpp-if1.c invalid number (test for errors, line 15) FAIL: gcc.dg/cpp-if1.c invalid number (test for errors, line 18) FAIL: gcc.dg/cpp-if1.c floating point in #if (test for errors, line 21) FAIL: gcc.dg/cpp-if1.c too many suffixes (test for errors, line 24) FAIL: gcc.dg/cpp-if1.c too many suffixes (test for errors, line 27) FAIL: gcc.dg/cpp-if1.c (test for excess errors) FAIL: gcc.dg/cpp-if3.c (test for excess errors) FAIL: gcc.dg/special/weak-1.c execution test FAIL: gcc.misc-tests/m-un-2.c warning regression (test for warnings, line 18) FAIL: gcc.misc-tests/m-un-2.c warning regression (test for warnings, line 23) FAIL: gcc.misc-tests/m-un-2.c (test for excess errors) === gcc Summary === # of expected passes 7990 # of unexpected failures 36 # of expected failures 23 # of unresolved testcases 6 # of unsupported tests 13 /usr/.egcs-snapshot/i586-pc-linux-gnu-haifa/gcc/xgcc version egcs-2.93.12 19990314 (gcc2 ss-980929 experimental) === g++ tests === Running target unix FAIL: g++.dg/special/conpr-1.C execution test FAIL: g++.dg/special/conpr-2.C execution test FAIL: g++.dg/special/conpr-3.C execution test FAIL: g++.dg/special/conpr-3.C execution test === g++ Summary === # of expected passes 4981 # of unexpected failures 4 # of expected failures 82 # of untested testcases 7 /usr/.egcs-snapshot/i586-pc-linux-gnu-haifa/gcc/testsuite/../xgcc version egcs-2.93.12 19990314 (gcc2 ss-980929 experimental) === g77 tests === Running target unix FAIL: g77.f-torture/execute/970625-2.f compilation, -O1 === g77 Summary === # of expected passes 549 # of unexpected failures 1 # of untested testcases 1 === objc tests === Running target unix === objc Summary === # of expected passes 38 /usr/.egcs-snapshot/i586-pc-linux-gnu-haifa/gcc/xgcc version egcs-2.93.12 19990314 (gcc2 ss-980929 experimental) Compiler version: haifa-enabled egcs-2.93.12 19990314 (gcc2 ss-980929 experimental) Platform: i586-pc-linux-gnu configure flags: --with-gcc-version-trigger=/usr/packages/egcs/egcs/snapshot/egcs/gcc/version.c --host=i586-pc-linux-gnu --with-gnu-ld --with-gnu-as --prefix=/usr/packages.bin/egcs/haifashot --enable-shared --enable-haifa --norecursion Counting all warnings, there are 385 warnings in stage3 of this bootstrap. Number of warnings per file: 44 ../../egcs/gcc/toplev.c 19 ../../egcs/gcc/cccp.c 16 ../../egcs/gcc/objc/objc-act.c 14 ../../../egcs/gcc/java/lex.c 13 ../../egcs/gcc/integrate.c 12 ../../egcs/gcc/cse.c 12 ../../../egcs/gcc/java/javaop.def 11 ./parse.y 10 ../../egcs/gcc/fold-const.c 10 ../../egcs/gcc/final.c 9 ../../egcs/gcc/reload1.c 9 ../../egcs/gcc/loop.c 9 ../../../egcs/gcc/java/jcf-reader.c 9 ../../../egcs/gcc/java/jcf-dump.c 9 ../../../egcs/gcc/java/expr.c 8 ../../egcs/gcc/varasm.c 7 ../../egcs/gcc/unroll.c 7 ../../egcs/gcc/reload.c 7 ../../egcs/gcc/optabs.c 7 ../../egcs/gcc/dwarf2out.c 7 ../../egcs/gcc/combine.c 6 ../../egcs/gcc/protoize.c 6 ../../egcs/gcc/c-lex.c 6 ../../../egcs/gcc/java/gjavah.c 6 ../../../egcs/gcc/java/class.c 6 ../../../egcs/gcc/cp/lex.c 5 ../../egcs/gcc/dbxout.c 5 ../../egcs/gcc/collect2.c 4 cexp.y 4 ../../egcs/gcc/regclass.c 4 ../../egcs/gcc/reg-stack.c 4 ../../../egcs/gcc/java/verify.c 4 ../../../egcs/gcc/java/lex.h 3 insn-emit.c 3 ../../egcs/gcc/stmt.c 3 ../../egcs/gcc/regmove.c 3 ../../egcs/gcc/local-alloc.c 3 ../../egcs/gcc/genopinit.c 3 ../../egcs/gcc/gcov.c 3 ../../egcs/gcc/function.c 3 ../../../egcs/gcc/java/jcf-write.c 2 insn-recog.c 2 insn-output.c 2 gcj.c 2 g77.c 2 g++.c 2 ../../egcs/gcc/print-rtl.c 2 ../../egcs/gcc/graph.c 2 ../../egcs/gcc/gcc.c 2 ../../egcs/gcc/expr.c 2 ../../egcs/gcc/config/i386/i386.c 1 splay-tree.c 1 cxxmain.c 1 ../../egcs/gcc/tree.c 1 ../../egcs/gcc/tlink.c 1 ../../egcs/gcc/stupid.c 1 ../../egcs/gcc/recog.c 1 ../../egcs/gcc/print-tree.c 1 ../../egcs/gcc/java/jvspec.c 1 ../../egcs/gcc/hash.c 1 ../../egcs/gcc/haifa-sched.c 1 ../../egcs/gcc/gengenrtl.c 1 ../../egcs/gcc/genattrtab.c 1 ../../egcs/gcc/gcov-io.h 1 ../../egcs/gcc/flow.c 1 ../../egcs/gcc/f/g77spec.c 1 ../../egcs/gcc/explow.c 1 ../../egcs/gcc/dwarfout.c 1 ../../egcs/gcc/crtstuff.c 1 ../../egcs/gcc/bitmap.c 1 ../../../egcs/gcc/java/jvgenmain.c 1 ../../../egcs/gcc/java/jcf-io.c 1 ../../../egcs/gcc/java/jcf-depend.c 1 ../../../egcs/gcc/java/decl.c 1 ../../../egcs/gcc/f/target.c 1 ../../../egcs/gcc/f/stw.c 1 ../../../egcs/gcc/f/storag.c 1 ../../../egcs/gcc/f/fini.c 1 ../../../egcs/gcc/f/bad.c 1 ../../../egcs/gcc/cp/ptree.c 1 ../../../egcs/gcc/cp/call.c 1 ../../../egcs/gcc/ch/grant.c 1 ../../../egcs/gcc/ch/decl.c Number of warning types: 93 `???' might be used uninitialized in this function 57 implicit declaration of function `???' 54 unused parameter `???' 37 comparison between signed and unsigned 29 variable `???' might be clobbered by `longjmp' or `vfork' 22 statement with no effect 22 missing initializer 22 (near initialization for `???') 14 ??? format, ??? arg (arg ???) 9 unused variable `???' 8 initialization from incompatible pointer type 5 argument `???' might be clobbered by `longjmp' or `vfork' 4 `???' declared `static' but never defined 3 `???' defined but not used 2 zero-length format string 2 `???' within comment 1 suggest explicit braces to avoid ambiguous `else' 1 passing arg ??? of `???' from incompatible pointer type Counting all warnings, there are 4 warnings in stage0 of this bootstrap. Number of warnings per file: 4 ../../../../egcs/libg++/src/Fix16.cc Number of warning types: 4 integer overflow in expression Counting non-subdirectory warnings, there are 279 warnings in stage3 of this bootstrap. Number of warnings per file: 44 ../../egcs/gcc/toplev.c 19 ../../egcs/gcc/cccp.c 16 ../../egcs/gcc/objc/objc-act.c 13 ../../egcs/gcc/integrate.c 12 ../../egcs/gcc/cse.c 10 ../../egcs/gcc/fold-const.c 10 ../../egcs/gcc/final.c 9 ../../egcs/gcc/reload1.c 9 ../../egcs/gcc/loop.c 8 ../../egcs/gcc/varasm.c 7 ../../egcs/gcc/unroll.c 7 ../../egcs/gcc/reload.c 7 ../../egcs/gcc/optabs.c 7 ../../egcs/gcc/dwarf2out.c 7 ../../egcs/gcc/combine.c 6 ../../egcs/gcc/protoize.c 6 ../../egcs/gcc/c-lex.c 5 ../../egcs/gcc/dbxout.c 5 ../../egcs/gcc/collect2.c 4 cexp.y 4 ../../egcs/gcc/regclass.c 4 ../../egcs/gcc/reg-stack.c 3 insn-emit.c 3 ../../egcs/gcc/stmt.c 3 ../../egcs/gcc/regmove.c 3 ../../egcs/gcc/local-alloc.c 3 ../../egcs/gcc/genopinit.c 3 ../../egcs/gcc/gcov.c 3 ../../egcs/gcc/function.c 2 insn-recog.c 2 insn-output.c 2 gcj.c 2 g77.c 2 g++.c 2 ../../egcs/gcc/print-rtl.c 2 ../../egcs/gcc/graph.c 2 ../../egcs/gcc/gcc.c 2 ../../egcs/gcc/expr.c 2 ../../egcs/gcc/config/i386/i386.c 1 splay-tree.c 1 cxxmain.c 1 ../../egcs/gcc/tree.c 1 ../../egcs/gcc/tlink.c 1 ../../egcs/gcc/stupid.c 1 ../../egcs/gcc/recog.c 1 ../../egcs/gcc/print-tree.c 1 ../../egcs/gcc/java/jvspec.c 1 ../../egcs/gcc/hash.c 1 ../../egcs/gcc/haifa-sched.c 1 ../../egcs/gcc/gengenrtl.c 1 ../../egcs/gcc/genattrtab.c 1 ../../egcs/gcc/gcov-io.h 1 ../../egcs/gcc/flow.c 1 ../../egcs/gcc/f/g77spec.c 1 ../../egcs/gcc/explow.c 1 ../../egcs/gcc/dwarfout.c 1 ../../egcs/gcc/crtstuff.c 1 ../../egcs/gcc/bitmap.c Number of warning types: 76 `???' might be used uninitialized in this function 41 unused parameter `???' 31 implicit declaration of function `???' 31 comparison between signed and unsigned 22 missing initializer 22 (near initialization for `???') 20 statement with no effect 11 variable `???' might be clobbered by `longjmp' or `vfork' 8 initialization from incompatible pointer type 5 unused variable `???' 5 argument `???' might be clobbered by `longjmp' or `vfork' 3 `???' defined but not used 2 zero-length format string 1 suggest explicit braces to avoid ambiguous `else' 1 passing arg ??? of `???' from incompatible pointer type