This is the mail archive of the egcs-testresults@egcs.cygnus.com mailing list for the EGCS project. See the EGCS home page for more information.
Native configuration is sparc-sun-solaris2.6 === g++ tests === Running target unix FAIL: g++.dg/special/conpr-1.C execution test FAIL: g++.dg/special/conpr-2.C execution test FAIL: g++.dg/special/conpr-3.C execution test FAIL: g++.dg/special/conpr-3.C execution test FAIL: g++.brendan/asm-extn1.C caused compiler crash === g++ Summary === # of expected passes 4981 # of unexpected failures 5 # of expected failures 81 # of untested testcases 7 /l/dsk00/temp/egcs/gcc/testsuite/../xgcc version egcs-2.93.12 19990314 (gcc2 ss-980929 experimental) === g77 tests === Running target unix === g77 Summary === # of expected passes 551 === gcc tests === Running target unix FAIL: gcc.c-torture/execute/990130-1.c compilation, -O0 FAIL: gcc.c-torture/execute/990130-1.c compilation, -O1 FAIL: gcc.c-torture/execute/990130-1.c compilation, -O2 FAIL: gcc.c-torture/execute/990130-1.c compilation, -O3 -fomit-frame-pointer FAIL: gcc.c-torture/execute/990130-1.c compilation, -O3 -g FAIL: gcc.c-torture/execute/990130-1.c compilation, -Os FAIL: gcc.c-torture/noncompile/951227-1.c FAIL: gcc.dg/990119-1.c execution test FAIL: gcc.dg/cpp-if1.c invalid number (test for errors, line 12) FAIL: gcc.dg/cpp-if1.c invalid number (test for errors, line 15) FAIL: gcc.dg/cpp-if1.c invalid number (test for errors, line 18) FAIL: gcc.dg/cpp-if1.c floating point in #if (test for errors, line 21) FAIL: gcc.dg/cpp-if1.c too many suffixes (test for errors, line 24) FAIL: gcc.dg/cpp-if1.c too many suffixes (test for errors, line 27) FAIL: gcc.dg/cpp-if1.c (test for excess errors) FAIL: gcc.dg/cpp-if3.c (test for excess errors) FAIL: gcc.misc-tests/m-un-2.c warning regression (test for warnings, line 18) FAIL: gcc.misc-tests/m-un-2.c warning regression (test for warnings, line 23) FAIL: gcc.misc-tests/m-un-2.c (test for excess errors) === gcc Summary === # of expected passes 7994 # of unexpected failures 19 # of expected failures 23 # of unresolved testcases 6 # of unsupported tests 24 /l/dsk00/temp/egcs/gcc/xgcc version egcs-2.93.12 19990314 (gcc2 ss-980929 experimental) === libg++ tests === Running target unix FAIL: tRational.cc execution FAIL: tRandom.cc execution === libg++ Summary === # of expected passes 68 # of unexpected failures 2 # of expected failures 2 === libio tests === Running target unix === libio Summary === # of expected passes 40 === libstdc++ tests === Running target unix FAIL: tcomplex.cc execution FAIL: tcomplex.cc -O execution === libstdc++ Summary === # of expected passes 26 # of unexpected failures 2 # of expected failures 2 === objc tests === Running target unix FAIL: objc/execute/bf-1.m compilation, -O FAIL: objc/execute/bf-10.m compilation, -O FAIL: objc/execute/bf-11.m compilation, -O FAIL: objc/execute/bf-12.m compilation, -O FAIL: objc/execute/bf-13.m compilation, -O FAIL: objc/execute/bf-14.m compilation, -O FAIL: objc/execute/bf-15.m compilation, -O FAIL: objc/execute/bf-16.m compilation, -O FAIL: objc/execute/bf-17.m compilation, -O FAIL: objc/execute/bf-18.m compilation, -O FAIL: objc/execute/bf-19.m compilation, -O FAIL: objc/execute/bf-2.m compilation, -O FAIL: objc/execute/bf-3.m compilation, -O FAIL: objc/execute/bf-4.m compilation, -O FAIL: objc/execute/bf-5.m compilation, -O FAIL: objc/execute/bf-6.m compilation, -O FAIL: objc/execute/bf-7.m compilation, -O FAIL: objc/execute/bf-8.m compilation, -O FAIL: objc/execute/bf-9.m compilation, -O === objc Summary === # of unexpected failures 19 # of untested testcases 19 /l/dsk00/temp/egcs/gcc/xgcc version egcs-2.93.12 19990314 (gcc2 ss-980929 experimental) Compiler version: egcs-2.93.12 19990314 (gcc2 ss-980929 experimental) Platform: sparc-sun-solaris2.6 BOOT_CFLAGS: -g -O9 -W -Wall Counting all warnings, there are 434 warnings in stage3 of this bootstrap. Number of warnings per file: 85 /home/phd/oliva/src/egcs/gcc/toplev.c 19 /home/phd/oliva/src/egcs/gcc/cccp.c 14 /home/phd/oliva/src/egcs/gcc/objc/objc-act.c 14 /home/phd/oliva/src/egcs/gcc/java/lex.c 13 /home/phd/oliva/src/egcs/gcc/cse.c 12 /home/phd/oliva/src/egcs/gcc/java/javaop.def 12 ./parse.y 11 /home/phd/oliva/src/egcs/gcc/integrate.c 10 /home/phd/oliva/src/egcs/gcc/loop.c 10 /home/phd/oliva/src/egcs/gcc/java/expr.c 10 /home/phd/oliva/src/egcs/gcc/fold-const.c 8 /home/phd/oliva/src/egcs/gcc/reload1.c 8 /home/phd/oliva/src/egcs/gcc/java/jcf-reader.c 8 /home/phd/oliva/src/egcs/gcc/java/jcf-dump.c 8 /home/phd/oliva/src/egcs/gcc/final.c 8 /home/phd/oliva/src/egcs/gcc/dwarf2out.c 8 /home/phd/oliva/src/egcs/gcc/calls.c 7 /home/phd/oliva/src/egcs/gcc/varasm.c 7 /home/phd/oliva/src/egcs/gcc/combine.c 6 /home/phd/oliva/src/egcs/gcc/unroll.c 6 /home/phd/oliva/src/egcs/gcc/reload.c 6 /home/phd/oliva/src/egcs/gcc/optabs.c 6 /home/phd/oliva/src/egcs/gcc/java/gjavah.c 6 /home/phd/oliva/src/egcs/gcc/java/class.c 6 /home/phd/oliva/src/egcs/gcc/cp/lex.c 6 /home/phd/oliva/src/egcs/gcc/c-lex.c 5 /home/phd/oliva/src/egcs/gcc/function.c 5 /home/phd/oliva/src/egcs/gcc/dbxout.c 5 /home/phd/oliva/src/egcs/gcc/collect2.c 4 cexp.y 4 /home/phd/oliva/src/egcs/gcc/regmove.c 4 /home/phd/oliva/src/egcs/gcc/protoize.c 4 /home/phd/oliva/src/egcs/gcc/java/verify.c 4 /home/phd/oliva/src/egcs/gcc/java/lex.h 4 /home/phd/oliva/src/egcs/gcc/java/jcf-write.c 4 /home/phd/oliva/src/egcs/gcc/expr.c 4 /home/phd/oliva/src/egcs/gcc/ch/actions.c 3 gcj.c 3 g77.c 3 g++.c 3 /home/phd/oliva/src/egcs/gcc/stmt.c 3 /home/phd/oliva/src/egcs/gcc/local-alloc.c 3 /home/phd/oliva/src/egcs/gcc/genopinit.c 3 /home/phd/oliva/src/egcs/gcc/gcc.c 3 /home/phd/oliva/src/egcs/gcc/fix-header.c 3 /home/phd/oliva/src/egcs/gcc/cpphash.c 2 insn-attrtab.c 2 /home/phd/oliva/src/egcs/gcc/java/jcf-io.c 2 /home/phd/oliva/src/egcs/gcc/genattrtab.c 2 /home/phd/oliva/src/egcs/gcc/gcov.c 2 /home/phd/oliva/src/egcs/gcc/flow.c 2 /home/phd/oliva/src/egcs/gcc/explow.c 2 /home/phd/oliva/src/egcs/gcc/cppexp.c 2 /home/phd/oliva/src/egcs/gcc/alias.c 1 splay-tree.c 1 insn-emit.c 1 cxxmain.c 1 /home/phd/oliva/src/egcs/gcc/tree.c 1 /home/phd/oliva/src/egcs/gcc/tlink.c 1 /home/phd/oliva/src/egcs/gcc/stupid.c 1 /home/phd/oliva/src/egcs/gcc/scan-decls.c 1 /home/phd/oliva/src/egcs/gcc/rtl.c 1 /home/phd/oliva/src/egcs/gcc/regclass.c 1 /home/phd/oliva/src/egcs/gcc/print-rtl.c 1 /home/phd/oliva/src/egcs/gcc/jump.c 1 /home/phd/oliva/src/egcs/gcc/java/jvspec.c 1 /home/phd/oliva/src/egcs/gcc/java/jvgenmain.c 1 /home/phd/oliva/src/egcs/gcc/java/decl.c 1 /home/phd/oliva/src/egcs/gcc/hash.c 1 /home/phd/oliva/src/egcs/gcc/graph.c 1 /home/phd/oliva/src/egcs/gcc/genrecog.c 1 /home/phd/oliva/src/egcs/gcc/genpeep.c 1 /home/phd/oliva/src/egcs/gcc/genoutput.c 1 /home/phd/oliva/src/egcs/gcc/genemit.c 1 /home/phd/oliva/src/egcs/gcc/f/g77spec.c 1 /home/phd/oliva/src/egcs/gcc/except.c 1 /home/phd/oliva/src/egcs/gcc/emit-rtl.c 1 /home/phd/oliva/src/egcs/gcc/dwarfout.c 1 /home/phd/oliva/src/egcs/gcc/cpplib.c 1 /home/phd/oliva/src/egcs/gcc/cppinit.c 1 /home/phd/oliva/src/egcs/gcc/cp/sig.c 1 /home/phd/oliva/src/egcs/gcc/cp/expr.c 1 /home/phd/oliva/src/egcs/gcc/cp/call.c 1 /home/phd/oliva/src/egcs/gcc/ch/expr.c Number of warning types: 108 `???' might be used uninitialized in this function 55 unused parameter `???' 47 missing initializer 47 (near initialization for `???') 45 implicit declaration of function `???' 44 comparison between signed and unsigned 27 variable `???' might be clobbered by `longjmp' or `vfork' 22 statement with no effect 14 ??? format, ??? arg (arg ???) 8 unused variable `???' 5 argument `???' might be clobbered by `longjmp' or `vfork' 4 `???' declared `static' but never defined 3 empty body in an else-statement 2 control reaches end of non-void function 2 `???' within comment 1 `???' defined but not used