This is the mail archive of the egcs-testresults@egcs.cygnus.com mailing list for the EGCS project. See the EGCS home page for more information.
Native configuration is sparc-sun-sunos4.1.4 === libio tests === Running target unix === libio Summary === # of expected passes 40 === libstdc++ tests === Running target unix === libstdc++ Summary === # of expected passes 30 === gcc tests === Running target unix FAIL: gcc.c-torture/execute/980526-1.c execution, -O2 -fomit-frame-pointer -finline-functions FAIL: gcc.c-torture/execute/loop-2f.c execution, -O2 FAIL: gcc.c-torture/execute/loop-2f.c execution, -O2 -fomit-frame-pointer -finline-functions FAIL: gcc.c-torture/execute/loop-2f.c execution, -O2 -fomit-frame-pointer -finline-functions -funroll-loops FAIL: gcc.c-torture/execute/loop-2f.c execution, -O2 -fomit-frame-pointer -finline-functions -funroll-all-loops FAIL: gcc.c-torture/execute/loop-2f.c execution, -O2 -g FAIL: gcc.c-torture/execute/loop-2f.c execution, -Os FAIL: gcc.c-torture/execute/loop-2g.c execution, -O2 FAIL: gcc.c-torture/execute/loop-2g.c execution, -O2 -fomit-frame-pointer -finline-functions FAIL: gcc.c-torture/execute/loop-2g.c execution, -O2 -fomit-frame-pointer -finline-functions -funroll-loops FAIL: gcc.c-torture/execute/loop-2g.c execution, -O2 -fomit-frame-pointer -finline-functions -funroll-all-loops FAIL: gcc.c-torture/execute/loop-2g.c execution, -O2 -g FAIL: gcc.c-torture/execute/loop-2g.c execution, -Os FAIL: gcc.dg/980626-1.c (test for excess errors) === gcc Summary === # of expected passes 7484 # of unexpected failures 14 # of expected failures 7 # of unsupported tests 18 /usr/local/x86srvr1/WORKSPACE5/schuld/EGCS/egcs-1.1.2-pre3-sunos/gcc/xgcc version egcs-2.91.63 19990224 (egcs-1.1.2 pre-release-3) === g++ tests === Running target unix FAIL: g++.pt/static3.C (test for excess errors) XPASS: g++.robertl/eb132.C (test for excess errors) FAIL: g++.robertl/eb91.C (test for excess errors) === g++ Summary === # of expected passes 4220 # of unexpected failures 2 # of unexpected successes 1 # of expected failures 85 # of untested testcases 6 /usr/local/x86srvr1/WORKSPACE5/schuld/EGCS/egcs-1.1.2-pre3-sunos/gcc/testsuite/../xgcc version egcs-2.91.63 19990224 (egcs-1.1.2 pre-release-3) === g77 tests === Running target unix === g77 Summary === # of expected passes 415 Compiler version: haifa-enabled egcs-2.91.63 19990224 (egcs-1.1.2 pre-release-3) Platform: sparc-sun-sunos4.1.4 configure flags: --with-gcc-version-trigger=/usr/local/x86srvr1/WORKSPACE5/schuld/EGCS/egcs-1.1.2-pre3/gcc/version.c --host=sparc-sun-sunos4.1.4 --prefix=/afs/btv.ibm.com/data/n37v/software/gnu-sunos/egcs --with-gnu-as --with-gnu-ld --enable-haifa --enable-multilib --norecursion There are 73 warnings in stage3 of this bootstrap. Number of warnings per file: 29 ../../../egcs/gcc/f/stb.c 8 ../../../egcs/gcc/f/bad.c 7 ../../../egcs/gcc/f/lex.c 6 ../../../egcs/gcc/f/com.c 5 ../../../egcs/gcc/f/intrin.c 3 ../../../egcs/gcc/f/target.c 3 ../../../egcs/gcc/f/stw.c 3 ../../../egcs/gcc/f/storag.c 2 ../../../egcs/gcc/f/where.c 2 ../../../egcs/gcc/f/src.c 1 ../../../egcs/gcc/f/top.c 1 ../../../egcs/gcc/f/parse.c 1 ../../../egcs/gcc/f/malloc.c 1 ../../../egcs/gcc/f/implic.c 1 ../../../egcs/gcc/f/expr.c Number of warning types: 40 subscript has type char 28 implicit declaration of function ??? 3 missing initializer for ??? 1 unused parameter ??? 1 assignment from incompatible pointer type