This is the mail archive of the egcs-testresults@egcs.cygnus.com mailing list for the EGCS project. See the EGCS home page for more information.
Results for egcs-2.93.11 19990307 (gcc2 ss-980929 experimental) testsuite on rs6000-ibm-aix4.2.0.0 Native configuration is rs6000-ibm-aix4.2.0.0 === libstdc++ tests === Running target unix === libstdc++ Summary === # of expected passes 30 === gcc tests === Running target unix FAIL: gcc.c-torture/execute/921208-2.c compilation, -O1 FAIL: gcc.c-torture/execute/921208-2.c compilation, -O2 FAIL: gcc.c-torture/execute/921208-2.c compilation, -Os FAIL: gcc.c-torture/execute/931004-12.c execution, -O0 FAIL: gcc.c-torture/execute/931004-12.c execution, -O1 FAIL: gcc.c-torture/execute/931004-12.c execution, -O2 FAIL: gcc.c-torture/execute/931004-12.c execution, -O3 -fomit-frame-pointer FAIL: gcc.c-torture/execute/931004-12.c execution, -O3 -fomit-frame-pointer -funroll-loops FAIL: gcc.c-torture/execute/931004-12.c execution, -O3 -fomit-frame-pointer -funroll-all-loops -finline-functions FAIL: gcc.c-torture/execute/931004-12.c execution, -O3 -g FAIL: gcc.c-torture/execute/931004-12.c execution, -Os FAIL: gcc.c-torture/execute/990130-1.c compilation, -O0 FAIL: gcc.c-torture/execute/990130-1.c compilation, -O1 FAIL: gcc.c-torture/execute/990130-1.c compilation, -O2 FAIL: gcc.c-torture/execute/990130-1.c compilation, -O3 -fomit-frame-pointer FAIL: gcc.c-torture/execute/990130-1.c compilation, -O3 -g FAIL: gcc.c-torture/execute/990130-1.c compilation, -Os FAIL: gcc.c-torture/execute/complex-5.c execution, -O3 -fomit-frame-pointer FAIL: gcc.c-torture/execute/complex-5.c execution, -O3 -g XPASS: gcc.c-torture/execute/memcheck/blkarg.c execution, -O0 XPASS: gcc.c-torture/execute/memcheck/blkarg.c execution, -O1 XPASS: gcc.c-torture/execute/memcheck/blkarg.c execution, -O2 XPASS: gcc.c-torture/execute/memcheck/blkarg.c execution, -O3 -fomit-frame-pointer XPASS: gcc.c-torture/execute/memcheck/blkarg.c execution, -O3 -g XPASS: gcc.c-torture/execute/memcheck/blkarg.c execution, -Os FAIL: gcc.c-torture/noncompile/951227-1.c FAIL: gcc.dg/990119-1.c execution test FAIL: gcc.dg/cpp-if1.c invalid number (test for errors, line 12) FAIL: gcc.dg/cpp-if1.c invalid number (test for errors, line 15) FAIL: gcc.dg/cpp-if1.c invalid number (test for errors, line 18) FAIL: gcc.dg/cpp-if1.c floating point in #if (test for errors, line 21) FAIL: gcc.dg/cpp-if1.c too many suffixes (test for errors, line 24) FAIL: gcc.dg/cpp-if1.c too many suffixes (test for errors, line 27) FAIL: gcc.dg/cpp-if1.c (test for excess errors) FAIL: gcc.dg/cpp-if3.c (test for excess errors) FAIL: gcc.misc-tests/m-un-2.c warning regression (test for warnings, line 18) FAIL: gcc.misc-tests/m-un-2.c warning regression (test for warnings, line 23) FAIL: gcc.misc-tests/m-un-2.c (test for excess errors) === gcc Summary === # of expected passes 7964 # of unexpected failures 32 # of unexpected successes 6 # of expected failures 13 # of unresolved testcases 9 # of unsupported tests 24 /devel/tmp/egcs-19990307.obj/gcc/xgcc version egcs-2.93.11 19990307 (gcc2 ss-980929 experimental) === g++ tests === Running target unix FAIL: g++.benjamin/tem04.C .* (test for errors, line 173) FAIL: g++.benjamin/tem04.C .* (test for errors, line 175) FAIL: g++.brendan/eh1.C Execution test FAIL: g++.brendan/prepost2.C (test for excess errors) FAIL: g++.eh/spec2.C Execution test FAIL: g++.eh/spec3.C Execution test FAIL: g++.eh/spec4.C Execution test FAIL: g++.jason/operator.C invalid first argument (test for errors, line 28) FAIL: g++.jason/operator.C ditto (test for errors, line 29) FAIL: g++.jason/operator.C return value, nonmember (test for errors, line 31) FAIL: g++.jason/operator.C (test for excess errors) FAIL: g++.jason/thunk2.C (test for excess errors) FAIL: g++.mike/eh30.C (test for excess errors) FAIL: g++.mike/eh33.C Execution test FAIL: g++.mike/eh49.C Execution test FAIL: g++.mike/eh50.C Execution test FAIL: g++.mike/eh51.C Execution test FAIL: g++.mike/p4750.C (test for excess errors) FAIL: g++.other/new2.C (test for errors, line 21) FAIL: g++.other/new2.C (test for excess errors) FAIL: g++.pt/decl2.C currently an ICE (test for errors, line 9) FAIL: g++.pt/decl2.C (test for excess errors) FAIL: g++.pt/friend37.C undeclared (test for errors, line 7) FAIL: g++.pt/friend38.C template parameters cannot be friends (test for errors, line 9) FAIL: g++.pt/instantiate4.C (test for excess errors) FAIL: g++.pt/static3.C (test for excess errors) FAIL: g++.pt/typename8.C (test for excess errors) FAIL: g++.robertl/eb106.C (test for excess errors) === g++ Summary === # of expected passes 4910 # of unexpected failures 28 # of expected failures 81 # of untested testcases 8 /devel/tmp/egcs-19990307.obj/gcc/testsuite/../xgcc version egcs-2.93.11 19990307 (gcc2 ss-980929 experimental) === g77 tests === Running target unix FAIL: g77.f-torture/compile/980310-7.f, -O0 FAIL: g77.f-torture/compile/980310-7.f, -O1 FAIL: g77.f-torture/compile/980310-7.f, -O2 FAIL: g77.f-torture/compile/980310-7.f, -O2 -fomit-frame-pointer -finline-functions FAIL: g77.f-torture/compile/980310-7.f, -O2 -fomit-frame-pointer -finline-functions -funroll-loops FAIL: g77.f-torture/compile/980310-7.f, -O2 -fomit-frame-pointer -finline-functions -funroll-all-loops FAIL: g77.f-torture/compile/980310-7.f, -Os FAIL: g77.f-torture/execute/960317-1.f compilation, -O0 FAIL: g77.f-torture/execute/960317-1.f compilation, -O1 FAIL: g77.f-torture/execute/960317-1.f compilation, -O2 FAIL: g77.f-torture/execute/960317-1.f compilation, -O2 -fomit-frame-pointer -finline-functions FAIL: g77.f-torture/execute/960317-1.f compilation, -Os FAIL: g77.f-torture/execute/u77-test.f execution, -O0 FAIL: g77.f-torture/execute/u77-test.f execution, -O1 FAIL: g77.f-torture/execute/u77-test.f execution, -O2 FAIL: g77.f-torture/execute/u77-test.f execution, -O2 -fomit-frame-pointer -finline-functions FAIL: g77.f-torture/execute/u77-test.f execution, -O2 -fomit-frame-pointer -finline-functions -funroll-loops FAIL: g77.f-torture/execute/u77-test.f execution, -O2 -fomit-frame-pointer -finline-functions -funroll-all-loops FAIL: g77.f-torture/execute/u77-test.f execution, -Os === g77 Summary === # of expected passes 477 # of unexpected failures 19 # of untested testcases 5 === objc tests === Running target unix FAIL: objc/execute/bf-1.m compilation, -O FAIL: objc/execute/bf-10.m compilation, -O FAIL: objc/execute/bf-11.m compilation, -O FAIL: objc/execute/bf-12.m compilation, -O FAIL: objc/execute/bf-13.m compilation, -O FAIL: objc/execute/bf-14.m compilation, -O FAIL: objc/execute/bf-15.m compilation, -O FAIL: objc/execute/bf-16.m compilation, -O FAIL: objc/execute/bf-17.m compilation, -O FAIL: objc/execute/bf-18.m compilation, -O FAIL: objc/execute/bf-19.m compilation, -O FAIL: objc/execute/bf-2.m compilation, -O FAIL: objc/execute/bf-3.m compilation, -O FAIL: objc/execute/bf-4.m compilation, -O FAIL: objc/execute/bf-5.m compilation, -O FAIL: objc/execute/bf-6.m compilation, -O FAIL: objc/execute/bf-7.m compilation, -O FAIL: objc/execute/bf-8.m compilation, -O FAIL: objc/execute/bf-9.m compilation, -O === objc Summary === # of unexpected failures 19 # of untested testcases 19 /devel/tmp/egcs-19990307.obj/gcc/xgcc version egcs-2.93.11 19990307 (gcc2 ss-980929 experimental) Compiler version: egcs-2.93.11 19990307 (gcc2 ss-980929 experimental) Platform: rs6000-ibm-aix4.2.0.0 configure flags: --with-gcc-version-trigger=/devel/tmp/egcs-19990307/gcc/version.c --host=rs6000-ibm-aix4.2.0.0 --norecursion Counting all warnings, there are 458 warnings in stage3 of this bootstrap. Number of warnings per file: 95 ../../egcs-19990307/gcc/toplev.c 19 ../../egcs-19990307/gcc/cccp.c 15 ../../egcs-19990307/gcc/objc/objc-act.c 13 ../../egcs-19990307/gcc/loop.c 13 ../../egcs-19990307/gcc/cse.c 12 ../../egcs-19990307/gcc/reload1.c 12 ../../egcs-19990307/gcc/integrate.c 12 ../../../egcs-19990307/gcc/java/lex.c 12 ../../../egcs-19990307/gcc/java/javaop.def 11 ./parse.y 11 ../../egcs-19990307/gcc/config/rs6000/rs6000.c 11 ../../../egcs-19990307/gcc/java/jcf-reader.c 11 ../../../egcs-19990307/gcc/java/gjavah.c 11 ../../../egcs-19990307/gcc/java/expr.c 10 ../../egcs-19990307/gcc/fold-const.c 10 ../../../egcs-19990307/gcc/java/jcf-dump.c 9 ../../egcs-19990307/gcc/varasm.c 8 ../../egcs-19990307/gcc/reload.c 7 ../../egcs-19990307/gcc/unroll.c 7 ../../egcs-19990307/gcc/combine.c 7 ../../egcs-19990307/gcc/calls.c 6 ../../egcs-19990307/gcc/optabs.c 6 ../../egcs-19990307/gcc/expr.c 6 ../../egcs-19990307/gcc/dbxout.c 6 ../../egcs-19990307/gcc/collect2.c 6 ../../egcs-19990307/gcc/c-lex.c 6 ../../../egcs-19990307/gcc/java/class.c 6 ../../../egcs-19990307/gcc/cp/lex.c 5 ../../egcs-19990307/gcc/regmove.c 5 ../../../egcs-19990307/gcc/java/verify.c 4 cexp.y 4 ../../egcs-19990307/gcc/protoize.c 4 ../../egcs-19990307/gcc/final.c 4 ../../../egcs-19990307/gcc/java/parse.h 4 ../../../egcs-19990307/gcc/java/lex.h 3 gcj.c 3 g77.c 3 g++.c 3 ../../egcs-19990307/gcc/stmt.c 3 ../../egcs-19990307/gcc/local-alloc.c 3 ../../egcs-19990307/gcc/genopinit.c 3 ../../egcs-19990307/gcc/gcc.c 3 ../../egcs-19990307/gcc/function.c 3 ../../../egcs-19990307/gcc/java/jcf-write.c 3 ../../../egcs-19990307/gcc/cp/search.c 2 insn-recog.c 2 ../../egcs-19990307/gcc/tree.c 2 ../../egcs-19990307/gcc/gcov.c 2 ../../egcs-19990307/gcc/fix-header.c 2 ../../egcs-19990307/gcc/explow.c 2 ../../egcs-19990307/gcc/cppexp.c 2 ../../egcs-19990307/gcc/alias.c 2 ../../../egcs-19990307/gcc/java/typeck.c 1 splay-tree.c 1 insn-emit.c 1 cxxmain.c 1 ../../egcs-19990307/gcc/tlink.c 1 ../../egcs-19990307/gcc/stupid.c 1 ../../egcs-19990307/gcc/scan-decls.c 1 ../../egcs-19990307/gcc/regclass.c 1 ../../egcs-19990307/gcc/jump.c 1 ../../egcs-19990307/gcc/java/jvspec.c 1 ../../egcs-19990307/gcc/hash.c 1 ../../egcs-19990307/gcc/graph.c 1 ../../egcs-19990307/gcc/genattrtab.c 1 ../../egcs-19990307/gcc/gcov-io.h 1 ../../egcs-19990307/gcc/f/g77spec.c 1 ../../egcs-19990307/gcc/emit-rtl.c 1 ../../egcs-19990307/gcc/cpphash.c 1 ../../../egcs-19990307/gcc/java/jvgenmain.c 1 ../../../egcs-19990307/gcc/java/jcf-io.c 1 ../../../egcs-19990307/gcc/java/decl.c 1 ../../../egcs-19990307/gcc/java/constants.c 1 ../../../egcs-19990307/gcc/cp/pt.c 1 ../../../egcs-19990307/gcc/cp/expr.c 1 ../../../egcs-19990307/gcc/cp/decl.c 1 ../../../egcs-19990307/gcc/ch/expr.c Number of warning types: 117 \`???' might be used uninitialized in this function 62 unused parameter \`???' 55 comparison between signed and unsigned 49 missing initializer 49 (near initialization for \`???') 27 variable \`???' might be clobbered by \`longjmp' or \`vfork' 25 unused variable \`???' 22 statement with no effect 20 implicit declaration of function \`???' 14 ??? format, ??? arg (arg ???) 8 \`???' declared \`static' but never defined 5 argument \`???' might be clobbered by \`longjmp' or \`vfork' 3 \`???' defined but not used 1 value computed is not used 1 label \`???' defined but not used