This is the mail archive of the egcs-testresults@egcs.cygnus.com mailing list for the EGCS project. See the EGCS home page for more information.
Results for egcs-2.91.63 19990224 (egcs-1.1.2 pre-release-3) testsuite on alpha-dec-osf3.2 Native configuration is alpha-dec-osf3.2 === libio tests === Running target unix === libio Summary === # of expected passes 40 === libstdc++ tests === Running target unix === libstdc++ Summary === # of expected passes 30 === gcc tests === Running target unix FAIL: gcc.c-torture/execute/980526-1.c execution, -O2 -fomit-frame-pointer -finline-functions FAIL: gcc.c-torture/execute/complex-5.c execution, -O0 FAIL: gcc.c-torture/execute/complex-5.c execution, -O1 FAIL: gcc.c-torture/execute/complex-5.c execution, -O2 FAIL: gcc.c-torture/execute/complex-5.c execution, -O2 -fomit-frame-pointer -finline-functions FAIL: gcc.c-torture/execute/complex-5.c execution, -O2 -g FAIL: gcc.c-torture/execute/complex-5.c execution, -Os FAIL: gcc.c-torture/execute/ieee/mzero2.c execution, -O0 FAIL: gcc.c-torture/execute/ieee/mzero2.c execution, -O1 FAIL: gcc.c-torture/execute/ieee/mzero2.c execution, -O2 FAIL: gcc.c-torture/execute/ieee/mzero2.c execution, -O2 -fomit-frame-pointer -finline-functions FAIL: gcc.c-torture/execute/ieee/mzero2.c execution, -O2 -g FAIL: gcc.c-torture/execute/ieee/mzero2.c execution, -Os FAIL: gcc.dg/980626-1.c (test for excess errors) === gcc Summary === # of expected passes 7484 # of unexpected failures 14 # of expected failures 7 # of unsupported tests 18 /usr1/users/rdb/src/egcs-1.1.2-pre3.obj/gcc/xgcc version egcs-2.91.63 19990224 (egcs-1.1.2 pre-release-3) === g++ tests === Running target unix XPASS: g++.benjamin/p12475.C (test for excess errors) XPASS: g++.brendan/array1.C overflow in array dimension.* , (test for errors, line 6) FAIL: g++.jason/thunk2.C (test for excess errors) XPASS: g++.jason/thunk3.C (test for excess errors) XPASS: g++.jason/thunk3.C Execution test XPASS: g++.law/profile1.C (test for excess errors) XPASS: g++.law/profile1.C Execution test FAIL: g++.other/new.C (test for excess errors) FAIL: g++.other/new2.C (test for excess errors) FAIL: g++.pt/static3.C (test for excess errors) XPASS: g++.robertl/eb132.C (test for excess errors) FAIL: g++.robertl/eb15.C (test for excess errors) FAIL: g++.robertl/eb2.C (test for excess errors) FAIL: g++.robertl/eb71.C (test for excess errors) FAIL: g++.robertl/eb91.C (test for excess errors) === g++ Summary === # of expected passes 4206 # of unexpected failures 8 # of unexpected successes 7 # of expected failures 86 # of untested testcases 7 /usr1/users/rdb/src/egcs-1.1.2-pre3.obj/gcc/testsuite/../xgcc version egcs-2.91.63 19990224 (egcs-1.1.2 pre-release-3) === g77 tests === Running target unix FAIL: g77.f-torture/execute/auto0.f execution, -Os === g77 Summary === # of expected passes 414 # of unexpected failures 1 Compiler version: egcs-2.91.63 19990224 (egcs-1.1.2 pre-release-3) Platform: alpha-dec-osf3.2 configure flags: --with-gcc-version-trigger=/tmp_mnt/net/reckless/devel/tmp/egcs-1.1.2-pre3/gcc/v ersion.c --host=alpha-dec-osf3.2 --norecursion There are 129 warnings in stage3 of this bootstrap. Number of warnings per file: 49 /net/reckless/devel/tmp/egcs-1.1.2-pre3/gcc/f/stb.c 34 /net/reckless/devel/tmp/egcs-1.1.2-pre3/gcc/f/intrin.c 9 include/va_list.h 9 include/va-alpha.h 8 /net/reckless/devel/tmp/egcs-1.1.2-pre3/gcc/f/expr.c 7 /net/reckless/devel/tmp/egcs-1.1.2-pre3/gcc/f/lex.c 5 /net/reckless/devel/tmp/egcs-1.1.2-pre3/gcc/f/bad.c 2 /net/reckless/devel/tmp/egcs-1.1.2-pre3/gcc/objc/selector.c 2 /net/reckless/devel/tmp/egcs-1.1.2-pre3/gcc/f/com.c 1 /net/reckless/devel/tmp/egcs-1.1.2-pre3/gcc/f/where.c 1 /net/reckless/devel/tmp/egcs-1.1.2-pre3/gcc/f/top.c 1 /net/reckless/devel/tmp/egcs-1.1.2-pre3/gcc/f/malloc.c 1 /net/reckless/devel/tmp/egcs-1.1.2-pre3/gcc/f/implic.c Number of warning types: 63 \`???' might be used uninitialized in this function 42 subscript has type \`char' 9 redefinition of \`???' 9 \`???' previously declared here 3 missing initializer for \`???' 2 type mismatch in implicit declaration for built-in function \`???' 1 unused parameter \`???'