This is the mail archive of the egcs-testresults@egcs.cygnus.com mailing list for the EGCS project. See the EGCS home page for more information.
Native configuration is alpha-unknown-linux-gnu === g++ tests === Running target unix XPASS: g++.benjamin/p12475.C (test for excess errors) XPASS: g++.brendan/array1.C overflow in array dimension.* , (test for errors, line 6) XPASS: g++.jason/thunk3.C (test for excess errors) XPASS: g++.jason/thunk3.C Execution test XPASS: g++.law/profile1.C (test for excess errors) XPASS: g++.law/profile1.C Execution test FAIL: g++.other/new.C (test for excess errors) FAIL: g++.other/new2.C (test for excess errors) XPASS: g++.robertl/eb132.C (test for excess errors) FAIL: g++.robertl/eb15.C (test for excess errors) FAIL: g++.robertl/eb2.C (test for excess errors) FAIL: g++.robertl/eb71.C (test for excess errors) === g++ Summary === # of expected passes 4210 # of unexpected failures 5 # of unexpected successes 7 # of expected failures 85 # of untested testcases 7 /tmp/egcs-1.1/gcc/testsuite/../xgcc version egcs-2.91.63 19990224 (egcs-1.1.2 pre-release-3) === g77 tests === Running target unix FAIL: g77.f-torture/execute/auto0.f execution, -Os === g77 Summary === # of expected passes 414 # of unexpected failures 1 === gcc tests === Running target unix FAIL: gcc.c-torture/execute/980526-1.c execution, -O2 -fomit-frame-pointer -finline-functions FAIL: gcc.c-torture/execute/complex-5.c execution, -O0 FAIL: gcc.c-torture/execute/complex-5.c execution, -O1 FAIL: gcc.c-torture/execute/complex-5.c execution, -O2 FAIL: gcc.c-torture/execute/complex-5.c execution, -O2 -fomit-frame-pointer -finline-functions FAIL: gcc.c-torture/execute/complex-5.c execution, -O2 -g FAIL: gcc.c-torture/execute/complex-5.c execution, -Os FAIL: gcc.c-torture/execute/ieee/mzero2.c execution, -O0 FAIL: gcc.c-torture/execute/ieee/mzero2.c execution, -O1 FAIL: gcc.c-torture/execute/ieee/mzero2.c execution, -O2 FAIL: gcc.c-torture/execute/ieee/mzero2.c execution, -O2 -fomit-frame-pointer -finline-functions FAIL: gcc.c-torture/execute/ieee/mzero2.c execution, -O2 -g FAIL: gcc.c-torture/execute/ieee/mzero2.c execution, -Os FAIL: gcc.dg/980626-1.c (test for excess errors) === gcc Summary === # of expected passes 7484 # of unexpected failures 14 # of expected failures 7 # of unsupported tests 18 /tmp/egcs-1.1/gcc/xgcc version egcs-2.91.63 19990224 (egcs-1.1.2 pre-release-3) === libio tests === Running target unix === libio Summary === # of expected passes 40 === libstdc++ tests === Running target unix === libstdc++ Summary === # of expected passes 30 Compiler version: egcs-2.91.63 19990224 (egcs-1.1.2 pre-release-3) Platform: alpha-unknown-linux-gnu BOOT_CFLAGS: -g -O9 -W -Wall Counting all warnings, there are 1033 warnings in stage3 of this bootstrap. Number of warnings per file: 97 /home/phd/oliva/src/egcs-1.1/gcc/cp/hash.h 69 /home/phd/oliva/src/egcs-1.1/gcc/c-gperf.h 47 /home/phd/oliva/src/egcs-1.1/gcc/cse.c 45 /home/phd/oliva/src/egcs-1.1/gcc/toplev.c 41 insn-recog.c 35 /home/phd/oliva/src/egcs-1.1/gcc/reload.c 34 /home/phd/oliva/src/egcs-1.1/gcc/combine.c 31 /home/phd/oliva/src/egcs-1.1/gcc/f/intrin.c 31 /home/phd/oliva/src/egcs-1.1/gcc/c-lex.c 29 /home/phd/oliva/src/egcs-1.1/gcc/reload1.c 24 g77.c 24 g++.c 24 /home/phd/oliva/src/egcs-1.1/gcc/gcc.c 21 /home/phd/oliva/src/egcs-1.1/gcc/objc/objc-act.c 21 /home/phd/oliva/src/egcs-1.1/gcc/f/stb.c 21 /home/phd/oliva/src/egcs-1.1/gcc/expr.c 20 /home/phd/oliva/src/egcs-1.1/gcc/cp/lex.c 18 /home/phd/oliva/src/egcs-1.1/gcc/fold-const.c 18 /home/phd/oliva/src/egcs-1.1/gcc/expmed.c 16 insn-emit.c 16 /home/phd/oliva/src/egcs-1.1/gcc/cp/call.c 14 /home/phd/oliva/src/egcs-1.1/gcc/stmt.c 13 cxxmain.c 13 /home/phd/oliva/src/egcs-1.1/gcc/varasm.c 13 /home/phd/oliva/src/egcs-1.1/gcc/cplus-dem.c 12 /home/phd/oliva/src/egcs-1.1/gcc/objc/archive.c 11 /home/phd/oliva/src/egcs-1.1/gcc/cp/pt.c 10 /home/phd/oliva/src/egcs-1.1/gcc/stor-layout.c 10 /home/phd/oliva/src/egcs-1.1/gcc/integrate.c 10 /home/phd/oliva/src/egcs-1.1/gcc/emit-rtl.c 9 /home/phd/oliva/src/egcs-1.1/gcc/rtl.c 9 /home/phd/oliva/src/egcs-1.1/gcc/optabs.c 9 /home/phd/oliva/src/egcs-1.1/gcc/global.c 9 /home/phd/oliva/src/egcs-1.1/gcc/alias.c 8 /home/phd/oliva/src/egcs-1.1/gcc/tree.c 8 /home/phd/oliva/src/egcs-1.1/gcc/regclass.c 8 /home/phd/oliva/src/egcs-1.1/gcc/flow.c 8 /home/phd/oliva/src/egcs-1.1/gcc/f/expr.c 7 /home/phd/oliva/src/egcs-1.1/gcc/pexecute.c 7 /home/phd/oliva/src/egcs-1.1/gcc/dbxout.c 7 /home/phd/oliva/src/egcs-1.1/gcc/config/alpha/alpha.c 7 /home/phd/oliva/src/egcs-1.1/gcc/cccp.c 7 /home/phd/oliva/src/egcs-1.1/gcc/calls.c 6 /home/phd/oliva/src/egcs-1.1/gcc/unroll.c 6 /home/phd/oliva/src/egcs-1.1/gcc/sdbout.c 6 /home/phd/oliva/src/egcs-1.1/gcc/jump.c 6 /home/phd/oliva/src/egcs-1.1/gcc/cp/decl2.c 5 /home/phd/oliva/src/egcs-1.1/gcc/regmove.c 5 /home/phd/oliva/src/egcs-1.1/gcc/loop.c 5 /home/phd/oliva/src/egcs-1.1/gcc/local-alloc.c 5 /home/phd/oliva/src/egcs-1.1/gcc/genattrtab.c 5 /home/phd/oliva/src/egcs-1.1/gcc/final.c 5 /home/phd/oliva/src/egcs-1.1/gcc/cp/cvt.c 4 cexp.y 4 /home/phd/oliva/src/egcs-1.1/gcc/protoize.c 4 /home/phd/oliva/src/egcs-1.1/gcc/objc/selector.c 4 /home/phd/oliva/src/egcs-1.1/gcc/objc/sarray.c 4 /home/phd/oliva/src/egcs-1.1/gcc/function.c 4 /home/phd/oliva/src/egcs-1.1/gcc/c-decl.c 3 insn-output.c 3 /home/phd/oliva/src/egcs-1.1/gcc/objc/Object.m 3 /home/phd/oliva/src/egcs-1.1/gcc/haifa-sched.c 3 /home/phd/oliva/src/egcs-1.1/gcc/genrecog.c 3 /home/phd/oliva/src/egcs-1.1/gcc/genopinit.c 3 /home/phd/oliva/src/egcs-1.1/gcc/cp/spew.c 3 /home/phd/oliva/src/egcs-1.1/gcc/cp/init.c 3 /home/phd/oliva/src/egcs-1.1/gcc/cp/decl.c 3 /home/phd/oliva/src/egcs-1.1/gcc/c-common.c 2 /home/phd/oliva/src/egcs-1.1/gcc/tlink.c 2 /home/phd/oliva/src/egcs-1.1/gcc/objc/init.c 2 /home/phd/oliva/src/egcs-1.1/gcc/gcov-io.h 2 /home/phd/oliva/src/egcs-1.1/gcc/f/lex.c 2 /home/phd/oliva/src/egcs-1.1/gcc/f/com.c 2 /home/phd/oliva/src/egcs-1.1/gcc/explow.c 2 /home/phd/oliva/src/egcs-1.1/gcc/cp/expr.c 2 /home/phd/oliva/src/egcs-1.1/gcc/collect2.c 2 /home/phd/oliva/src/egcs-1.1/gcc/caller-save.c 2 /home/phd/oliva/src/egcs-1.1/gcc/bitmap.c 1 /home/phd/oliva/src/egcs-1.1/gcc/stupid.c 1 /home/phd/oliva/src/egcs-1.1/gcc/recog.c 1 /home/phd/oliva/src/egcs-1.1/gcc/objc/thr-posix.c 1 /home/phd/oliva/src/egcs-1.1/gcc/objc/nil_method.c 1 /home/phd/oliva/src/egcs-1.1/gcc/mkstemp.c 1 /home/phd/oliva/src/egcs-1.1/gcc/hash.c 1 /home/phd/oliva/src/egcs-1.1/gcc/gengenrtl.c 1 /home/phd/oliva/src/egcs-1.1/gcc/gencheck.c 1 /home/phd/oliva/src/egcs-1.1/gcc/f/where.c 1 /home/phd/oliva/src/egcs-1.1/gcc/f/top.c 1 /home/phd/oliva/src/egcs-1.1/gcc/f/malloc.c 1 /home/phd/oliva/src/egcs-1.1/gcc/f/g77spec.c 1 /home/phd/oliva/src/egcs-1.1/gcc/cp/typeck.c 1 /home/phd/oliva/src/egcs-1.1/gcc/cp/search.c 1 /home/phd/oliva/src/egcs-1.1/gcc/cp/method.c 1 /home/phd/oliva/src/egcs-1.1/gcc/convert.c 1 /home/phd/oliva/src/egcs-1.1/gcc/choose-temp.c Number of warning types: 357 `???' might be used uninitialized in this function 254 missing initializer for `???' 180 comparison between signed and unsigned 110 unused parameter `???' 39 label `???' defined but not used 25 variable `???' might be clobbered by `longjmp' or `vfork' 24 unused variable `???' 15 implicit declaration of function `???' 12 array subscript has type `char' 7 argument `???' might be clobbered by `longjmp' or `vfork' 2 type mismatch in implicit declaration for built-in function `???' 2 ??? format, ??? arg (arg ???) 1 value computed is not used 1 unsigned value < 0 is always 0 1 suggest parentheses around assignment used as truth value 1 suggest explicit braces to avoid ambiguous `else' 1 empty body in an else-statement 1 `???' defined but not used