This is the mail archive of the egcs-testresults@egcs.cygnus.com mailing list for the EGCS project. See the EGCS home page for more information.
Target is mips-sgi-irix6.2/-mabi=64 Host is mips-sgi-irix6.2 === gcc tests === Running target unix FAIL: gcc.c-torture/execute/980526-1.c execution, -O2 -fomit-frame-pointer -finline-functions FAIL: gcc.c-torture/execute/complex-5.c execution, -O0 FAIL: gcc.c-torture/execute/complex-5.c execution, -O1 FAIL: gcc.c-torture/execute/complex-5.c execution, -O2 FAIL: gcc.c-torture/execute/complex-5.c execution, -O2 -fomit-frame-pointer -finline-functions FAIL: gcc.c-torture/execute/complex-5.c execution, -O2 -g FAIL: gcc.c-torture/execute/complex-5.c execution, -Os FAIL: gcc.dg/980626-1.c (test for excess errors) === gcc Summary === # of expected passes 7471 # of unexpected failures 8 # of expected failures 7 # of unsupported tests 21 /exd4/billingd/tmp/egcs-1.1.2-pre3/bin/gcc version egcs-2.91.63 19990224 (egcs-1.1.2 pre-release-3) Host is mips-sgi-irix6.2 === g77 tests === Running target unix FAIL: g77.f-torture/compile/980419-2.f, -O0 FAIL: g77.f-torture/compile/980419-2.f, -O1 FAIL: g77.f-torture/compile/980419-2.f, -O2 FAIL: g77.f-torture/compile/980419-2.f, -O2 -fomit-frame-pointer -finline-functions FAIL: g77.f-torture/compile/980419-2.f, -O2 -fomit-frame-pointer -finline-functions -funroll-loops FAIL: g77.f-torture/compile/980419-2.f, -O2 -fomit-frame-pointer -finline-functions -funroll-all-loops FAIL: g77.f-torture/compile/980419-2.f, -Os FAIL: g77.f-torture/execute/970816-3.f compilation, -O0 FAIL: g77.f-torture/execute/970816-3.f compilation, -O1 FAIL: g77.f-torture/execute/970816-3.f compilation, -O2 FAIL: g77.f-torture/execute/970816-3.f compilation, -O2 -fomit-frame-pointer -finline-functions FAIL: g77.f-torture/execute/970816-3.f compilation, -Os FAIL: g77.f-torture/execute/971102-1.f compilation, -O0 FAIL: g77.f-torture/execute/971102-1.f compilation, -O1 FAIL: g77.f-torture/execute/971102-1.f compilation, -O2 FAIL: g77.f-torture/execute/971102-1.f compilation, -O2 -fomit-frame-pointer -finline-functions FAIL: g77.f-torture/execute/971102-1.f compilation, -O2 -fomit-frame-pointer -finline-functions -funroll-loops FAIL: g77.f-torture/execute/971102-1.f compilation, -O2 -fomit-frame-pointer -finline-functions -funroll-all-loops FAIL: g77.f-torture/execute/971102-1.f compilation, -Os FAIL: g77.f-torture/execute/980520-1.f compilation, -O0 FAIL: g77.f-torture/execute/980520-1.f compilation, -O1 FAIL: g77.f-torture/execute/980520-1.f compilation, -O2 FAIL: g77.f-torture/execute/980520-1.f compilation, -O2 -fomit-frame-pointer -finline-functions FAIL: g77.f-torture/execute/980520-1.f compilation, -Os FAIL: g77.f-torture/execute/980628-0.f compilation, -O0 FAIL: g77.f-torture/execute/980628-0.f compilation, -O1 FAIL: g77.f-torture/execute/980628-0.f compilation, -O2 FAIL: g77.f-torture/execute/980628-0.f compilation, -O2 -fomit-frame-pointer -finline-functions FAIL: g77.f-torture/execute/980628-0.f compilation, -Os FAIL: g77.f-torture/execute/980628-1.f compilation, -O0 FAIL: g77.f-torture/execute/980628-1.f compilation, -O1 FAIL: g77.f-torture/execute/980628-1.f compilation, -O2 FAIL: g77.f-torture/execute/980628-1.f compilation, -O2 -fomit-frame-pointer -finline-functions FAIL: g77.f-torture/execute/980628-1.f compilation, -Os FAIL: g77.f-torture/execute/980628-10.f compilation, -O0 FAIL: g77.f-torture/execute/980628-10.f compilation, -O1 FAIL: g77.f-torture/execute/980628-10.f compilation, -O2 FAIL: g77.f-torture/execute/980628-10.f compilation, -O2 -fomit-frame-pointer -finline-functions FAIL: g77.f-torture/execute/980628-10.f compilation, -Os FAIL: g77.f-torture/execute/980628-2.f compilation, -O0 FAIL: g77.f-torture/execute/980628-2.f compilation, -O1 FAIL: g77.f-torture/execute/980628-2.f compilation, -O2 FAIL: g77.f-torture/execute/980628-2.f compilation, -O2 -fomit-frame-pointer -finline-functions FAIL: g77.f-torture/execute/980628-2.f compilation, -Os FAIL: g77.f-torture/execute/980628-3.f compilation, -O0 FAIL: g77.f-torture/execute/980628-3.f compilation, -O1 FAIL: g77.f-torture/execute/980628-3.f compilation, -O2 FAIL: g77.f-torture/execute/980628-3.f compilation, -O2 -fomit-frame-pointer -finline-functions FAIL: g77.f-torture/execute/980628-3.f compilation, -Os FAIL: g77.f-torture/execute/980628-4.f compilation, -O0 FAIL: g77.f-torture/execute/980628-4.f compilation, -O1 FAIL: g77.f-torture/execute/980628-4.f compilation, -O2 FAIL: g77.f-torture/execute/980628-4.f compilation, -O2 -fomit-frame-pointer -finline-functions FAIL: g77.f-torture/execute/980628-4.f compilation, -Os FAIL: g77.f-torture/execute/980628-5.f compilation, -O0 FAIL: g77.f-torture/execute/980628-5.f compilation, -O1 FAIL: g77.f-torture/execute/980628-5.f compilation, -O2 FAIL: g77.f-torture/execute/980628-5.f compilation, -O2 -fomit-frame-pointer -finline-functions FAIL: g77.f-torture/execute/980628-5.f compilation, -Os FAIL: g77.f-torture/execute/980628-6.f compilation, -O0 FAIL: g77.f-torture/execute/980628-6.f compilation, -O1 FAIL: g77.f-torture/execute/980628-6.f compilation, -O2 FAIL: g77.f-torture/execute/980628-6.f compilation, -O2 -fomit-frame-pointer -finline-functions FAIL: g77.f-torture/execute/980628-6.f compilation, -Os FAIL: g77.f-torture/execute/980628-7.f compilation, -O0 FAIL: g77.f-torture/execute/980628-7.f compilation, -O1 FAIL: g77.f-torture/execute/980628-7.f compilation, -O2 FAIL: g77.f-torture/execute/980628-7.f compilation, -O2 -fomit-frame-pointer -finline-functions FAIL: g77.f-torture/execute/980628-7.f compilation, -Os FAIL: g77.f-torture/execute/980628-8.f compilation, -O0 FAIL: g77.f-torture/execute/980628-8.f compilation, -O1 FAIL: g77.f-torture/execute/980628-8.f compilation, -O2 FAIL: g77.f-torture/execute/980628-8.f compilation, -O2 -fomit-frame-pointer -finline-functions FAIL: g77.f-torture/execute/980628-8.f compilation, -Os FAIL: g77.f-torture/execute/980628-9.f compilation, -O0 FAIL: g77.f-torture/execute/980628-9.f compilation, -O1 FAIL: g77.f-torture/execute/980628-9.f compilation, -O2 FAIL: g77.f-torture/execute/980628-9.f compilation, -O2 -fomit-frame-pointer -finline-functions FAIL: g77.f-torture/execute/980628-9.f compilation, -Os FAIL: g77.f-torture/execute/980701-0.f compilation, -O0 FAIL: g77.f-torture/execute/980701-0.f compilation, -O1 FAIL: g77.f-torture/execute/980701-0.f compilation, -O2 FAIL: g77.f-torture/execute/980701-0.f compilation, -O2 -fomit-frame-pointer -finline-functions FAIL: g77.f-torture/execute/980701-0.f compilation, -Os FAIL: g77.f-torture/execute/980701-1.f compilation, -O0 FAIL: g77.f-torture/execute/980701-1.f compilation, -O1 FAIL: g77.f-torture/execute/980701-1.f compilation, -O2 FAIL: g77.f-torture/execute/980701-1.f compilation, -O2 -fomit-frame-pointer -finline-functions FAIL: g77.f-torture/execute/980701-1.f compilation, -Os FAIL: g77.f-torture/execute/alpha2.f compilation, -O0 FAIL: g77.f-torture/execute/alpha2.f compilation, -O1 FAIL: g77.f-torture/execute/alpha2.f compilation, -O2 FAIL: g77.f-torture/execute/alpha2.f compilation, -O2 -fomit-frame-pointer -finline-functions FAIL: g77.f-torture/execute/alpha2.f compilation, -Os FAIL: g77.f-torture/execute/auto0.f compilation, -O0 FAIL: g77.f-torture/execute/auto0.f compilation, -O1 FAIL: g77.f-torture/execute/auto0.f compilation, -O2 FAIL: g77.f-torture/execute/auto0.f compilation, -O2 -fomit-frame-pointer -finline-functions FAIL: g77.f-torture/execute/auto0.f compilation, -O2 -fomit-frame-pointer -finline-functions -funroll-loops FAIL: g77.f-torture/execute/auto0.f compilation, -O2 -fomit-frame-pointer -finline-functions -funroll-all-loops FAIL: g77.f-torture/execute/auto0.f compilation, -Os FAIL: g77.f-torture/execute/auto1.f compilation, -O0 FAIL: g77.f-torture/execute/auto1.f compilation, -O1 FAIL: g77.f-torture/execute/auto1.f compilation, -O2 FAIL: g77.f-torture/execute/auto1.f compilation, -O2 -fomit-frame-pointer -finline-functions FAIL: g77.f-torture/execute/auto1.f compilation, -O2 -fomit-frame-pointer -finline-functions -funroll-loops FAIL: g77.f-torture/execute/auto1.f compilation, -O2 -fomit-frame-pointer -finline-functions -funroll-all-loops FAIL: g77.f-torture/execute/auto1.f compilation, -Os FAIL: g77.f-torture/execute/cabs.f compilation, -O0 FAIL: g77.f-torture/execute/cabs.f compilation, -O1 FAIL: g77.f-torture/execute/cabs.f compilation, -O2 FAIL: g77.f-torture/execute/cabs.f compilation, -O2 -fomit-frame-pointer -finline-functions FAIL: g77.f-torture/execute/cabs.f compilation, -Os FAIL: g77.f-torture/execute/claus.f compilation, -O0 FAIL: g77.f-torture/execute/claus.f compilation, -O1 FAIL: g77.f-torture/execute/claus.f compilation, -O2 FAIL: g77.f-torture/execute/claus.f compilation, -O2 -fomit-frame-pointer -finline-functions FAIL: g77.f-torture/execute/claus.f compilation, -O2 -fomit-frame-pointer -finline-functions -funroll-loops FAIL: g77.f-torture/execute/claus.f compilation, -O2 -fomit-frame-pointer -finline-functions -funroll-all-loops FAIL: g77.f-torture/execute/claus.f compilation, -Os FAIL: g77.f-torture/execute/complex_1.f compilation, -O0 FAIL: g77.f-torture/execute/complex_1.f compilation, -O1 FAIL: g77.f-torture/execute/complex_1.f compilation, -O2 FAIL: g77.f-torture/execute/complex_1.f compilation, -O2 -fomit-frame-pointer -finline-functions FAIL: g77.f-torture/execute/complex_1.f compilation, -Os FAIL: g77.f-torture/execute/dcomplex.f compilation, -O0 FAIL: g77.f-torture/execute/dcomplex.f compilation, -O1 FAIL: g77.f-torture/execute/dcomplex.f compilation, -O2 FAIL: g77.f-torture/execute/dcomplex.f compilation, -O2 -fomit-frame-pointer -finline-functions FAIL: g77.f-torture/execute/dcomplex.f compilation, -Os FAIL: g77.f-torture/execute/dnrm2.f compilation, -O0 FAIL: g77.f-torture/execute/dnrm2.f compilation, -O1 FAIL: g77.f-torture/execute/dnrm2.f compilation, -O2 FAIL: g77.f-torture/execute/dnrm2.f compilation, -O2 -fomit-frame-pointer -finline-functions FAIL: g77.f-torture/execute/dnrm2.f compilation, -O2 -fomit-frame-pointer -finline-functions -funroll-loops FAIL: g77.f-torture/execute/dnrm2.f compilation, -O2 -fomit-frame-pointer -finline-functions -funroll-all-loops FAIL: g77.f-torture/execute/dnrm2.f compilation, -Os FAIL: g77.f-torture/execute/erfc.f compilation, -O0 FAIL: g77.f-torture/execute/erfc.f compilation, -O1 FAIL: g77.f-torture/execute/erfc.f compilation, -O2 FAIL: g77.f-torture/execute/erfc.f compilation, -O2 -fomit-frame-pointer -finline-functions FAIL: g77.f-torture/execute/erfc.f compilation, -Os FAIL: g77.f-torture/execute/exp.f compilation, -O0 FAIL: g77.f-torture/execute/exp.f compilation, -O1 FAIL: g77.f-torture/execute/exp.f compilation, -O2 FAIL: g77.f-torture/execute/exp.f compilation, -O2 -fomit-frame-pointer -finline-functions FAIL: g77.f-torture/execute/exp.f compilation, -Os FAIL: g77.f-torture/execute/io0.f compilation, -O0 FAIL: g77.f-torture/execute/io0.f compilation, -O1 FAIL: g77.f-torture/execute/io0.f compilation, -O2 FAIL: g77.f-torture/execute/io0.f compilation, -O2 -fomit-frame-pointer -finline-functions FAIL: g77.f-torture/execute/io0.f compilation, -Os FAIL: g77.f-torture/execute/large_vec.f compilation, -O0 FAIL: g77.f-torture/execute/large_vec.f compilation, -O1 FAIL: g77.f-torture/execute/large_vec.f compilation, -O2 FAIL: g77.f-torture/execute/large_vec.f compilation, -O2 -fomit-frame-pointer -finline-functions FAIL: g77.f-torture/execute/large_vec.f compilation, -Os FAIL: g77.f-torture/execute/le.f compilation, -O0 FAIL: g77.f-torture/execute/le.f compilation, -O1 FAIL: g77.f-torture/execute/le.f compilation, -O2 FAIL: g77.f-torture/execute/le.f compilation, -O2 -fomit-frame-pointer -finline-functions FAIL: g77.f-torture/execute/le.f compilation, -Os FAIL: g77.f-torture/execute/short.f compilation, -O0 FAIL: g77.f-torture/execute/short.f compilation, -O1 FAIL: g77.f-torture/execute/short.f compilation, -O2 FAIL: g77.f-torture/execute/short.f compilation, -O2 -fomit-frame-pointer -finline-functions FAIL: g77.f-torture/execute/short.f compilation, -O2 -fomit-frame-pointer -finline-functions -funroll-loops FAIL: g77.f-torture/execute/short.f compilation, -O2 -fomit-frame-pointer -finline-functions -funroll-all-loops FAIL: g77.f-torture/execute/short.f compilation, -Os FAIL: g77.f-torture/execute/cpp.F compilation, -O0 FAIL: g77.f-torture/execute/cpp.F compilation, -O1 FAIL: g77.f-torture/execute/cpp.F compilation, -O2 FAIL: g77.f-torture/execute/cpp.F compilation, -O2 -fomit-frame-pointer -finline-functions FAIL: g77.f-torture/execute/cpp.F compilation, -Os === g77 Summary === # of expected passes 74 # of unexpected failures 174 # of untested testcases 167 Host is mips-sgi-irix6.2 === g++ tests === Running target unix FAIL: g++.benjamin/p12475.C , (test for warnings, line 5) FAIL: g++.other/new.C (test for excess errors) FAIL: g++.other/new2.C (test for excess errors) XPASS: g++.robertl/eb132.C (test for excess errors) FAIL: g++.robertl/eb15.C (test for excess errors) FAIL: g++.robertl/eb2.C (test for excess errors) FAIL: g++.robertl/eb71.C (test for excess errors) === g++ Summary === # of expected passes 4209 # of unexpected failures 6 # of unexpected successes 1 # of expected failures 85 # of untested testcases 11 /exd4/billingd/tmp/egcs-1.1.2-pre3/bin/g++ version egcs-2.91.63 19990224 (egcs-1.1.2 pre-release-3) Compiler version: haifa-enabled egcs-2.91.63 19990224 (egcs-1.1.2 pre-release-3) Platform: mips-sgi-irix6.2/-mabi configure flags: --with-gcc-version-trigger=/exd4/billingd/src/egcs-1.1.2-pre3/gcc/version.c --host=mips-sgi-irix6.2 --enable-shared --enable-haifa --prefix=/exd4/billingd/tmp/egcs-1.1.2-pre3 --norecursion