This is the mail archive of the egcs-testresults@egcs.cygnus.com mailing list for the EGCS project. See the EGCS home page for more information.
Native configuration is alphaev56-dec-osf4.0d === g++ tests === Running target unix XPASS: g++.benjamin/p12475.C (test for excess errors) XPASS: g++.brendan/array1.C overflow in array dimension.* , (test for errors, line 6) FAIL: g++.jason/thunk2.C (test for excess errors) XPASS: g++.jason/thunk3.C (test for excess errors) XPASS: g++.jason/thunk3.C Execution test XPASS: g++.law/profile1.C (test for excess errors) XPASS: g++.law/profile1.C Execution test FAIL: g++.other/new.C (test for excess errors) FAIL: g++.other/new2.C (test for excess errors) FAIL: g++.pt/static3.C (test for excess errors) XPASS: g++.robertl/eb132.C (test for excess errors) FAIL: g++.robertl/eb15.C (test for excess errors) FAIL: g++.robertl/eb2.C (test for excess errors) FAIL: g++.robertl/eb71.C (test for excess errors) FAIL: g++.robertl/eb91.C (test for excess errors) === g++ Summary === # of expected passes 4206 # of unexpected failures 8 # of unexpected successes 7 # of expected failures 86 # of untested testcases 7 /usr/local/tmp/egcs-1.1/gcc/testsuite/../xgcc version egcs-2.91.63 19990224 (egcs-1.1.2 pre-release-3) === g77 tests === Running target unix FAIL: g77.f-torture/execute/auto0.f execution, -Os === g77 Summary === # of expected passes 414 # of unexpected failures 1 === gcc tests === Running target unix FAIL: gcc.c-torture/execute/980526-1.c execution, -O2 -fomit-frame-pointer -finline-functions FAIL: gcc.c-torture/execute/complex-5.c execution, -O0 FAIL: gcc.c-torture/execute/complex-5.c execution, -O1 FAIL: gcc.c-torture/execute/complex-5.c execution, -O2 FAIL: gcc.c-torture/execute/complex-5.c execution, -O2 -fomit-frame-pointer -finline-functions FAIL: gcc.c-torture/execute/complex-5.c execution, -O2 -g FAIL: gcc.c-torture/execute/complex-5.c execution, -Os FAIL: gcc.c-torture/execute/ieee/mzero2.c execution, -O0 FAIL: gcc.c-torture/execute/ieee/mzero2.c execution, -O1 FAIL: gcc.c-torture/execute/ieee/mzero2.c execution, -O2 FAIL: gcc.c-torture/execute/ieee/mzero2.c execution, -O2 -fomit-frame-pointer -finline-functions FAIL: gcc.c-torture/execute/ieee/mzero2.c execution, -O2 -g FAIL: gcc.c-torture/execute/ieee/mzero2.c execution, -Os FAIL: gcc.dg/980626-1.c (test for excess errors) === gcc Summary === # of expected passes 7484 # of unexpected failures 14 # of expected failures 7 # of unsupported tests 18 /usr/local/tmp/egcs-1.1/gcc/xgcc version egcs-2.91.63 19990224 (egcs-1.1.2 pre-release-3) === libio tests === Running target unix === libio Summary === # of expected passes 40 === libstdc++ tests === Running target unix === libstdc++ Summary === # of expected passes 30 Compiler version: egcs-2.91.63 19990224 (egcs-1.1.2 pre-release-3) Platform: alphaev56-dec-osf4.0d BOOT_CFLAGS: -g -O9 -W -Wall Counting all warnings, there are 2648 warnings in stage3 of this bootstrap. Number of warnings per file: 1348 xsys-protos.h 97 /home/msc/oliva/src/egcs-1.1/gcc/cp/hash.h 69 /home/msc/oliva/src/egcs-1.1/gcc/c-gperf.h 49 /home/msc/oliva/src/egcs-1.1/gcc/protoize.c 49 /home/msc/oliva/src/egcs-1.1/gcc/f/stb.c 46 /home/msc/oliva/src/egcs-1.1/gcc/cse.c 44 /home/msc/oliva/src/egcs-1.1/gcc/toplev.c 41 insn-recog.c 41 /home/msc/oliva/src/egcs-1.1/gcc/cpplib.c 35 /home/msc/oliva/src/egcs-1.1/gcc/reload.c 34 /home/msc/oliva/src/egcs-1.1/gcc/f/intrin.c 34 /home/msc/oliva/src/egcs-1.1/gcc/combine.c 32 g77.c 32 g++.c 32 cxxmain.c 32 /home/msc/oliva/src/egcs-1.1/gcc/gcc.c 32 /home/msc/oliva/src/egcs-1.1/gcc/cplus-dem.c 29 /home/msc/oliva/src/egcs-1.1/gcc/reload1.c 21 /home/msc/oliva/src/egcs-1.1/gcc/objc/objc-act.c 21 /home/msc/oliva/src/egcs-1.1/gcc/expr.c 19 /home/msc/oliva/src/egcs-1.1/gcc/varasm.c 19 /home/msc/oliva/src/egcs-1.1/gcc/mips-tfile.c 19 /home/msc/oliva/src/egcs-1.1/gcc/cp/lex.c 18 /home/msc/oliva/src/egcs-1.1/gcc/expmed.c 17 /home/msc/oliva/src/egcs-1.1/gcc/fold-const.c 16 insn-emit.c 16 /home/msc/oliva/src/egcs-1.1/gcc/objc/archive.c 16 /home/msc/oliva/src/egcs-1.1/gcc/cp/call.c 16 /home/msc/oliva/src/egcs-1.1/gcc/c-lex.c 14 /home/msc/oliva/src/egcs-1.1/gcc/stmt.c 14 /home/msc/oliva/src/egcs-1.1/gcc/objc/thr-single.c 11 /home/msc/oliva/src/egcs-1.1/gcc/cp/pt.c 10 /home/msc/oliva/src/egcs-1.1/gcc/stor-layout.c 10 /home/msc/oliva/src/egcs-1.1/gcc/optabs.c 10 /home/msc/oliva/src/egcs-1.1/gcc/integrate.c 10 /home/msc/oliva/src/egcs-1.1/gcc/emit-rtl.c 9 include/va_list.h 9 include/va-alpha.h 9 /home/msc/oliva/src/egcs-1.1/gcc/global.c 9 /home/msc/oliva/src/egcs-1.1/gcc/alias.c 8 /home/msc/oliva/src/egcs-1.1/gcc/regclass.c 8 /home/msc/oliva/src/egcs-1.1/gcc/f/expr.c 8 /home/msc/oliva/src/egcs-1.1/gcc/config/alpha/alpha.c 7 /home/msc/oliva/src/egcs-1.1/gcc/tree.c 7 /home/msc/oliva/src/egcs-1.1/gcc/pexecute.c 7 /home/msc/oliva/src/egcs-1.1/gcc/genopinit.c 7 /home/msc/oliva/src/egcs-1.1/gcc/flow.c 7 /home/msc/oliva/src/egcs-1.1/gcc/f/lex.c 7 /home/msc/oliva/src/egcs-1.1/gcc/dbxout.c 7 /home/msc/oliva/src/egcs-1.1/gcc/cccp.c 7 /home/msc/oliva/src/egcs-1.1/gcc/calls.c 6 /home/msc/oliva/src/egcs-1.1/gcc/unroll.c 6 /home/msc/oliva/src/egcs-1.1/gcc/sdbout.c 6 /home/msc/oliva/src/egcs-1.1/gcc/rtl.c 6 /home/msc/oliva/src/egcs-1.1/gcc/objc/selector.c 6 /home/msc/oliva/src/egcs-1.1/gcc/jump.c 6 /home/msc/oliva/src/egcs-1.1/gcc/genattrtab.c 6 /home/msc/oliva/src/egcs-1.1/gcc/cppexp.c 6 /home/msc/oliva/src/egcs-1.1/gcc/cp/decl2.c 5 /home/msc/oliva/src/egcs-1.1/gcc/regmove.c 5 /home/msc/oliva/src/egcs-1.1/gcc/objc/encoding.c 5 /home/msc/oliva/src/egcs-1.1/gcc/loop.c 5 /home/msc/oliva/src/egcs-1.1/gcc/local-alloc.c 5 /home/msc/oliva/src/egcs-1.1/gcc/fix-header.c 5 /home/msc/oliva/src/egcs-1.1/gcc/f/bad.c 5 /home/msc/oliva/src/egcs-1.1/gcc/cp/cvt.c 4 cexp.y 4 /home/msc/oliva/src/egcs-1.1/gcc/tlink.c 4 /home/msc/oliva/src/egcs-1.1/gcc/scan-decls.c 4 /home/msc/oliva/src/egcs-1.1/gcc/objc/sarray.c 4 /home/msc/oliva/src/egcs-1.1/gcc/function.c 4 /home/msc/oliva/src/egcs-1.1/gcc/final.c 4 /home/msc/oliva/src/egcs-1.1/gcc/c-decl.c 3 insn-output.c 3 /home/msc/oliva/src/egcs-1.1/gcc/objc/Object.m 3 /home/msc/oliva/src/egcs-1.1/gcc/genrecog.c 3 /home/msc/oliva/src/egcs-1.1/gcc/gen-protos.c 3 /home/msc/oliva/src/egcs-1.1/gcc/gcov-io.h 3 /home/msc/oliva/src/egcs-1.1/gcc/cpphash.h 3 /home/msc/oliva/src/egcs-1.1/gcc/cp/spew.c 3 /home/msc/oliva/src/egcs-1.1/gcc/cp/init.c 3 /home/msc/oliva/src/egcs-1.1/gcc/cp/decl.c 3 /home/msc/oliva/src/egcs-1.1/gcc/collect2.c 3 /home/msc/oliva/src/egcs-1.1/gcc/c-common.c 2 /home/msc/oliva/src/egcs-1.1/gcc/objc/init.c 2 /home/msc/oliva/src/egcs-1.1/gcc/haifa-sched.c 2 /home/msc/oliva/src/egcs-1.1/gcc/getopt.c 2 /home/msc/oliva/src/egcs-1.1/gcc/f/com.c 2 /home/msc/oliva/src/egcs-1.1/gcc/explow.c 2 /home/msc/oliva/src/egcs-1.1/gcc/cp/expr.c 2 /home/msc/oliva/src/egcs-1.1/gcc/caller-save.c 2 /home/msc/oliva/src/egcs-1.1/gcc/bitmap.c 1 /home/msc/oliva/src/egcs-1.1/gcc/stupid.c 1 /home/msc/oliva/src/egcs-1.1/gcc/recog.c 1 /home/msc/oliva/src/egcs-1.1/gcc/objc/nil_method.c 1 /home/msc/oliva/src/egcs-1.1/gcc/mkstemp.c 1 /home/msc/oliva/src/egcs-1.1/gcc/mips-tdump.c 1 /home/msc/oliva/src/egcs-1.1/gcc/hash.c 1 /home/msc/oliva/src/egcs-1.1/gcc/gengenrtl.c 1 /home/msc/oliva/src/egcs-1.1/gcc/gencheck.c 1 /home/msc/oliva/src/egcs-1.1/gcc/f/where.c 1 /home/msc/oliva/src/egcs-1.1/gcc/f/top.c 1 /home/msc/oliva/src/egcs-1.1/gcc/f/malloc.c 1 /home/msc/oliva/src/egcs-1.1/gcc/f/implic.c 1 /home/msc/oliva/src/egcs-1.1/gcc/f/g77spec.c 1 /home/msc/oliva/src/egcs-1.1/gcc/cp/xref.c 1 /home/msc/oliva/src/egcs-1.1/gcc/cp/typeck.c 1 /home/msc/oliva/src/egcs-1.1/gcc/cp/search.c 1 /home/msc/oliva/src/egcs-1.1/gcc/cp/method.c 1 /home/msc/oliva/src/egcs-1.1/gcc/convert.c 1 /home/msc/oliva/src/egcs-1.1/gcc/choose-temp.c Number of warning types: 1606 missing initializer for `???' 367 `???' might be used uninitialized in this function 209 comparison between signed and unsigned 181 subscript has type `char' 138 unused parameter `???' 40 label `???' defined but not used 25 variable `???' might be clobbered by `longjmp' or `vfork' 25 unused variable `???' 12 array subscript has type `char' 9 redefinition of `???' 9 `???' previously declared here 8 implicit declaration of function `???' 7 argument `???' might be clobbered by `longjmp' or `vfork' 5 `???' defined but not used 2 type mismatch in implicit declaration for built-in function `???' 1 value computed is not used 1 unsigned value < 0 is always 0 1 suggest parentheses around assignment used as truth value 1 suggest explicit braces to avoid ambiguous `else' 1 empty body in an else-statement