This is the mail archive of the egcs-testresults@egcs.cygnus.com mailing list for the EGCS project. See the EGCS home page for more information.
Configuration: - glibc 2.1 - i486 Linux 2.2.1 - binutils 2.9.0.20 make command: make BOOT_CFLAGS='-O2' LIBCFLAGS='-g -O2' LIBCXXFLAGS='-g -O2 -fno-implicit-templates' bootstrap-lean Native configuration is i486-pc-linux-gnu === libio tests === Running target unix === libio Summary === # of expected passes 40 === libstdc++ tests === Running target unix === libstdc++ Summary === # of expected passes 30 === gcc tests === Running target unix FAIL: gcc.c-torture/execute/980526-1.c execution, -O2 -fomit-frame-pointer -finline-functions FAIL: gcc.c-torture/execute/ieee/980619-1.c execution, -O1 FAIL: gcc.c-torture/execute/ieee/980619-1.c execution, -O2 FAIL: gcc.c-torture/execute/ieee/980619-1.c execution, -O2 -fomit-frame-pointer -finline-functions FAIL: gcc.c-torture/execute/ieee/980619-1.c execution, -O2 -fomit-frame-pointer -finline-functions -funroll-loops FAIL: gcc.c-torture/execute/ieee/980619-1.c execution, -O2 -fomit-frame-pointer -finline-functions -funroll-all-loops FAIL: gcc.c-torture/execute/ieee/980619-1.c execution, -O2 -g FAIL: gcc.c-torture/execute/ieee/980619-1.c execution, -Os FAIL: gcc.dg/980626-1.c (test for excess errors) FAIL: gcc.dg/clobbers.c execution test === gcc Summary === # of expected passes 7497 # of unexpected failures 10 # of expected failures 7 # of unsupported tests 11 /mnt/cc/build/gcc/xgcc version egcs-2.91.63 19990224 (egcs-1.1.2 pre-release-3) === g++ tests === Running target unix FAIL: g++.law/arm13.C (test for excess errors) === g++ Summary === # of expected passes 4220 # of unexpected failures 1 # of expected failures 86 # of untested testcases 7 /mnt/cc/build/gcc/testsuite/../xgcc version egcs-2.91.63 19990224 (egcs-1.1.2 pre-release-3) === g77 tests === Running target unix === g77 Summary === # of expected passes 415 Compiler version: egcs-2.91.63 19990224 (egcs-1.1.2 pre-release-3) Platform: i486-pc-linux-gnu configure flags: --with-gcc-version-trigger=/mnt/cc/egcs_1_1_branch/gcc/version.c --host=i486-pc-linux-gnu --prefix=/opt/egcs --enable-shared --enable-threads --with-gnu-as --with-gnu-ld --verbose --norecursion