This is the mail archive of the egcs-testresults@egcs.cygnus.com mailing list for the EGCS project. See the EGCS home page for more information.
Native configuration is sparc-sun-solaris2.5 === gcc tests === Running target unix/-fPIC FAIL: gcc.c-torture/compile/981001-2.c, -O0 FAIL: gcc.c-torture/compile/981001-2.c, -O1 FAIL: gcc.c-torture/compile/981001-2.c, -O2 FAIL: gcc.c-torture/compile/981001-2.c, -O3 -fomit-frame-pointer FAIL: gcc.c-torture/compile/981001-2.c, -O3 -g FAIL: gcc.c-torture/compile/981001-2.c, -Os FAIL: gcc.c-torture/execute/920715-1.c execution, -O1 FAIL: gcc.c-torture/execute/920715-1.c execution, -O2 FAIL: gcc.c-torture/execute/920715-1.c execution, -O3 -fomit-frame-pointer FAIL: gcc.c-torture/execute/920715-1.c execution, -O3 -fomit-frame-pointer -funroll-loops FAIL: gcc.c-torture/execute/920715-1.c execution, -O3 -fomit-frame-pointer -funroll-all-loops -finline-functions FAIL: gcc.c-torture/execute/920715-1.c execution, -O3 -g FAIL: gcc.c-torture/execute/921208-2.c execution, -O1 FAIL: gcc.c-torture/execute/921208-2.c execution, -O2 FAIL: gcc.c-torture/execute/930603-1.c execution, -O3 -fomit-frame-pointer FAIL: gcc.c-torture/execute/930603-1.c execution, -O3 -g FAIL: gcc.c-torture/execute/930614-1.c execution, -O2 FAIL: gcc.c-torture/execute/930614-1.c execution, -Os FAIL: gcc.c-torture/execute/930628-1.c execution, -O1 FAIL: gcc.c-torture/execute/990130-1.c compilation, -O0 FAIL: gcc.c-torture/execute/990130-1.c compilation, -O1 FAIL: gcc.c-torture/execute/990130-1.c compilation, -O2 FAIL: gcc.c-torture/execute/990130-1.c compilation, -O3 -fomit-frame-pointer FAIL: gcc.c-torture/execute/990130-1.c compilation, -O3 -g FAIL: gcc.c-torture/execute/990130-1.c compilation, -Os FAIL: gcc.c-torture/execute/conversion.c execution, -O2 FAIL: gcc.c-torture/execute/conversion.c execution, -O3 -fomit-frame-pointer FAIL: gcc.c-torture/execute/conversion.c execution, -O3 -g FAIL: gcc.c-torture/execute/conversion.c execution, -Os FAIL: gcc.c-torture/execute/gofast.c execution, -O2 FAIL: gcc.c-torture/execute/gofast.c execution, -Os FAIL: gcc.c-torture/execute/memcpy-bi.c compilation, -O3 -fomit-frame-pointer FAIL: gcc.c-torture/execute/memcpy-bi.c compilation, -O3 -fomit-frame-pointer -funroll-loops FAIL: gcc.c-torture/execute/memcpy-bi.c compilation, -O3 -fomit-frame-pointer -funroll-all-loops -finline-functions FAIL: gcc.c-torture/execute/memcpy-bi.c compilation, -O3 -g FAIL: gcc.c-torture/execute/ieee/mzero2.c execution, -O1 FAIL: gcc.c-torture/execute/ieee/mzero2.c execution, -O2 FAIL: gcc.c-torture/execute/ieee/mzero2.c execution, -Os FAIL: gcc.c-torture/noncompile/951227-1.c FAIL: gcc.dg/990119-1.c execution test FAIL: gcc.dg/cpp-if1.c invalid number (test for errors, line 12) FAIL: gcc.dg/cpp-if1.c invalid number (test for errors, line 15) FAIL: gcc.dg/cpp-if1.c invalid number (test for errors, line 18) FAIL: gcc.dg/cpp-if1.c floating point in #if (test for errors, line 21) FAIL: gcc.dg/cpp-if1.c too many suffixes (test for errors, line 24) FAIL: gcc.dg/cpp-if1.c too many suffixes (test for errors, line 27) FAIL: gcc.dg/cpp-if1.c (test for excess errors) FAIL: gcc.dg/cpp-if3.c (test for excess errors) FAIL: gcc.misc-tests/gcov-1.c (test for excess errors) FAIL: gcc.misc-tests/gcov-1.c execution test FAIL: gcov-1.c:1:is 4:should be 11 FAIL: gcov-1.c:1:is 5:should be 10 FAIL: gcov-1.c:1:is 7:should be 1 FAIL: gcc.misc-tests/gcov-2.c (test for excess errors) (PRMS 8294) FAIL: gcc.misc-tests/gcov-2.c execution test (PRMS 8294) FAIL: gcc.misc-tests/m-un-2.c warning regression (test for warnings, line 18) FAIL: gcc.misc-tests/m-un-2.c warning regression (test for warnings, line 23) FAIL: gcc.misc-tests/m-un-2.c (test for excess errors) === gcc Summary for unix/-fPIC === # of expected passes 7941 # of unexpected failures 58 # of expected failures 19 # of unresolved testcases 10 # of unsupported tests 23 Running target unix/-fpic FAIL: gcc.c-torture/compile/981001-2.c, -O0 FAIL: gcc.c-torture/compile/981001-2.c, -O1 FAIL: gcc.c-torture/compile/981001-2.c, -O2 FAIL: gcc.c-torture/compile/981001-2.c, -O3 -fomit-frame-pointer FAIL: gcc.c-torture/compile/981001-2.c, -O3 -g FAIL: gcc.c-torture/compile/981001-2.c, -Os FAIL: gcc.c-torture/execute/920715-1.c execution, -O1 FAIL: gcc.c-torture/execute/920715-1.c execution, -O2 FAIL: gcc.c-torture/execute/920715-1.c execution, -O3 -fomit-frame-pointer FAIL: gcc.c-torture/execute/920715-1.c execution, -O3 -fomit-frame-pointer -funroll-loops FAIL: gcc.c-torture/execute/920715-1.c execution, -O3 -fomit-frame-pointer -funroll-all-loops -finline-functions FAIL: gcc.c-torture/execute/920715-1.c execution, -O3 -g FAIL: gcc.c-torture/execute/921208-2.c execution, -O1 FAIL: gcc.c-torture/execute/921208-2.c execution, -O2 FAIL: gcc.c-torture/execute/930603-1.c execution, -O3 -fomit-frame-pointer FAIL: gcc.c-torture/execute/930603-1.c execution, -O3 -g FAIL: gcc.c-torture/execute/930614-1.c execution, -O2 FAIL: gcc.c-torture/execute/930614-1.c execution, -Os FAIL: gcc.c-torture/execute/930628-1.c execution, -O1 FAIL: gcc.c-torture/execute/990130-1.c compilation, -O0 FAIL: gcc.c-torture/execute/990130-1.c compilation, -O1 FAIL: gcc.c-torture/execute/990130-1.c compilation, -O2 FAIL: gcc.c-torture/execute/990130-1.c compilation, -O3 -fomit-frame-pointer FAIL: gcc.c-torture/execute/990130-1.c compilation, -O3 -g FAIL: gcc.c-torture/execute/990130-1.c compilation, -Os FAIL: gcc.c-torture/execute/conversion.c execution, -O2 FAIL: gcc.c-torture/execute/conversion.c execution, -O3 -fomit-frame-pointer FAIL: gcc.c-torture/execute/conversion.c execution, -O3 -g FAIL: gcc.c-torture/execute/conversion.c execution, -Os FAIL: gcc.c-torture/execute/gofast.c execution, -O2 FAIL: gcc.c-torture/execute/gofast.c execution, -Os FAIL: gcc.c-torture/execute/memcpy-bi.c compilation, -O3 -fomit-frame-pointer FAIL: gcc.c-torture/execute/memcpy-bi.c compilation, -O3 -fomit-frame-pointer -funroll-loops FAIL: gcc.c-torture/execute/memcpy-bi.c compilation, -O3 -fomit-frame-pointer -funroll-all-loops -finline-functions FAIL: gcc.c-torture/execute/memcpy-bi.c compilation, -O3 -g FAIL: gcc.c-torture/execute/ieee/mzero2.c execution, -O1 FAIL: gcc.c-torture/execute/ieee/mzero2.c execution, -O2 FAIL: gcc.c-torture/execute/ieee/mzero2.c execution, -Os FAIL: gcc.c-torture/noncompile/951227-1.c FAIL: gcc.dg/990119-1.c execution test FAIL: gcc.dg/cpp-if1.c invalid number (test for errors, line 12) FAIL: gcc.dg/cpp-if1.c invalid number (test for errors, line 15) FAIL: gcc.dg/cpp-if1.c invalid number (test for errors, line 18) FAIL: gcc.dg/cpp-if1.c floating point in #if (test for errors, line 21) FAIL: gcc.dg/cpp-if1.c too many suffixes (test for errors, line 24) FAIL: gcc.dg/cpp-if1.c too many suffixes (test for errors, line 27) FAIL: gcc.dg/cpp-if1.c (test for excess errors) FAIL: gcc.dg/cpp-if3.c (test for excess errors) FAIL: gcc.misc-tests/gcov-1.c (test for excess errors) FAIL: gcc.misc-tests/gcov-1.c execution test FAIL: gcov-1.c:1:is 4:should be 11 FAIL: gcov-1.c:1:is 5:should be 10 FAIL: gcov-1.c:1:is 7:should be 1 FAIL: gcc.misc-tests/gcov-2.c (test for excess errors) (PRMS 8294) FAIL: gcc.misc-tests/gcov-2.c execution test (PRMS 8294) FAIL: gcc.misc-tests/m-un-2.c warning regression (test for warnings, line 18) FAIL: gcc.misc-tests/m-un-2.c warning regression (test for warnings, line 23) FAIL: gcc.misc-tests/m-un-2.c (test for excess errors) === gcc Summary for unix/-fpic === # of expected passes 7941 # of unexpected failures 58 # of expected failures 19 # of unresolved testcases 10 # of unsupported tests 23 Running target unix FAIL: gcc.c-torture/compile/981001-2.c, -O0 FAIL: gcc.c-torture/compile/981001-2.c, -O1 FAIL: gcc.c-torture/compile/981001-2.c, -O2 FAIL: gcc.c-torture/compile/981001-2.c, -O3 -fomit-frame-pointer FAIL: gcc.c-torture/compile/981001-2.c, -O3 -g FAIL: gcc.c-torture/compile/981001-2.c, -Os FAIL: gcc.c-torture/execute/990130-1.c compilation, -O0 FAIL: gcc.c-torture/execute/990130-1.c compilation, -O1 FAIL: gcc.c-torture/execute/990130-1.c compilation, -O2 FAIL: gcc.c-torture/execute/990130-1.c compilation, -O3 -fomit-frame-pointer FAIL: gcc.c-torture/execute/990130-1.c compilation, -O3 -g FAIL: gcc.c-torture/execute/990130-1.c compilation, -Os FAIL: gcc.c-torture/noncompile/951227-1.c FAIL: gcc.dg/990119-1.c execution test FAIL: gcc.dg/cpp-if1.c invalid number (test for errors, line 12) FAIL: gcc.dg/cpp-if1.c invalid number (test for errors, line 15) FAIL: gcc.dg/cpp-if1.c invalid number (test for errors, line 18) FAIL: gcc.dg/cpp-if1.c floating point in #if (test for errors, line 21) FAIL: gcc.dg/cpp-if1.c too many suffixes (test for errors, line 24) FAIL: gcc.dg/cpp-if1.c too many suffixes (test for errors, line 27) FAIL: gcc.dg/cpp-if1.c (test for excess errors) FAIL: gcc.dg/cpp-if3.c (test for excess errors) FAIL: gcc.misc-tests/m-un-2.c warning regression (test for warnings, line 18) FAIL: gcc.misc-tests/m-un-2.c warning regression (test for warnings, line 23) FAIL: gcc.misc-tests/m-un-2.c (test for excess errors) === gcc Summary for unix === # of expected passes 7976 # of unexpected failures 25 # of expected failures 19 # of unresolved testcases 6 # of unsupported tests 23 === gcc Summary === # of expected passes 23858 # of unexpected failures 141 # of expected failures 57 # of unresolved testcases 26 # of unsupported tests 69 /tmp/gcc-testing/egcs-CVS19990307/gcc/xgcc version egcs-2.93.11 19990307 (gcc2 ss-980929 experimental) === g++ tests === Running target unix/-fPIC FAIL: g++.dg/special/conpr-1.C execution test FAIL: g++.dg/special/conpr-2.C execution test FAIL: g++.dg/special/conpr-3.C execution test FAIL: g++.dg/special/conpr-3.C execution test FAIL: g++.brendan/asm-extn1.C caused compiler crash FAIL: g++.law/code-gen5.C (test for excess errors) FAIL: g++.law/profile1.C (test for excess errors) FAIL: g++.law/profile1.C Execution test XPASS: g++.pt/instantiate6.C (test for excess errors) FAIL: g++.robertl/eb83.C (test for excess errors) FAIL: g++.robertl/eb83.C Execution test === g++ Summary for unix/-fPIC === # of expected passes 4923 # of unexpected failures 10 # of unexpected successes 1 # of expected failures 82 # of untested testcases 7 Running target unix/-fpic FAIL: g++.dg/special/conpr-1.C execution test FAIL: g++.dg/special/conpr-2.C execution test FAIL: g++.dg/special/conpr-3.C execution test FAIL: g++.dg/special/conpr-3.C execution test FAIL: g++.brendan/asm-extn1.C caused compiler crash FAIL: g++.law/code-gen5.C (test for excess errors) FAIL: g++.law/profile1.C (test for excess errors) FAIL: g++.law/profile1.C Execution test XPASS: g++.pt/instantiate6.C (test for excess errors) FAIL: g++.robertl/eb83.C (test for excess errors) FAIL: g++.robertl/eb83.C Execution test === g++ Summary for unix/-fpic === # of expected passes 4923 # of unexpected failures 10 # of unexpected successes 1 # of expected failures 82 # of untested testcases 7 Running target unix FAIL: g++.dg/special/conpr-1.C execution test FAIL: g++.dg/special/conpr-2.C execution test FAIL: g++.dg/special/conpr-3.C execution test FAIL: g++.dg/special/conpr-3.C execution test FAIL: g++.brendan/asm-extn1.C caused compiler crash FAIL: g++.law/code-gen5.C (test for excess errors) XPASS: g++.pt/instantiate6.C (test for excess errors) === g++ Summary for unix === # of expected passes 4927 # of unexpected failures 6 # of unexpected successes 1 # of expected failures 82 # of untested testcases 7 === g++ Summary === # of expected passes 14773 # of unexpected failures 26 # of unexpected successes 3 # of expected failures 246 # of untested testcases 21 /tmp/gcc-testing/egcs-CVS19990307/gcc/testsuite/../xgcc version egcs-2.93.11 19990307 (gcc2 ss-980929 experimental) === g77 tests === Running target unix/-fPIC FAIL: g77.f-torture/execute/960317-1.f compilation, -O0 FAIL: g77.f-torture/execute/960317-1.f compilation, -O1 FAIL: g77.f-torture/execute/960317-1.f compilation, -O2 FAIL: g77.f-torture/execute/960317-1.f compilation, -O2 -fomit-frame-pointer -finline-functions FAIL: g77.f-torture/execute/960317-1.f compilation, -Os FAIL: g77.f-torture/execute/complex_1.f execution, -O2 FAIL: g77.f-torture/execute/complex_1.f execution, -O2 -fomit-frame-pointer -finline-functions FAIL: g77.f-torture/execute/complex_1.f execution, -Os FAIL: g77.f-torture/execute/dcomplex.f execution, -O2 FAIL: g77.f-torture/execute/dcomplex.f execution, -O2 -fomit-frame-pointer -finline-functions FAIL: g77.f-torture/execute/dcomplex.f execution, -Os FAIL: g77.f-torture/execute/dnrm2.f execution, -Os === g77 Summary for unix/-fPIC === # of expected passes 484 # of unexpected failures 12 # of untested testcases 5 Running target unix/-fpic FAIL: g77.f-torture/execute/960317-1.f compilation, -O0 FAIL: g77.f-torture/execute/960317-1.f compilation, -O1 FAIL: g77.f-torture/execute/960317-1.f compilation, -O2 FAIL: g77.f-torture/execute/960317-1.f compilation, -O2 -fomit-frame-pointer -finline-functions FAIL: g77.f-torture/execute/960317-1.f compilation, -Os FAIL: g77.f-torture/execute/complex_1.f execution, -O2 FAIL: g77.f-torture/execute/complex_1.f execution, -O2 -fomit-frame-pointer -finline-functions FAIL: g77.f-torture/execute/complex_1.f execution, -Os FAIL: g77.f-torture/execute/dcomplex.f execution, -O2 FAIL: g77.f-torture/execute/dcomplex.f execution, -O2 -fomit-frame-pointer -finline-functions FAIL: g77.f-torture/execute/dcomplex.f execution, -Os FAIL: g77.f-torture/execute/dnrm2.f execution, -Os === g77 Summary for unix/-fpic === # of expected passes 484 # of unexpected failures 12 # of untested testcases 5 Running target unix FAIL: g77.f-torture/execute/960317-1.f compilation, -O0 FAIL: g77.f-torture/execute/960317-1.f compilation, -O1 FAIL: g77.f-torture/execute/960317-1.f compilation, -O2 FAIL: g77.f-torture/execute/960317-1.f compilation, -O2 -fomit-frame-pointer -finline-functions FAIL: g77.f-torture/execute/960317-1.f compilation, -Os === g77 Summary for unix === # of expected passes 491 # of unexpected failures 5 # of untested testcases 5 === g77 Summary === # of expected passes 1459 # of unexpected failures 29 # of untested testcases 15 === objc tests === Running target unix/-fPIC FAIL: objc/execute/bf-1.m compilation, -O FAIL: objc/execute/bf-10.m compilation, -O FAIL: objc/execute/bf-11.m compilation, -O FAIL: objc/execute/bf-12.m compilation, -O FAIL: objc/execute/bf-13.m compilation, -O FAIL: objc/execute/bf-14.m compilation, -O FAIL: objc/execute/bf-15.m compilation, -O FAIL: objc/execute/bf-16.m compilation, -O FAIL: objc/execute/bf-17.m compilation, -O FAIL: objc/execute/bf-18.m compilation, -O FAIL: objc/execute/bf-19.m compilation, -O FAIL: objc/execute/bf-2.m compilation, -O FAIL: objc/execute/bf-3.m compilation, -O FAIL: objc/execute/bf-4.m compilation, -O FAIL: objc/execute/bf-5.m compilation, -O FAIL: objc/execute/bf-6.m compilation, -O FAIL: objc/execute/bf-7.m compilation, -O FAIL: objc/execute/bf-8.m compilation, -O FAIL: objc/execute/bf-9.m compilation, -O === objc Summary for unix/-fPIC === # of unexpected failures 19 # of untested testcases 19 Running target unix/-fpic FAIL: objc/execute/bf-1.m compilation, -O FAIL: objc/execute/bf-10.m compilation, -O FAIL: objc/execute/bf-11.m compilation, -O FAIL: objc/execute/bf-12.m compilation, -O FAIL: objc/execute/bf-13.m compilation, -O FAIL: objc/execute/bf-14.m compilation, -O FAIL: objc/execute/bf-15.m compilation, -O FAIL: objc/execute/bf-16.m compilation, -O FAIL: objc/execute/bf-17.m compilation, -O FAIL: objc/execute/bf-18.m compilation, -O FAIL: objc/execute/bf-19.m compilation, -O FAIL: objc/execute/bf-2.m compilation, -O FAIL: objc/execute/bf-3.m compilation, -O FAIL: objc/execute/bf-4.m compilation, -O FAIL: objc/execute/bf-5.m compilation, -O FAIL: objc/execute/bf-6.m compilation, -O FAIL: objc/execute/bf-7.m compilation, -O FAIL: objc/execute/bf-8.m compilation, -O FAIL: objc/execute/bf-9.m compilation, -O === objc Summary for unix/-fpic === # of unexpected failures 19 # of untested testcases 19 Running target unix FAIL: objc/execute/bf-1.m compilation, -O FAIL: objc/execute/bf-10.m compilation, -O FAIL: objc/execute/bf-11.m compilation, -O FAIL: objc/execute/bf-12.m compilation, -O FAIL: objc/execute/bf-13.m compilation, -O FAIL: objc/execute/bf-14.m compilation, -O FAIL: objc/execute/bf-15.m compilation, -O FAIL: objc/execute/bf-16.m compilation, -O FAIL: objc/execute/bf-17.m compilation, -O FAIL: objc/execute/bf-18.m compilation, -O FAIL: objc/execute/bf-19.m compilation, -O FAIL: objc/execute/bf-2.m compilation, -O FAIL: objc/execute/bf-3.m compilation, -O FAIL: objc/execute/bf-4.m compilation, -O FAIL: objc/execute/bf-5.m compilation, -O FAIL: objc/execute/bf-6.m compilation, -O FAIL: objc/execute/bf-7.m compilation, -O FAIL: objc/execute/bf-8.m compilation, -O FAIL: objc/execute/bf-9.m compilation, -O === objc Summary for unix === # of unexpected failures 19 # of untested testcases 19 === objc Summary === # of unexpected failures 57 # of untested testcases 57 /tmp/gcc-testing/egcs-CVS19990307/gcc/xgcc version egcs-2.93.11 19990307 (gcc2 ss-980929 experimental) === libio tests === Running target unix/-fPIC FAIL: tFile.cc execution FAIL: tFile.cc execution -b0 FAIL: tFile.cc execution -b3 === libio Summary for unix/-fPIC === # of expected passes 34 # of unexpected failures 3 # of expected failures 3 Running target unix/-fpic FAIL: tFile.cc execution FAIL: tFile.cc execution -b0 FAIL: tFile.cc execution -b3 === libio Summary for unix/-fpic === # of expected passes 34 # of unexpected failures 3 # of expected failures 3 Running target unix === libio Summary for unix === # of expected passes 40 === libio Summary === # of expected passes 108 # of unexpected failures 6 # of expected failures 6 === libstdc++ tests === Running target unix/-fPIC FAIL: tcomplex.cc -O execution === libstdc++ Summary for unix/-fPIC === # of expected passes 28 # of unexpected failures 1 # of expected failures 1 Running target unix/-fpic FAIL: tcomplex.cc -O execution === libstdc++ Summary for unix/-fpic === # of expected passes 28 # of unexpected failures 1 # of expected failures 1 Running target unix === libstdc++ Summary for unix === # of expected passes 30 === libstdc++ Summary === # of expected passes 86 # of unexpected failures 2 # of expected failures 2 Compiler version: egcs-2.93.11 19990307 (gcc2 ss-980929 experimental) Platform: sparc-sun-solaris2.5 configure flags: --with-gcc-version-trigger=/tmp/gcc-testing/egcs-CVS19990307/gcc/version.c --host=sparc-sun-solaris2.5 --verbose --norecursion