This is the mail archive of the egcs-testresults@egcs.cygnus.com mailing list for the EGCS project. See the EGCS home page for more information.
Native configuration is alphaev56-dec-osf4.0d === g++ tests === Running target unix XPASS: g++.benjamin/p12475.C (test for excess errors) FAIL: g++.brendan/eh1.C Execution test FAIL: g++.eh/cleanup1.C Execution test FAIL: g++.eh/flow1.C Execution test FAIL: g++.eh/new1.C Execution test FAIL: g++.eh/new2.C Execution test FAIL: g++.eh/pdel1.C Execution test FAIL: g++.eh/pdel2.C Execution test FAIL: g++.eh/ptr1.C Execution test FAIL: g++.eh/rethrow1.C Execution test FAIL: g++.eh/rethrow2.C Execution test FAIL: g++.eh/rethrow3.C Execution test FAIL: g++.eh/rethrow4.C Execution test FAIL: g++.eh/rethrow5.C Execution test FAIL: g++.eh/spec1.C Execution test FAIL: g++.eh/spec2.C Execution test FAIL: g++.eh/spec3.C Execution test FAIL: g++.eh/tmpl1.C Execution test FAIL: g++.gb/sig19.C (test for excess errors) FAIL: g++.gb/sig21.C (test for excess errors) FAIL: g++.jason/thunk2.C (test for excess errors) XPASS: g++.jason/thunk3.C (test for excess errors) XPASS: g++.jason/thunk3.C Execution test FAIL: g++.law/operators8.C (test for excess errors) XPASS: g++.law/profile1.C (test for excess errors) XPASS: g++.law/profile1.C Execution test FAIL: g++.martin/new1.C Execution test FAIL: g++.mike/dyncast1.C Execution test FAIL: g++.mike/dyncast2.C Execution test FAIL: g++.mike/dyncast5.C (test for excess errors) FAIL: g++.mike/eh10.C Execution test FAIL: g++.mike/eh12.C Execution test FAIL: g++.mike/eh14.C Execution test FAIL: g++.mike/eh16.C Execution test FAIL: g++.mike/eh17.C Execution test FAIL: g++.mike/eh18.C Execution test FAIL: g++.mike/eh2.C Execution test FAIL: g++.mike/eh21.C Execution test FAIL: g++.mike/eh24.C Execution test FAIL: g++.mike/eh25.C Execution test FAIL: g++.mike/eh26.C Execution test FAIL: g++.mike/eh27.C Execution test FAIL: g++.mike/eh28.C Execution test FAIL: g++.mike/eh29.C Execution test FAIL: g++.mike/eh3.C Execution test FAIL: g++.mike/eh31.C Execution test FAIL: g++.mike/eh33.C Execution test FAIL: g++.mike/eh34.C Execution test FAIL: g++.mike/eh35.C Execution test FAIL: g++.mike/eh36.C Execution test FAIL: g++.mike/eh37.C Execution test FAIL: g++.mike/eh38.C Execution test FAIL: g++.mike/eh39.C Execution test FAIL: g++.mike/eh40.C Execution test FAIL: g++.mike/eh41.C Execution test FAIL: g++.mike/eh42.C Execution test FAIL: g++.mike/eh44.C Execution test FAIL: g++.mike/eh47.C Execution test FAIL: g++.mike/eh48.C Execution test FAIL: g++.mike/eh49.C Execution test FAIL: g++.mike/eh5.C Execution test FAIL: g++.mike/eh50.C Execution test FAIL: g++.mike/eh51.C Execution test FAIL: g++.mike/eh6.C Execution test FAIL: g++.mike/eh8.C Execution test FAIL: g++.mike/net21.C (test for excess errors) FAIL: g++.mike/p10849a.C (test for excess errors) FAIL: g++.mike/p1248.C (test for excess errors) FAIL: g++.mike/p3139.C (test for excess errors) FAIL: g++.mike/p5571.C (test for excess errors) FAIL: g++.mike/p7912.C Execution test FAIL: g++.mike/p9706.C Execution test FAIL: g++.mike/rtti3.C (test for excess errors) FAIL: g++.mike/virt5.C (test for excess errors) FAIL: g++.other/array1.C Execution test FAIL: g++.other/delete3.C (test for excess errors) FAIL: g++.other/init7.C Execution test FAIL: g++.other/null1.C (test for excess errors) FAIL: g++.other/singleton.C Execution test XPASS: g++.pt/instantiate6.C (test for excess errors) FAIL: g++.pt/mi1.C (test for excess errors) FAIL: g++.pt/static3.C (test for excess errors) FAIL: g++.robertl/eb31.C Execution test FAIL: g++.robertl/eb50.C Execution test FAIL: g++.robertl/eb66.C Execution test FAIL: g++.robertl/eb88.C Execution test === g++ Summary === # of expected passes 4833 # of unexpected failures 80 # of unexpected successes 6 # of expected failures 96 # of untested testcases 8 /usr/local/tmp/egcs/gcc/testsuite/../xgcc version egcs-2.93.11 19990307 (gcc2 ss-980929 experimental) === g77 tests === Running target unix FAIL: g77.f-torture/execute/960317-1.f compilation, -O0 FAIL: g77.f-torture/execute/960317-1.f compilation, -O1 FAIL: g77.f-torture/execute/960317-1.f compilation, -O2 FAIL: g77.f-torture/execute/960317-1.f compilation, -O2 -fomit-frame-pointer -finline-functions FAIL: g77.f-torture/execute/960317-1.f compilation, -Os FAIL: g77.f-torture/execute/970625-2.f execution, -O0 FAIL: g77.f-torture/execute/970625-2.f compilation, -O1 FAIL: g77.f-torture/execute/970625-2.f execution, -O2 FAIL: g77.f-torture/execute/970625-2.f execution, -O2 -fomit-frame-pointer -finline-functions FAIL: g77.f-torture/execute/970625-2.f execution, -O2 -fomit-frame-pointer -finline-functions -funroll-loops FAIL: g77.f-torture/execute/970625-2.f execution, -O2 -fomit-frame-pointer -finline-functions -funroll-all-loops FAIL: g77.f-torture/execute/970625-2.f execution, -Os FAIL: g77.f-torture/execute/io0.f execution, -O0 FAIL: g77.f-torture/execute/io0.f execution, -O1 FAIL: g77.f-torture/execute/io0.f execution, -O2 FAIL: g77.f-torture/execute/io0.f execution, -O2 -fomit-frame-pointer -finline-functions FAIL: g77.f-torture/execute/io0.f execution, -Os FAIL: g77.f-torture/execute/io1.f execution, -O0 FAIL: g77.f-torture/execute/io1.f execution, -O1 FAIL: g77.f-torture/execute/io1.f execution, -O2 FAIL: g77.f-torture/execute/io1.f execution, -O2 -fomit-frame-pointer -finline-functions FAIL: g77.f-torture/execute/io1.f execution, -Os FAIL: g77.f-torture/execute/u77-test.f execution, -O0 FAIL: g77.f-torture/execute/u77-test.f execution, -O1 FAIL: g77.f-torture/execute/u77-test.f execution, -O2 FAIL: g77.f-torture/execute/u77-test.f execution, -O2 -fomit-frame-pointer -finline-functions FAIL: g77.f-torture/execute/u77-test.f execution, -O2 -fomit-frame-pointer -finline-functions -funroll-loops FAIL: g77.f-torture/execute/u77-test.f execution, -O2 -fomit-frame-pointer -finline-functions -funroll-all-loops FAIL: g77.f-torture/execute/u77-test.f execution, -Os === g77 Summary === # of expected passes 466 # of unexpected failures 29 # of untested testcases 6 === gcc tests === Running target unix FAIL: gcc.c-torture/execute/990130-1.c compilation, -O0 FAIL: gcc.c-torture/execute/990130-1.c compilation, -O1 FAIL: gcc.c-torture/execute/990130-1.c compilation, -O2 FAIL: gcc.c-torture/execute/990130-1.c compilation, -O3 -fomit-frame-pointer FAIL: gcc.c-torture/execute/990130-1.c compilation, -O3 -g FAIL: gcc.c-torture/execute/990130-1.c compilation, -Os FAIL: gcc.c-torture/execute/complex-5.c execution, -O0 FAIL: gcc.c-torture/execute/complex-5.c execution, -O1 FAIL: gcc.c-torture/execute/complex-5.c execution, -O2 FAIL: gcc.c-torture/execute/complex-5.c execution, -O3 -fomit-frame-pointer FAIL: gcc.c-torture/execute/complex-5.c execution, -O3 -g FAIL: gcc.c-torture/execute/complex-5.c execution, -Os FAIL: gcc.c-torture/execute/ieee/mzero2.c execution, -O0 FAIL: gcc.c-torture/execute/ieee/mzero2.c execution, -O1 FAIL: gcc.c-torture/execute/ieee/mzero2.c execution, -O2 FAIL: gcc.c-torture/execute/ieee/mzero2.c execution, -O3 -fomit-frame-pointer FAIL: gcc.c-torture/execute/ieee/mzero2.c execution, -O3 -g FAIL: gcc.c-torture/execute/ieee/mzero2.c execution, -Os XPASS: gcc.c-torture/execute/memcheck/blkarg.c execution, -O0 XPASS: gcc.c-torture/execute/memcheck/blkarg.c execution, -O1 XPASS: gcc.c-torture/execute/memcheck/blkarg.c execution, -O2 XPASS: gcc.c-torture/execute/memcheck/blkarg.c execution, -Os FAIL: gcc.c-torture/noncompile/951227-1.c FAIL: gcc.dg/990119-1.c execution test FAIL: gcc.dg/cpp-if1.c invalid number (test for errors, line 12) FAIL: gcc.dg/cpp-if1.c invalid number (test for errors, line 15) FAIL: gcc.dg/cpp-if1.c invalid number (test for errors, line 18) FAIL: gcc.dg/cpp-if1.c floating point in #if (test for errors, line 21) FAIL: gcc.dg/cpp-if1.c too many suffixes (test for errors, line 24) FAIL: gcc.dg/cpp-if1.c too many suffixes (test for errors, line 27) FAIL: gcc.dg/cpp-if1.c (test for excess errors) FAIL: gcc.dg/cpp-if3.c (test for excess errors) FAIL: gcc.dg/special/weak-1.c (test for excess errors) FAIL: gcc.dg/special/weak-2.c (test for excess errors) FAIL: gcc.dg/special/alias-1.c (test for excess errors) FAIL: gcc.dg/special/wkali-1.c (test for excess errors) FAIL: wkali-2a.o FAIL: gcc.misc-tests/m-un-2.c warning regression (test for warnings, line 18) FAIL: gcc.misc-tests/m-un-2.c warning regression (test for warnings, line 23) FAIL: gcc.misc-tests/m-un-2.c (test for excess errors) === gcc Summary === # of expected passes 7970 # of unexpected failures 36 # of unexpected successes 4 # of expected failures 15 # of unresolved testcases 6 # of unsupported tests 23 /usr/local/tmp/egcs/gcc/xgcc version egcs-2.93.11 19990307 (gcc2 ss-980929 experimental) === libg++ tests === Running target unix FAIL: tBag.cc compilation FAIL: tBitSet.cc compilation FAIL: tBitString.cc compilation FAIL: tRational.cc compilation FAIL: tDeque.cc compilation FAIL: tFile.cc compilation FAIL: tFix.cc compilation FAIL: tFix16.cc compilation FAIL: tFix24.cc compilation FAIL: tInteger.cc compilation FAIL: tLList.cc compilation FAIL: tList.cc compilation FAIL: tMap.cc compilation FAIL: tObstack.cc compilation FAIL: tPQ.cc compilation FAIL: tPlex.cc compilation FAIL: tQueue.cc compilation FAIL: tRandom.cc compilation FAIL: tSet.cc compilation FAIL: tStack.cc compilation FAIL: tString.cc compilation FAIL: tVec.cc compilation FAIL: tiLList.cc compilation === libg++ Summary === # of expected passes 3 # of unexpected failures 23 # of expected failures 46 === libio tests === Running target unix === libio Summary === # of expected passes 40 === libstdc++ tests === Running target unix === libstdc++ Summary === # of expected passes 30 === objc tests === Running target unix FAIL: objc/execute/bf-10.m execution, -O FAIL: objc/execute/bf-16.m execution, -O FAIL: objc/execute/bf-17.m execution, -O === objc Summary === # of expected passes 35 # of unexpected failures 3 /usr/local/tmp/egcs/gcc/xgcc version egcs-2.93.11 19990307 (gcc2 ss-980929 experimental) Compiler version: egcs-2.93.11 19990307 (gcc2 ss-980929 experimental) Platform: alphaev56-dec-osf4.0d BOOT_CFLAGS: -g -O9 -W -Wall Counting all warnings, there are 415 warnings in stage3 of this bootstrap. Number of warnings per file: 18 /home/msc/oliva/src/egcs/gcc/cccp.c 16 insn-emit.c 16 /home/msc/oliva/src/egcs/gcc/objc/objc-act.c 16 ./parse.y 14 /home/msc/oliva/src/egcs/gcc/reload1.c 14 /home/msc/oliva/src/egcs/gcc/java/lex.c 12 /home/msc/oliva/src/egcs/gcc/java/javaop.def 12 /home/msc/oliva/src/egcs/gcc/java/expr.c 12 /home/msc/oliva/src/egcs/gcc/cse.c 11 /home/msc/oliva/src/egcs/gcc/varasm.c 11 /home/msc/oliva/src/egcs/gcc/java/jcf-reader.c 11 /home/msc/oliva/src/egcs/gcc/integrate.c 10 /home/msc/oliva/src/egcs/gcc/reload.c 10 /home/msc/oliva/src/egcs/gcc/java/jcf-dump.c 10 /home/msc/oliva/src/egcs/gcc/java/gjavah.c 10 /home/msc/oliva/src/egcs/gcc/fold-const.c 9 /home/msc/oliva/src/egcs/gcc/loop.c 8 /home/msc/oliva/src/egcs/gcc/unroll.c 8 /home/msc/oliva/src/egcs/gcc/toplev.c 8 /home/msc/oliva/src/egcs/gcc/dbxout.c 7 /home/msc/oliva/src/egcs/gcc/java/class.c 7 /home/msc/oliva/src/egcs/gcc/combine.c 6 /home/msc/oliva/src/egcs/gcc/sdbout.c 6 /home/msc/oliva/src/egcs/gcc/optabs.c 6 /home/msc/oliva/src/egcs/gcc/cp/lex.c 6 /home/msc/oliva/src/egcs/gcc/calls.c 6 /home/msc/oliva/src/egcs/gcc/c-lex.c 5 /home/msc/oliva/src/egcs/gcc/java/verify.c 5 /home/msc/oliva/src/egcs/gcc/final.c 4 gcj.c 4 g77.c 4 g++.c 4 cexp.y 4 /home/msc/oliva/src/egcs/gcc/regmove.c 4 /home/msc/oliva/src/egcs/gcc/protoize.c 4 /home/msc/oliva/src/egcs/gcc/java/parse.h 4 /home/msc/oliva/src/egcs/gcc/java/lex.h 4 /home/msc/oliva/src/egcs/gcc/java/jcf-write.c 4 /home/msc/oliva/src/egcs/gcc/gcc.c 4 /home/msc/oliva/src/egcs/gcc/cp/search.c 4 /home/msc/oliva/src/egcs/gcc/collect2.c 3 /home/msc/oliva/src/egcs/gcc/stmt.c 3 /home/msc/oliva/src/egcs/gcc/rtl.c 3 /home/msc/oliva/src/egcs/gcc/local-alloc.c 3 /home/msc/oliva/src/egcs/gcc/java/decl.c 3 /home/msc/oliva/src/egcs/gcc/genopinit.c 3 /home/msc/oliva/src/egcs/gcc/genattrtab.c 3 /home/msc/oliva/src/egcs/gcc/fix-header.c 3 /home/msc/oliva/src/egcs/gcc/expr.c 3 /home/msc/oliva/src/egcs/gcc/config/alpha/alpha.c 3 /home/msc/oliva/src/egcs/gcc/ch/actions.c 2 /home/msc/oliva/src/egcs/gcc/regclass.c 2 /home/msc/oliva/src/egcs/gcc/mips-tfile.c 2 /home/msc/oliva/src/egcs/gcc/java/typeck.c 2 /home/msc/oliva/src/egcs/gcc/java/jcf-parse.c 2 /home/msc/oliva/src/egcs/gcc/java/jcf-io.c 2 /home/msc/oliva/src/egcs/gcc/genrecog.c 2 /home/msc/oliva/src/egcs/gcc/gcov.c 2 /home/msc/oliva/src/egcs/gcc/function.c 2 /home/msc/oliva/src/egcs/gcc/except.c 2 /home/msc/oliva/src/egcs/gcc/dwarf2out.c 2 /home/msc/oliva/src/egcs/gcc/cppexp.c 1 splay-tree.c 1 cxxmain.c 1 /home/msc/oliva/src/egcs/gcc/tree.c 1 /home/msc/oliva/src/egcs/gcc/tlink.c 1 /home/msc/oliva/src/egcs/gcc/stupid.c 1 /home/msc/oliva/src/egcs/gcc/scan-decls.c 1 /home/msc/oliva/src/egcs/gcc/print-rtl.c 1 /home/msc/oliva/src/egcs/gcc/java/jvspec.c 1 /home/msc/oliva/src/egcs/gcc/java/jvgenmain.c 1 /home/msc/oliva/src/egcs/gcc/java/constants.c 1 /home/msc/oliva/src/egcs/gcc/hash.c 1 /home/msc/oliva/src/egcs/gcc/graph.c 1 /home/msc/oliva/src/egcs/gcc/genpeep.c 1 /home/msc/oliva/src/egcs/gcc/genoutput.c 1 /home/msc/oliva/src/egcs/gcc/genemit.c 1 /home/msc/oliva/src/egcs/gcc/flow.c 1 /home/msc/oliva/src/egcs/gcc/f/g77spec.c 1 /home/msc/oliva/src/egcs/gcc/expmed.c 1 /home/msc/oliva/src/egcs/gcc/explow.c 1 /home/msc/oliva/src/egcs/gcc/cpplib.c 1 /home/msc/oliva/src/egcs/gcc/cppinit.c 1 /home/msc/oliva/src/egcs/gcc/cpphash.c 1 /home/msc/oliva/src/egcs/gcc/cp/pt.c 1 /home/msc/oliva/src/egcs/gcc/cp/decl.c 1 ./parse-scan.y Number of warning types: 124 `???' might be used uninitialized in this function 69 unused parameter `???' 43 implicit declaration of function `???' 41 comparison between signed and unsigned 30 unused variable `???' 27 variable `???' might be clobbered by `longjmp' or `vfork' 22 statement with no effect 14 ??? format, ??? arg (arg ???) 13 passing arg ??? of `???' from incompatible pointer type 8 `???' declared `static' but never defined 7 missing initializer 7 (near initialization for `???') 5 argument `???' might be clobbered by `longjmp' or `vfork' 2 control reaches end of non-void function 1 value computed is not used 1 label `???' defined but not used 1 `???' defined but not used