This is the mail archive of the egcs-testresults@egcs.cygnus.com mailing list for the EGCS project. See the EGCS home page for more information.
Native configuration is i686-pc-linux-gnulibc1 === libio tests === Running target unix === libio Summary === # of expected passes 40 === libstdc++ tests === Running target unix === libstdc++ Summary === # of expected passes 30 === gcc tests === Running target unix FAIL: gcc.c-torture/compile/980726-1.c, -O2 FAIL: gcc.c-torture/compile/980726-1.c, -O3 -fomit-frame-pointer FAIL: gcc.c-torture/compile/980726-1.c, -O3 -g FAIL: gcc.c-torture/compile/980726-1.c, -Os FAIL: gcc.c-torture/execute/930603-1.c execution, -O0 FAIL: gcc.c-torture/execute/930603-1.c execution, -O1 FAIL: gcc.c-torture/execute/930603-1.c execution, -O2 FAIL: gcc.c-torture/execute/930603-1.c execution, -Os FAIL: gcc.c-torture/execute/990130-1.c compilation, -O0 FAIL: gcc.c-torture/execute/990130-1.c compilation, -O1 FAIL: gcc.c-torture/execute/990130-1.c compilation, -O2 FAIL: gcc.c-torture/execute/990130-1.c compilation, -O3 -fomit-frame-pointer FAIL: gcc.c-torture/execute/990130-1.c compilation, -O3 -g FAIL: gcc.c-torture/execute/990130-1.c compilation, -Os FAIL: gcc.c-torture/execute/loop-2b.c execution, -O2 FAIL: gcc.c-torture/execute/loop-2b.c execution, -O3 -fomit-frame-pointer FAIL: gcc.c-torture/execute/loop-2b.c execution, -O3 -fomit-frame-pointer -funroll-loops FAIL: gcc.c-torture/execute/loop-2b.c execution, -O3 -fomit-frame-pointer -funroll-all-loops -finline-functions FAIL: gcc.c-torture/execute/loop-2b.c execution, -O3 -g FAIL: gcc.c-torture/execute/ieee/980619-1.c execution, -O1 FAIL: gcc.c-torture/execute/ieee/980619-1.c execution, -O2 FAIL: gcc.c-torture/execute/ieee/980619-1.c execution, -O3 -fomit-frame-pointer FAIL: gcc.c-torture/execute/ieee/980619-1.c execution, -O3 -fomit-frame-pointer -funroll-loops FAIL: gcc.c-torture/execute/ieee/980619-1.c execution, -O3 -fomit-frame-pointer -funroll-all-loops -finline-functions FAIL: gcc.c-torture/execute/ieee/980619-1.c execution, -O3 -g FAIL: gcc.c-torture/execute/ieee/980619-1.c execution, -Os FAIL: gcc.c-torture/noncompile/951227-1.c FAIL: gcc.dg/990119-1.c execution test FAIL: gcc.dg/cpp-if1.c invalid number (test for errors, line 12) FAIL: gcc.dg/cpp-if1.c invalid number (test for errors, line 15) FAIL: gcc.dg/cpp-if1.c invalid number (test for errors, line 18) FAIL: gcc.dg/cpp-if1.c floating point in #if (test for errors, line 21) FAIL: gcc.dg/cpp-if1.c too many suffixes (test for errors, line 24) FAIL: gcc.dg/cpp-if1.c too many suffixes (test for errors, line 27) FAIL: gcc.dg/cpp-if1.c (test for excess errors) FAIL: gcc.dg/cpp-if3.c (test for excess errors) FAIL: gcc.dg/special/weak-1.c execution test FAIL: gcc.misc-tests/m-un-2.c warning regression (test for warnings, line 18) FAIL: gcc.misc-tests/m-un-2.c warning regression (test for warnings, line 23) FAIL: gcc.misc-tests/m-un-2.c (test for excess errors) === gcc Summary === # of expected passes 7982 # of unexpected failures 40 # of expected failures 19 # of unresolved testcases 6 # of unsupported tests 13 /home/tim/src/gnu/egcs-19990307/p6/gcc/xgcc version egcs-2.93.11 19990307 (gcc2 ss-980929 experimental) === g++ tests === Running target unix FAIL: g++.dg/special/conpr-1.C execution test FAIL: g++.dg/special/conpr-2.C execution test FAIL: g++.dg/special/conpr-3.C execution test FAIL: g++.dg/special/conpr-3.C execution test === g++ Summary === # of expected passes 4930 # of unexpected failures 4 # of expected failures 82 # of untested testcases 7 /home/tim/src/gnu/egcs-19990307/p6/gcc/testsuite/../xgcc version egcs-2.93.11 19990307 (gcc2 ss-980929 experimental) === g77 tests === Running target unix FAIL: g77.f-torture/execute/960317-1.f compilation, -O0 FAIL: g77.f-torture/execute/960317-1.f compilation, -O1 FAIL: g77.f-torture/execute/960317-1.f compilation, -O2 FAIL: g77.f-torture/execute/960317-1.f compilation, -O2 -fomit-frame-pointer -finline-functions FAIL: g77.f-torture/execute/960317-1.f compilation, -Os FAIL: g77.f-torture/execute/970625-2.f compilation, -O1 FAIL: g77.f-torture/execute/auto1.f compilation, -O1 FAIL: g77.f-torture/execute/cabs.f compilation, -O0 === g77 Summary === # of expected passes 485 # of unexpected failures 8 # of untested testcases 8 === objc tests === Running target unix === objc Summary === # of expected passes 38 /home/tim/src/gnu/egcs-19990307/p6/gcc/xgcc version egcs-2.93.11 19990307 (gcc2 ss-980929 experimental) Compiler version: egcs-2.93.11 19990307 (gcc2 ss-980929 experimental) Platform: i686-pc-linux-gnulibc1 configure flags: --with-gcc-version-trigger=/home/tim/src/gnu/egcs-19990307/gcc/version.c --host=i686-pc-linux-gnulibc1 --norecursion EOF Mail -s "Results for egcs-2.93.11 19990307 (gcc2 ss-980929 experimental) testsuite on i686-pc-linux-gnulibc1" egcs-testresults@egcs.cygnus.com &&