This is the mail archive of the egcs-testresults@egcs.cygnus.com mailing list for the EGCS project. See the EGCS home page for more information.
Native configuration is alphaev5-dec-osf4.0b === gcc tests === Running target unix/-fPIC FAIL: gcc.c-torture/compile/921206-1.c, -O1 FAIL: gcc.c-torture/execute/990130-1.c compilation, -O0 FAIL: gcc.c-torture/execute/990130-1.c compilation, -O1 FAIL: gcc.c-torture/execute/990130-1.c compilation, -O2 FAIL: gcc.c-torture/execute/990130-1.c compilation, -O3 -fomit-frame-pointer FAIL: gcc.c-torture/execute/990130-1.c compilation, -O3 -g FAIL: gcc.c-torture/execute/990130-1.c compilation, -Os FAIL: gcc.c-torture/execute/complex-5.c execution, -O0 FAIL: gcc.c-torture/execute/complex-5.c execution, -O1 FAIL: gcc.c-torture/execute/complex-5.c execution, -O2 FAIL: gcc.c-torture/execute/complex-5.c execution, -O3 -fomit-frame-pointer FAIL: gcc.c-torture/execute/complex-5.c execution, -O3 -g FAIL: gcc.c-torture/execute/complex-5.c execution, -Os FAIL: gcc.c-torture/execute/ieee/mzero2.c execution, -O0 FAIL: gcc.c-torture/execute/ieee/mzero2.c execution, -O1 FAIL: gcc.c-torture/execute/ieee/mzero2.c execution, -O2 FAIL: gcc.c-torture/execute/ieee/mzero2.c execution, -O3 -fomit-frame-pointer FAIL: gcc.c-torture/execute/ieee/mzero2.c execution, -O3 -g FAIL: gcc.c-torture/execute/ieee/mzero2.c execution, -Os XPASS: gcc.c-torture/execute/memcheck/blkarg.c execution, -O0 XPASS: gcc.c-torture/execute/memcheck/blkarg.c execution, -O1 XPASS: gcc.c-torture/execute/memcheck/blkarg.c execution, -O2 XPASS: gcc.c-torture/execute/memcheck/blkarg.c execution, -Os FAIL: gcc.c-torture/noncompile/951227-1.c FAIL: gcc.dg/990119-1.c execution test FAIL: gcc.dg/cpp-if1.c invalid number (test for errors, line 12) FAIL: gcc.dg/cpp-if1.c invalid number (test for errors, line 15) FAIL: gcc.dg/cpp-if1.c invalid number (test for errors, line 18) FAIL: gcc.dg/cpp-if1.c floating point in #if (test for errors, line 21) FAIL: gcc.dg/cpp-if1.c too many suffixes (test for errors, line 24) FAIL: gcc.dg/cpp-if1.c too many suffixes (test for errors, line 27) FAIL: gcc.dg/cpp-if1.c (test for excess errors) FAIL: gcc.dg/cpp-if3.c (test for excess errors) FAIL: gcc.misc-tests/m-un-2.c warning regression (test for warnings, line 18) FAIL: gcc.misc-tests/m-un-2.c warning regression (test for warnings, line 23) FAIL: gcc.misc-tests/m-un-2.c (test for excess errors) === gcc Summary for unix/-fPIC === # of expected passes 7969 # of unexpected failures 32 # of unexpected successes 4 # of expected failures 15 # of unresolved testcases 6 # of unsupported tests 23 Running target unix/-fpic FAIL: gcc.c-torture/compile/921206-1.c, -O1 FAIL: gcc.c-torture/execute/990130-1.c compilation, -O0 FAIL: gcc.c-torture/execute/990130-1.c compilation, -O1 FAIL: gcc.c-torture/execute/990130-1.c compilation, -O2 FAIL: gcc.c-torture/execute/990130-1.c compilation, -O3 -fomit-frame-pointer FAIL: gcc.c-torture/execute/990130-1.c compilation, -O3 -g FAIL: gcc.c-torture/execute/990130-1.c compilation, -Os FAIL: gcc.c-torture/execute/complex-5.c execution, -O0 FAIL: gcc.c-torture/execute/complex-5.c execution, -O1 FAIL: gcc.c-torture/execute/complex-5.c execution, -O2 FAIL: gcc.c-torture/execute/complex-5.c execution, -O3 -fomit-frame-pointer FAIL: gcc.c-torture/execute/complex-5.c execution, -O3 -g FAIL: gcc.c-torture/execute/complex-5.c execution, -Os FAIL: gcc.c-torture/execute/ieee/mzero2.c execution, -O0 FAIL: gcc.c-torture/execute/ieee/mzero2.c execution, -O1 FAIL: gcc.c-torture/execute/ieee/mzero2.c execution, -O2 FAIL: gcc.c-torture/execute/ieee/mzero2.c execution, -O3 -fomit-frame-pointer FAIL: gcc.c-torture/execute/ieee/mzero2.c execution, -O3 -g FAIL: gcc.c-torture/execute/ieee/mzero2.c execution, -Os XPASS: gcc.c-torture/execute/memcheck/blkarg.c execution, -O0 XPASS: gcc.c-torture/execute/memcheck/blkarg.c execution, -O1 XPASS: gcc.c-torture/execute/memcheck/blkarg.c execution, -O2 XPASS: gcc.c-torture/execute/memcheck/blkarg.c execution, -Os FAIL: gcc.c-torture/noncompile/951227-1.c FAIL: gcc.dg/990119-1.c execution test FAIL: gcc.dg/cpp-if1.c invalid number (test for errors, line 12) FAIL: gcc.dg/cpp-if1.c invalid number (test for errors, line 15) FAIL: gcc.dg/cpp-if1.c invalid number (test for errors, line 18) FAIL: gcc.dg/cpp-if1.c floating point in #if (test for errors, line 21) FAIL: gcc.dg/cpp-if1.c too many suffixes (test for errors, line 24) FAIL: gcc.dg/cpp-if1.c too many suffixes (test for errors, line 27) FAIL: gcc.dg/cpp-if1.c (test for excess errors) FAIL: gcc.dg/cpp-if3.c (test for excess errors) FAIL: gcc.misc-tests/m-un-2.c warning regression (test for warnings, line 18) FAIL: gcc.misc-tests/m-un-2.c warning regression (test for warnings, line 23) FAIL: gcc.misc-tests/m-un-2.c (test for excess errors) === gcc Summary for unix/-fpic === # of expected passes 7969 # of unexpected failures 32 # of unexpected successes 4 # of expected failures 15 # of unresolved testcases 6 # of unsupported tests 23 Running target unix FAIL: gcc.c-torture/compile/921206-1.c, -O1 FAIL: gcc.c-torture/execute/990130-1.c compilation, -O0 FAIL: gcc.c-torture/execute/990130-1.c compilation, -O1 FAIL: gcc.c-torture/execute/990130-1.c compilation, -O2 FAIL: gcc.c-torture/execute/990130-1.c compilation, -O3 -fomit-frame-pointer FAIL: gcc.c-torture/execute/990130-1.c compilation, -O3 -g FAIL: gcc.c-torture/execute/990130-1.c compilation, -Os FAIL: gcc.c-torture/execute/complex-5.c execution, -O0 FAIL: gcc.c-torture/execute/complex-5.c execution, -O1 FAIL: gcc.c-torture/execute/complex-5.c execution, -O2 FAIL: gcc.c-torture/execute/complex-5.c execution, -O3 -fomit-frame-pointer FAIL: gcc.c-torture/execute/complex-5.c execution, -O3 -g FAIL: gcc.c-torture/execute/complex-5.c execution, -Os FAIL: gcc.c-torture/execute/ieee/mzero2.c execution, -O0 FAIL: gcc.c-torture/execute/ieee/mzero2.c execution, -O1 FAIL: gcc.c-torture/execute/ieee/mzero2.c execution, -O2 FAIL: gcc.c-torture/execute/ieee/mzero2.c execution, -O3 -fomit-frame-pointer FAIL: gcc.c-torture/execute/ieee/mzero2.c execution, -O3 -g FAIL: gcc.c-torture/execute/ieee/mzero2.c execution, -Os XPASS: gcc.c-torture/execute/memcheck/blkarg.c execution, -O0 XPASS: gcc.c-torture/execute/memcheck/blkarg.c execution, -O1 XPASS: gcc.c-torture/execute/memcheck/blkarg.c execution, -O2 XPASS: gcc.c-torture/execute/memcheck/blkarg.c execution, -Os FAIL: gcc.c-torture/noncompile/951227-1.c FAIL: gcc.dg/990119-1.c execution test FAIL: gcc.dg/cpp-if1.c invalid number (test for errors, line 12) FAIL: gcc.dg/cpp-if1.c invalid number (test for errors, line 15) FAIL: gcc.dg/cpp-if1.c invalid number (test for errors, line 18) FAIL: gcc.dg/cpp-if1.c floating point in #if (test for errors, line 21) FAIL: gcc.dg/cpp-if1.c too many suffixes (test for errors, line 24) FAIL: gcc.dg/cpp-if1.c too many suffixes (test for errors, line 27) FAIL: gcc.dg/cpp-if1.c (test for excess errors) FAIL: gcc.dg/cpp-if3.c (test for excess errors) FAIL: gcc.misc-tests/m-un-2.c warning regression (test for warnings, line 18) FAIL: gcc.misc-tests/m-un-2.c warning regression (test for warnings, line 23) FAIL: gcc.misc-tests/m-un-2.c (test for excess errors) === gcc Summary for unix === # of expected passes 7969 # of unexpected failures 32 # of unexpected successes 4 # of expected failures 15 # of unresolved testcases 6 # of unsupported tests 23 === gcc Summary === # of expected passes 23907 # of unexpected failures 96 # of unexpected successes 12 # of expected failures 45 # of unresolved testcases 18 # of unsupported tests 69 /usr/var/tmp/gcc-testing/egcs-CVS19990305/gcc/xgcc version egcs-2.93.10 19990305 (gcc2 ss-980929 experimental) === g++ tests === Running target unix/-fPIC XPASS: g++.benjamin/p12475.C (test for excess errors) FAIL: g++.brendan/eh1.C Execution test FAIL: g++.eh/cleanup1.C Execution test FAIL: g++.eh/flow1.C Execution test FAIL: g++.eh/new1.C Execution test FAIL: g++.eh/new2.C Execution test FAIL: g++.eh/pdel1.C Execution test FAIL: g++.eh/pdel2.C Execution test FAIL: g++.eh/ptr1.C Execution test FAIL: g++.eh/rethrow1.C Execution test FAIL: g++.eh/rethrow2.C Execution test FAIL: g++.eh/rethrow3.C Execution test FAIL: g++.eh/rethrow4.C Execution test FAIL: g++.eh/rethrow5.C Execution test FAIL: g++.eh/spec1.C Execution test FAIL: g++.eh/spec2.C Execution test FAIL: g++.eh/spec3.C Execution test FAIL: g++.eh/tmpl1.C Execution test FAIL: g++.jason/thunk1.C (test for excess errors) FAIL: g++.jason/thunk2.C (test for excess errors) XPASS: g++.jason/thunk3.C Execution test XPASS: g++.law/profile1.C (test for excess errors) XPASS: g++.law/profile1.C Execution test FAIL: g++.law/vtable2.C (test for excess errors) FAIL: g++.martin/new1.C Execution test FAIL: g++.mike/dyncast1.C Execution test FAIL: g++.mike/dyncast2.C Execution test FAIL: g++.mike/eh10.C Execution test FAIL: g++.mike/eh12.C Execution test FAIL: g++.mike/eh14.C Execution test FAIL: g++.mike/eh16.C Execution test FAIL: g++.mike/eh17.C Execution test FAIL: g++.mike/eh18.C Execution test FAIL: g++.mike/eh2.C Execution test FAIL: g++.mike/eh21.C Execution test FAIL: g++.mike/eh24.C Execution test FAIL: g++.mike/eh25.C Execution test FAIL: g++.mike/eh26.C Execution test FAIL: g++.mike/eh27.C Execution test FAIL: g++.mike/eh28.C Execution test FAIL: g++.mike/eh29.C Execution test FAIL: g++.mike/eh3.C Execution test FAIL: g++.mike/eh31.C Execution test FAIL: g++.mike/eh33.C Execution test FAIL: g++.mike/eh34.C Execution test FAIL: g++.mike/eh35.C Execution test FAIL: g++.mike/eh36.C Execution test FAIL: g++.mike/eh37.C Execution test FAIL: g++.mike/eh38.C Execution test FAIL: g++.mike/eh39.C Execution test FAIL: g++.mike/eh40.C Execution test FAIL: g++.mike/eh41.C Execution test FAIL: g++.mike/eh42.C Execution test FAIL: g++.mike/eh44.C Execution test FAIL: g++.mike/eh47.C Execution test FAIL: g++.mike/eh48.C Execution test FAIL: g++.mike/eh49.C Execution test FAIL: g++.mike/eh5.C Execution test FAIL: g++.mike/eh50.C Execution test FAIL: g++.mike/eh51.C Execution test FAIL: g++.mike/eh6.C Execution test FAIL: g++.mike/eh8.C Execution test FAIL: g++.mike/p7912.C Execution test FAIL: g++.mike/p9706.C Execution test FAIL: g++.mike/thunk1.C (test for excess errors) FAIL: g++.other/array1.C Execution test FAIL: g++.other/init7.C Execution test FAIL: g++.other/null1.C (test for excess errors) FAIL: g++.other/singleton.C Execution test FAIL: g++.pt/crash29.C (test for excess errors) XPASS: g++.pt/instantiate6.C (test for excess errors) FAIL: g++.pt/static3.C (test for excess errors) FAIL: g++.robertl/eb31.C Execution test FAIL: g++.robertl/eb50.C Execution test FAIL: g++.robertl/eb66.C Execution test FAIL: g++.robertl/eb88.C Execution test === g++ Summary for unix/-fPIC === # of expected passes 4849 # of unexpected failures 71 # of unexpected successes 5 # of expected failures 84 # of untested testcases 8 Running target unix/-fpic XPASS: g++.benjamin/p12475.C (test for excess errors) FAIL: g++.brendan/eh1.C Execution test FAIL: g++.eh/cleanup1.C Execution test FAIL: g++.eh/flow1.C Execution test FAIL: g++.eh/new1.C Execution test FAIL: g++.eh/new2.C Execution test FAIL: g++.eh/pdel1.C Execution test FAIL: g++.eh/pdel2.C Execution test FAIL: g++.eh/ptr1.C Execution test FAIL: g++.eh/rethrow1.C Execution test FAIL: g++.eh/rethrow2.C Execution test FAIL: g++.eh/rethrow3.C Execution test FAIL: g++.eh/rethrow4.C Execution test FAIL: g++.eh/rethrow5.C Execution test FAIL: g++.eh/spec1.C Execution test FAIL: g++.eh/spec2.C Execution test FAIL: g++.eh/spec3.C Execution test FAIL: g++.eh/tmpl1.C Execution test FAIL: g++.jason/thunk1.C (test for excess errors) FAIL: g++.jason/thunk2.C (test for excess errors) XPASS: g++.jason/thunk3.C Execution test XPASS: g++.law/profile1.C (test for excess errors) XPASS: g++.law/profile1.C Execution test FAIL: g++.law/vtable2.C (test for excess errors) FAIL: g++.martin/new1.C Execution test FAIL: g++.mike/dyncast1.C Execution test FAIL: g++.mike/dyncast2.C Execution test FAIL: g++.mike/eh10.C Execution test FAIL: g++.mike/eh12.C Execution test FAIL: g++.mike/eh14.C Execution test FAIL: g++.mike/eh16.C Execution test FAIL: g++.mike/eh17.C Execution test FAIL: g++.mike/eh18.C Execution test FAIL: g++.mike/eh2.C Execution test FAIL: g++.mike/eh21.C Execution test FAIL: g++.mike/eh24.C Execution test FAIL: g++.mike/eh25.C Execution test FAIL: g++.mike/eh26.C Execution test FAIL: g++.mike/eh27.C Execution test FAIL: g++.mike/eh28.C Execution test FAIL: g++.mike/eh29.C Execution test FAIL: g++.mike/eh3.C Execution test FAIL: g++.mike/eh31.C Execution test FAIL: g++.mike/eh33.C Execution test FAIL: g++.mike/eh34.C Execution test FAIL: g++.mike/eh35.C Execution test FAIL: g++.mike/eh36.C Execution test FAIL: g++.mike/eh37.C Execution test FAIL: g++.mike/eh38.C Execution test FAIL: g++.mike/eh39.C Execution test FAIL: g++.mike/eh40.C Execution test FAIL: g++.mike/eh41.C Execution test FAIL: g++.mike/eh42.C Execution test FAIL: g++.mike/eh44.C Execution test FAIL: g++.mike/eh47.C Execution test FAIL: g++.mike/eh48.C Execution test FAIL: g++.mike/eh49.C Execution test FAIL: g++.mike/eh5.C Execution test FAIL: g++.mike/eh50.C Execution test FAIL: g++.mike/eh51.C Execution test FAIL: g++.mike/eh6.C Execution test FAIL: g++.mike/eh8.C Execution test FAIL: g++.mike/p7912.C Execution test FAIL: g++.mike/p9706.C Execution test FAIL: g++.mike/thunk1.C (test for excess errors) FAIL: g++.other/array1.C Execution test FAIL: g++.other/init7.C Execution test FAIL: g++.other/null1.C (test for excess errors) FAIL: g++.other/singleton.C Execution test FAIL: g++.pt/crash29.C (test for excess errors) XPASS: g++.pt/instantiate6.C (test for excess errors) FAIL: g++.pt/static3.C (test for excess errors) FAIL: g++.robertl/eb31.C Execution test FAIL: g++.robertl/eb50.C Execution test FAIL: g++.robertl/eb66.C Execution test FAIL: g++.robertl/eb88.C Execution test === g++ Summary for unix/-fpic === # of expected passes 4849 # of unexpected failures 71 # of unexpected successes 5 # of expected failures 84 # of untested testcases 8 Running target unix XPASS: g++.benjamin/p12475.C (test for excess errors) FAIL: g++.brendan/eh1.C Execution test FAIL: g++.eh/cleanup1.C Execution test FAIL: g++.eh/flow1.C Execution test FAIL: g++.eh/new1.C Execution test FAIL: g++.eh/new2.C Execution test FAIL: g++.eh/pdel1.C Execution test FAIL: g++.eh/pdel2.C Execution test FAIL: g++.eh/ptr1.C Execution test FAIL: g++.eh/rethrow1.C Execution test FAIL: g++.eh/rethrow2.C Execution test FAIL: g++.eh/rethrow3.C Execution test FAIL: g++.eh/rethrow4.C Execution test FAIL: g++.eh/rethrow5.C Execution test FAIL: g++.eh/spec1.C Execution test FAIL: g++.eh/spec2.C Execution test FAIL: g++.eh/spec3.C Execution test FAIL: g++.eh/tmpl1.C Execution test FAIL: g++.jason/thunk2.C (test for excess errors) XPASS: g++.jason/thunk3.C (test for excess errors) XPASS: g++.jason/thunk3.C Execution test XPASS: g++.law/profile1.C (test for excess errors) XPASS: g++.law/profile1.C Execution test FAIL: g++.martin/new1.C Execution test FAIL: g++.mike/dyncast1.C Execution test FAIL: g++.mike/dyncast2.C Execution test FAIL: g++.mike/eh10.C Execution test FAIL: g++.mike/eh12.C Execution test FAIL: g++.mike/eh14.C Execution test FAIL: g++.mike/eh16.C Execution test FAIL: g++.mike/eh17.C Execution test FAIL: g++.mike/eh18.C Execution test FAIL: g++.mike/eh2.C Execution test FAIL: g++.mike/eh21.C Execution test FAIL: g++.mike/eh24.C Execution test FAIL: g++.mike/eh25.C Execution test FAIL: g++.mike/eh26.C Execution test FAIL: g++.mike/eh27.C Execution test FAIL: g++.mike/eh28.C Execution test FAIL: g++.mike/eh29.C Execution test FAIL: g++.mike/eh3.C Execution test FAIL: g++.mike/eh31.C Execution test FAIL: g++.mike/eh33.C Execution test FAIL: g++.mike/eh34.C Execution test FAIL: g++.mike/eh35.C Execution test FAIL: g++.mike/eh36.C Execution test FAIL: g++.mike/eh37.C Execution test FAIL: g++.mike/eh38.C Execution test FAIL: g++.mike/eh39.C Execution test FAIL: g++.mike/eh40.C Execution test FAIL: g++.mike/eh41.C Execution test FAIL: g++.mike/eh42.C Execution test FAIL: g++.mike/eh44.C Execution test FAIL: g++.mike/eh47.C Execution test FAIL: g++.mike/eh48.C Execution test FAIL: g++.mike/eh49.C Execution test FAIL: g++.mike/eh5.C Execution test FAIL: g++.mike/eh50.C Execution test FAIL: g++.mike/eh51.C Execution test FAIL: g++.mike/eh6.C Execution test FAIL: g++.mike/eh8.C Execution test FAIL: g++.mike/p7912.C Execution test FAIL: g++.mike/p9706.C Execution test FAIL: g++.other/array1.C Execution test FAIL: g++.other/init7.C Execution test FAIL: g++.other/null1.C (test for excess errors) FAIL: g++.other/singleton.C Execution test FAIL: g++.pt/crash29.C (test for excess errors) XPASS: g++.pt/instantiate6.C (test for excess errors) FAIL: g++.pt/static3.C (test for excess errors) FAIL: g++.robertl/eb31.C Execution test FAIL: g++.robertl/eb50.C Execution test FAIL: g++.robertl/eb66.C Execution test FAIL: g++.robertl/eb88.C Execution test === g++ Summary for unix === # of expected passes 4852 # of unexpected failures 68 # of unexpected successes 6 # of expected failures 83 # of untested testcases 8 === g++ Summary === # of expected passes 14550 # of unexpected failures 210 # of unexpected successes 16 # of expected failures 251 # of untested testcases 24 /usr/var/tmp/gcc-testing/egcs-CVS19990305/gcc/testsuite/../xgcc version egcs-2.93.10 19990305 (gcc2 ss-980929 experimental) === g77 tests === Running target unix/-fPIC FAIL: g77.f-torture/execute/io0.f execution, -O0 FAIL: g77.f-torture/execute/io0.f execution, -O1 FAIL: g77.f-torture/execute/io0.f execution, -O2 FAIL: g77.f-torture/execute/io0.f execution, -O2 -fomit-frame-pointer -finline-functions FAIL: g77.f-torture/execute/io0.f execution, -Os FAIL: g77.f-torture/execute/io1.f execution, -O0 FAIL: g77.f-torture/execute/io1.f execution, -O1 FAIL: g77.f-torture/execute/io1.f execution, -O2 FAIL: g77.f-torture/execute/io1.f execution, -O2 -fomit-frame-pointer -finline-functions FAIL: g77.f-torture/execute/io1.f execution, -Os FAIL: g77.f-torture/execute/u77-test.f execution, -O0 FAIL: g77.f-torture/execute/u77-test.f execution, -O1 FAIL: g77.f-torture/execute/u77-test.f execution, -O2 FAIL: g77.f-torture/execute/u77-test.f execution, -O2 -fomit-frame-pointer -finline-functions FAIL: g77.f-torture/execute/u77-test.f execution, -O2 -fomit-frame-pointer -finline-functions -funroll-loops FAIL: g77.f-torture/execute/u77-test.f execution, -O2 -fomit-frame-pointer -finline-functions -funroll-all-loops FAIL: g77.f-torture/execute/u77-test.f execution, -Os === g77 Summary for unix/-fPIC === # of expected passes 460 # of unexpected failures 17 Running target unix/-fpic FAIL: g77.f-torture/execute/io0.f execution, -O0 FAIL: g77.f-torture/execute/io0.f execution, -O1 FAIL: g77.f-torture/execute/io0.f execution, -O2 FAIL: g77.f-torture/execute/io0.f execution, -O2 -fomit-frame-pointer -finline-functions FAIL: g77.f-torture/execute/io0.f execution, -Os FAIL: g77.f-torture/execute/io1.f execution, -O0 FAIL: g77.f-torture/execute/io1.f execution, -O1 FAIL: g77.f-torture/execute/io1.f execution, -O2 FAIL: g77.f-torture/execute/io1.f execution, -O2 -fomit-frame-pointer -finline-functions FAIL: g77.f-torture/execute/io1.f execution, -Os FAIL: g77.f-torture/execute/u77-test.f execution, -O0 FAIL: g77.f-torture/execute/u77-test.f execution, -O1 FAIL: g77.f-torture/execute/u77-test.f execution, -O2 FAIL: g77.f-torture/execute/u77-test.f execution, -O2 -fomit-frame-pointer -finline-functions FAIL: g77.f-torture/execute/u77-test.f execution, -O2 -fomit-frame-pointer -finline-functions -funroll-loops FAIL: g77.f-torture/execute/u77-test.f execution, -O2 -fomit-frame-pointer -finline-functions -funroll-all-loops FAIL: g77.f-torture/execute/u77-test.f execution, -Os === g77 Summary for unix/-fpic === # of expected passes 460 # of unexpected failures 17 Running target unix FAIL: g77.f-torture/execute/io0.f execution, -O0 FAIL: g77.f-torture/execute/io0.f execution, -O1 FAIL: g77.f-torture/execute/io0.f execution, -O2 FAIL: g77.f-torture/execute/io0.f execution, -O2 -fomit-frame-pointer -finline-functions FAIL: g77.f-torture/execute/io0.f execution, -Os FAIL: g77.f-torture/execute/io1.f execution, -O0 FAIL: g77.f-torture/execute/io1.f execution, -O1 FAIL: g77.f-torture/execute/io1.f execution, -O2 FAIL: g77.f-torture/execute/io1.f execution, -O2 -fomit-frame-pointer -finline-functions FAIL: g77.f-torture/execute/io1.f execution, -Os FAIL: g77.f-torture/execute/u77-test.f execution, -O0 FAIL: g77.f-torture/execute/u77-test.f execution, -O1 FAIL: g77.f-torture/execute/u77-test.f execution, -O2 FAIL: g77.f-torture/execute/u77-test.f execution, -O2 -fomit-frame-pointer -finline-functions FAIL: g77.f-torture/execute/u77-test.f execution, -O2 -fomit-frame-pointer -finline-functions -funroll-loops FAIL: g77.f-torture/execute/u77-test.f execution, -O2 -fomit-frame-pointer -finline-functions -funroll-all-loops FAIL: g77.f-torture/execute/u77-test.f execution, -Os === g77 Summary for unix === # of expected passes 460 # of unexpected failures 17 === g77 Summary === # of expected passes 1380 # of unexpected failures 51 === objc tests === Running target unix/-fPIC FAIL: objc/execute/bf-10.m execution, -O FAIL: objc/execute/bf-16.m execution, -O FAIL: objc/execute/bf-17.m execution, -O === objc Summary for unix/-fPIC === # of expected passes 35 # of unexpected failures 3 Running target unix/-fpic FAIL: objc/execute/bf-10.m execution, -O FAIL: objc/execute/bf-16.m execution, -O FAIL: objc/execute/bf-17.m execution, -O === objc Summary for unix/-fpic === # of expected passes 35 # of unexpected failures 3 Running target unix FAIL: objc/execute/bf-10.m execution, -O FAIL: objc/execute/bf-16.m execution, -O FAIL: objc/execute/bf-17.m execution, -O === objc Summary for unix === # of expected passes 35 # of unexpected failures 3 === objc Summary === # of expected passes 105 # of unexpected failures 9 /usr/var/tmp/gcc-testing/egcs-CVS19990305/gcc/xgcc version egcs-2.93.10 19990305 (gcc2 ss-980929 experimental) === libio tests === Running target unix/-fPIC === libio Summary for unix/-fPIC === # of expected passes 40 Running target unix/-fpic === libio Summary for unix/-fpic === # of expected passes 40 Running target unix === libio Summary for unix === # of expected passes 40 === libio Summary === # of expected passes 120 === libstdc++ tests === Running target unix/-fPIC === libstdc++ Summary for unix/-fPIC === # of expected passes 30 Running target unix/-fpic === libstdc++ Summary for unix/-fpic === # of expected passes 30 Running target unix === libstdc++ Summary for unix === # of expected passes 30 === libstdc++ Summary === # of expected passes 90 Compiler version: egcs-2.93.10 19990305 (gcc2 ss-980929 experimental) Platform: alphaev5-dec-osf4.0b configure flags: --with-gcc-version-trigger=/usr/var/tmp/gcc-testing/egcs-CVS19990305/gcc/version.c --host=alphaev5-dec-osf4.0b --verbose --norecursion