This is the mail archive of the egcs-testresults@egcs.cygnus.com mailing list for the EGCS project. See the EGCS home page for more information.
Native configuration is sparc-sun-sunos4.1.3 === g++ tests === Running target unix FAIL: g++.law/profile1.C Execution test FAIL: g++.pt/static3.C (test for excess errors) XPASS: g++.robertl/eb132.C (test for excess errors) FAIL: g++.robertl/eb91.C (test for excess errors) === g++ Summary === # of expected passes 4219 # of unexpected failures 3 # of unexpected successes 1 # of expected failures 85 # of untested testcases 6 /l/dsk01/temp/egcs-1.1/gcc/testsuite/../xgcc version egcs-2.91.62 19990224 (egcs-1.1.2 pre-release-2) === g77 tests === Running target unix === g77 Summary === # of expected passes 415 === gcc tests === Running target unix FAIL: gcc.c-torture/execute/980506-2.c execution, -O2 FAIL: gcc.c-torture/execute/980506-2.c execution, -O2 -g FAIL: gcc.c-torture/execute/980506-2.c execution, -Os FAIL: gcc.c-torture/execute/980526-1.c execution, -O2 -fomit-frame-pointer -finline-functions FAIL: gcc.c-torture/execute/loop-2f.c execution, -O0 FAIL: gcc.c-torture/execute/loop-2f.c execution, -O1 FAIL: gcc.c-torture/execute/loop-2f.c execution, -O2 FAIL: gcc.c-torture/execute/loop-2f.c execution, -O2 -fomit-frame-pointer -finline-functions FAIL: gcc.c-torture/execute/loop-2f.c execution, -O2 -fomit-frame-pointer -finline-functions -funroll-loops FAIL: gcc.c-torture/execute/loop-2f.c execution, -O2 -fomit-frame-pointer -finline-functions -funroll-all-loops FAIL: gcc.c-torture/execute/loop-2f.c execution, -O2 -g FAIL: gcc.c-torture/execute/loop-2f.c execution, -Os FAIL: gcc.c-torture/execute/loop-2g.c execution, -O0 FAIL: gcc.c-torture/execute/loop-2g.c execution, -O1 FAIL: gcc.c-torture/execute/loop-2g.c execution, -O2 FAIL: gcc.c-torture/execute/loop-2g.c execution, -O2 -fomit-frame-pointer -finline-functions FAIL: gcc.c-torture/execute/loop-2g.c execution, -O2 -fomit-frame-pointer -finline-functions -funroll-loops FAIL: gcc.c-torture/execute/loop-2g.c execution, -O2 -fomit-frame-pointer -finline-functions -funroll-all-loops FAIL: gcc.c-torture/execute/loop-2g.c execution, -O2 -g FAIL: gcc.c-torture/execute/loop-2g.c execution, -Os FAIL: gcc.dg/980626-1.c (test for excess errors) === gcc Summary === # of expected passes 7477 # of unexpected failures 21 # of expected failures 7 # of unsupported tests 18 /l/dsk01/temp/egcs-1.1/gcc/xgcc version egcs-2.91.62 19990224 (egcs-1.1.2 pre-release-2) === libio tests === Running target unix === libio Summary === # of expected passes 40 === libstdc++ tests === Running target unix === libstdc++ Summary === # of expected passes 30 Compiler version: egcs-2.91.62 19990224 (egcs-1.1.2 pre-release-2) Platform: sparc-sun-sunos4.1.3 BOOT_CFLAGS: -g -O9 -W -Wall Counting all warnings, there are 2775 warnings in stage3 of this bootstrap. Number of warnings per file: 1348 xsys-protos.h 97 /home/phd/oliva/src/egcs-1.1/gcc/cp/hash.h 69 /home/phd/oliva/src/egcs-1.1/gcc/c-gperf.h 67 /home/phd/oliva/src/egcs-1.1/gcc/toplev.c 51 /home/phd/oliva/src/egcs-1.1/gcc/protoize.c 39 g77.c 39 g++.c 39 /home/phd/oliva/src/egcs-1.1/gcc/gcc.c 38 cxxmain.c 36 /home/phd/oliva/src/egcs-1.1/gcc/cpplib.c 34 insn-recog.c 32 /home/phd/oliva/src/egcs-1.1/gcc/cplus-dem.c 29 /home/phd/oliva/src/egcs-1.1/gcc/f/stb.c 26 /home/phd/oliva/src/egcs-1.1/gcc/objc/objc-act.c 24 /home/phd/oliva/src/egcs-1.1/gcc/combine.c 22 /home/phd/oliva/src/egcs-1.1/gcc/varasm.c 20 /home/phd/oliva/src/egcs-1.1/gcc/objc/archive.c 20 /home/phd/oliva/src/egcs-1.1/gcc/expr.c 19 /home/phd/oliva/src/egcs-1.1/gcc/expmed.c 18 /home/phd/oliva/src/egcs-1.1/gcc/cccp.c 17 /home/phd/oliva/src/egcs-1.1/gcc/reload1.c 16 /home/phd/oliva/src/egcs-1.1/gcc/cse.c 16 /home/phd/oliva/src/egcs-1.1/gcc/cp/call.c 14 /home/phd/oliva/src/egcs-1.1/gcc/stor-layout.c 14 /home/phd/oliva/src/egcs-1.1/gcc/objc/thr-single.c 14 /home/phd/oliva/src/egcs-1.1/gcc/collect2.c 13 /home/phd/oliva/src/egcs-1.1/gcc/final.c 12 /home/phd/oliva/src/egcs-1.1/gcc/genattrtab.c 12 /home/phd/oliva/src/egcs-1.1/gcc/fix-header.c 12 /home/phd/oliva/src/egcs-1.1/gcc/emit-rtl.c 12 /home/phd/oliva/src/egcs-1.1/gcc/dwarf2out.c 12 /home/phd/oliva/src/egcs-1.1/gcc/cp/pt.c 12 /home/phd/oliva/src/egcs-1.1/gcc/cp/lex.c 12 /home/phd/oliva/src/egcs-1.1/gcc/calls.c 12 /home/phd/oliva/src/egcs-1.1/gcc/alias.c 11 /home/phd/oliva/src/egcs-1.1/gcc/integrate.c 11 /home/phd/oliva/src/egcs-1.1/gcc/genopinit.c 11 /home/phd/oliva/src/egcs-1.1/gcc/c-lex.c 10 /home/phd/oliva/src/egcs-1.1/gcc/unroll.c 10 /home/phd/oliva/src/egcs-1.1/gcc/tlink.c 10 /home/phd/oliva/src/egcs-1.1/gcc/global.c 10 /home/phd/oliva/src/egcs-1.1/gcc/genrecog.c 10 /home/phd/oliva/src/egcs-1.1/gcc/gcov-io.h 10 /home/phd/oliva/src/egcs-1.1/gcc/fold-const.c 10 /home/phd/oliva/src/egcs-1.1/gcc/flow.c 10 /home/phd/oliva/src/egcs-1.1/gcc/dbxout.c 9 /home/phd/oliva/src/egcs-1.1/gcc/tree.c 9 /home/phd/oliva/src/egcs-1.1/gcc/reorg.c 9 /home/phd/oliva/src/egcs-1.1/gcc/pexecute.c 9 /home/phd/oliva/src/egcs-1.1/gcc/optabs.c 9 /home/phd/oliva/src/egcs-1.1/gcc/jump.c 9 /home/phd/oliva/src/egcs-1.1/gcc/cp/decl.c 9 /home/phd/oliva/src/egcs-1.1/gcc/bitmap.c 8 /home/phd/oliva/src/egcs-1.1/gcc/reload.c 8 /home/phd/oliva/src/egcs-1.1/gcc/f/fini.c 8 /home/phd/oliva/src/egcs-1.1/gcc/f/bad.c 7 /home/phd/oliva/src/egcs-1.1/gcc/regclass.c 7 /home/phd/oliva/src/egcs-1.1/gcc/genpeep.c 7 /home/phd/oliva/src/egcs-1.1/gcc/genoutput.c 7 /home/phd/oliva/src/egcs-1.1/gcc/genemit.c 7 /home/phd/oliva/src/egcs-1.1/gcc/f/lex.c 7 /home/phd/oliva/src/egcs-1.1/gcc/f/intrin.c 7 /home/phd/oliva/src/egcs-1.1/gcc/cppexp.c 6 /home/phd/oliva/src/egcs-1.1/gcc/regmove.c 6 /home/phd/oliva/src/egcs-1.1/gcc/genflags.c 6 /home/phd/oliva/src/egcs-1.1/gcc/genextract.c 6 /home/phd/oliva/src/egcs-1.1/gcc/genconfig.c 6 /home/phd/oliva/src/egcs-1.1/gcc/gencodes.c 6 /home/phd/oliva/src/egcs-1.1/gcc/genattr.c 6 /home/phd/oliva/src/egcs-1.1/gcc/function.c 6 /home/phd/oliva/src/egcs-1.1/gcc/f/com.c 6 /home/phd/oliva/src/egcs-1.1/gcc/cp/decl2.c 6 /home/phd/oliva/src/egcs-1.1/gcc/c-common.c 5 cexp.y 5 /home/phd/oliva/src/egcs-1.1/gcc/recog.c 5 /home/phd/oliva/src/egcs-1.1/gcc/print-tree.c 5 /home/phd/oliva/src/egcs-1.1/gcc/objc/encoding.c 5 /home/phd/oliva/src/egcs-1.1/gcc/loop.c 5 /home/phd/oliva/src/egcs-1.1/gcc/local-alloc.c 5 /home/phd/oliva/src/egcs-1.1/gcc/gengenrtl.c 5 /home/phd/oliva/src/egcs-1.1/gcc/gen-protos.c 5 /home/phd/oliva/src/egcs-1.1/gcc/gcov.c 5 /home/phd/oliva/src/egcs-1.1/gcc/cp/ptree.c 5 /home/phd/oliva/src/egcs-1.1/gcc/c-decl.c 4 /home/phd/oliva/src/egcs-1.1/gcc/stmt.c 4 /home/phd/oliva/src/egcs-1.1/gcc/scan-decls.c 4 /home/phd/oliva/src/egcs-1.1/gcc/rtl.c 4 /home/phd/oliva/src/egcs-1.1/gcc/print-rtl.c 4 /home/phd/oliva/src/egcs-1.1/gcc/objc/selector.c 4 /home/phd/oliva/src/egcs-1.1/gcc/objc/sarray.c 4 /home/phd/oliva/src/egcs-1.1/gcc/haifa-sched.c 4 /home/phd/oliva/src/egcs-1.1/gcc/explow.c 4 /home/phd/oliva/src/egcs-1.1/gcc/cp/init.c 3 insn-attrtab.c 3 /home/phd/oliva/src/egcs-1.1/gcc/profile.c 3 /home/phd/oliva/src/egcs-1.1/gcc/objc/Object.m 3 /home/phd/oliva/src/egcs-1.1/gcc/getopt.c 3 /home/phd/oliva/src/egcs-1.1/gcc/gencheck.c 3 /home/phd/oliva/src/egcs-1.1/gcc/f/target.c 3 /home/phd/oliva/src/egcs-1.1/gcc/f/stw.c 3 /home/phd/oliva/src/egcs-1.1/gcc/f/storag.c 3 /home/phd/oliva/src/egcs-1.1/gcc/f/g77spec.c 3 /home/phd/oliva/src/egcs-1.1/gcc/cpphash.h 3 /home/phd/oliva/src/egcs-1.1/gcc/cp/xref.c 3 /home/phd/oliva/src/egcs-1.1/gcc/cp/tree.c 3 /home/phd/oliva/src/egcs-1.1/gcc/cp/repo.c 3 /home/phd/oliva/src/egcs-1.1/gcc/cp/method.c 3 /home/phd/oliva/src/egcs-1.1/gcc/cp/expr.c 3 /home/phd/oliva/src/egcs-1.1/gcc/cp/cvt.c 3 /home/phd/oliva/src/egcs-1.1/gcc/config/sparc/sparc.c 3 /home/phd/oliva/src/egcs-1.1/gcc/choose-temp.c 3 /home/phd/oliva/src/egcs-1.1/gcc/caller-save.c 2 insn-emit.c 2 /usr/cygnus/progressive-98r1/share/bison.simple 2 /home/phd/oliva/src/egcs-1.1/gcc/scan.c 2 /home/phd/oliva/src/egcs-1.1/gcc/real.c 2 /home/phd/oliva/src/egcs-1.1/gcc/objc/init.c 2 /home/phd/oliva/src/egcs-1.1/gcc/mkstemp.c 2 /home/phd/oliva/src/egcs-1.1/gcc/gcse.c 2 /home/phd/oliva/src/egcs-1.1/gcc/f/where.c 2 /home/phd/oliva/src/egcs-1.1/gcc/f/src.c 2 /home/phd/oliva/src/egcs-1.1/gcc/except.c 2 /home/phd/oliva/src/egcs-1.1/gcc/cp/spew.c 2 /home/phd/oliva/src/egcs-1.1/gcc/cp/search.c 2 /home/phd/oliva/src/egcs-1.1/gcc/c-lang.c 1 insn-output.c 1 insn-extract.c 1 /usr/cygnus/gnupro-98r1/share/bison.simple 1 /home/phd/oliva/src/egcs-1.1/gcc/stupid.c 1 /home/phd/oliva/src/egcs-1.1/gcc/rtlanal.c 1 /home/phd/oliva/src/egcs-1.1/gcc/obstack.c 1 /home/phd/oliva/src/egcs-1.1/gcc/objc/sendmsg.c 1 /home/phd/oliva/src/egcs-1.1/gcc/objc/nil_method.c 1 /home/phd/oliva/src/egcs-1.1/gcc/hash.c 1 /home/phd/oliva/src/egcs-1.1/gcc/f/top.c 1 /home/phd/oliva/src/egcs-1.1/gcc/f/parse.c 1 /home/phd/oliva/src/egcs-1.1/gcc/f/malloc.c 1 /home/phd/oliva/src/egcs-1.1/gcc/f/implic.c 1 /home/phd/oliva/src/egcs-1.1/gcc/f/expr.c 1 /home/phd/oliva/src/egcs-1.1/gcc/cppalloc.c 1 /home/phd/oliva/src/egcs-1.1/gcc/cp/typeck2.c 1 /home/phd/oliva/src/egcs-1.1/gcc/cp/typeck.c 1 /home/phd/oliva/src/egcs-1.1/gcc/cp/sig.c 1 /home/phd/oliva/src/egcs-1.1/gcc/cp/input.c 1 /home/phd/oliva/src/egcs-1.1/gcc/cp/errfn.c 1 /home/phd/oliva/src/egcs-1.1/gcc/cp/class.c 1 /home/phd/oliva/src/egcs-1.1/gcc/convert.c 1 /home/phd/oliva/src/egcs-1.1/gcc/c-typeck.c 1 /home/phd/oliva/src/egcs-1.1/gcc/c-iterate.c 1 /home/phd/oliva/src/egcs-1.1/gcc/c-aux-info.c Number of warning types: 1616 missing initializer for `???' 351 implicit declaration of function `???' 204 comparison between signed and unsigned 195 `???' might be used uninitialized in this function 167 subscript has type `char' 131 unused parameter `???' 39 label `???' defined but not used 18 variable `???' might be clobbered by `longjmp' or `vfork' 17 ??? format, ??? arg (arg ???) 12 array subscript has type `char' 7 unused variable `???' 5 empty body in an else-statement 5 argument `???' might be clobbered by `longjmp' or `vfork' 3 `???' defined but not used 1 value computed is not used 1 unsigned value < 0 is always 0 1 suggest parentheses around assignment used as truth value 1 suggest explicit braces to avoid ambiguous `else' 1 assignment from incompatible pointer type