This is the mail archive of the egcs-testresults@egcs.cygnus.com mailing list for the EGCS project. See the EGCS home page for more information.
Native configuration is mips-sgi-irix5.2 === g++ tests === Running target unix FAIL: g++.brendan/eh1.C Execution test FAIL: g++.eh/cleanup1.C Execution test FAIL: g++.eh/flow1.C Execution test FAIL: g++.eh/new1.C Execution test FAIL: g++.eh/new2.C Execution test FAIL: g++.eh/pdel1.C Execution test FAIL: g++.eh/pdel2.C Execution test FAIL: g++.eh/ptr1.C Execution test FAIL: g++.eh/rethrow1.C Execution test FAIL: g++.eh/rethrow2.C Execution test FAIL: g++.eh/rethrow3.C Execution test FAIL: g++.eh/rethrow4.C Execution test FAIL: g++.eh/rethrow5.C Execution test FAIL: g++.eh/spec1.C Execution test FAIL: g++.eh/spec2.C Execution test FAIL: g++.eh/spec3.C Execution test FAIL: g++.eh/spec4.C Execution test FAIL: g++.eh/tmpl1.C Execution test FAIL: g++.martin/new1.C Execution test FAIL: g++.mike/dyncast1.C Execution test FAIL: g++.mike/dyncast2.C Execution test FAIL: g++.mike/eh10.C Execution test FAIL: g++.mike/eh12.C Execution test FAIL: g++.mike/eh14.C Execution test FAIL: g++.mike/eh16.C Execution test FAIL: g++.mike/eh17.C Execution test FAIL: g++.mike/eh18.C Execution test FAIL: g++.mike/eh2.C Execution test FAIL: g++.mike/eh21.C Execution test FAIL: g++.mike/eh23.C Execution test FAIL: g++.mike/eh24.C Execution test FAIL: g++.mike/eh25.C Execution test FAIL: g++.mike/eh26.C Execution test FAIL: g++.mike/eh27.C Execution test FAIL: g++.mike/eh28.C Execution test FAIL: g++.mike/eh29.C Execution test FAIL: g++.mike/eh3.C Execution test FAIL: g++.mike/eh31.C Execution test FAIL: g++.mike/eh33.C Execution test FAIL: g++.mike/eh34.C Execution test FAIL: g++.mike/eh35.C Execution test FAIL: g++.mike/eh36.C Execution test FAIL: g++.mike/eh37.C Execution test FAIL: g++.mike/eh38.C Execution test FAIL: g++.mike/eh39.C Execution test FAIL: g++.mike/eh40.C Execution test FAIL: g++.mike/eh41.C Execution test FAIL: g++.mike/eh42.C Execution test FAIL: g++.mike/eh44.C Execution test FAIL: g++.mike/eh47.C Execution test FAIL: g++.mike/eh48.C Execution test FAIL: g++.mike/eh49.C Execution test FAIL: g++.mike/eh5.C Execution test FAIL: g++.mike/eh50.C Execution test FAIL: g++.mike/eh51.C Execution test FAIL: g++.mike/eh55.C Execution test FAIL: g++.mike/eh6.C Execution test FAIL: g++.mike/eh8.C Execution test FAIL: g++.mike/p7912.C Execution test FAIL: g++.mike/p9706.C Execution test FAIL: g++.other/array1.C Execution test FAIL: g++.other/init7.C Execution test FAIL: g++.other/singleton.C Execution test XPASS: g++.pt/instantiate6.C (test for excess errors) FAIL: g++.pt/static3.C (test for excess errors) FAIL: g++.robertl/eb31.C Execution test FAIL: g++.robertl/eb50.C Execution test FAIL: g++.robertl/eb66.C Execution test FAIL: g++.robertl/eb77.C Execution test FAIL: g++.robertl/eb88.C Execution test === g++ Summary === # of expected passes 4843 # of unexpected failures 69 # of unexpected successes 1 # of expected failures 82 # of untested testcases 7 /tmp/egcs/gcc/testsuite/../xgcc version egcs-2.93.10 19990228 (gcc2 ss-980929 experimental) === g77 tests === Running target unix FAIL: g77.f-torture/execute/980520-1.f compilation, -O2 -fomit-frame-pointer -finline-functions FAIL: g77.f-torture/execute/cabs.f compilation, -O2 === g77 Summary === # of expected passes 473 # of unexpected failures 2 # of untested testcases 2 === gcc tests === Running target unix FAIL: gcc.c-torture/execute/920501-5.c compilation, -Os FAIL: gcc.c-torture/execute/920501-6.c compilation, -O2 FAIL: gcc.c-torture/execute/920520-1.c compilation, -Os FAIL: gcc.c-torture/execute/921016-1.c compilation, -O3 -fomit-frame-pointer FAIL: gcc.c-torture/execute/930126-1.c compilation, -O3 -g FAIL: gcc.c-torture/execute/930529-1.c compilation, -O2 FAIL: gcc.c-torture/execute/931004-10.c execution, -O0 FAIL: gcc.c-torture/execute/931004-10.c execution, -O1 FAIL: gcc.c-torture/execute/931004-10.c execution, -O2 FAIL: gcc.c-torture/execute/931004-10.c execution, -O3 -fomit-frame-pointer FAIL: gcc.c-torture/execute/931004-10.c execution, -O3 -fomit-frame-pointer -funroll-loops FAIL: gcc.c-torture/execute/931004-10.c execution, -O3 -fomit-frame-pointer -funroll-all-loops -finline-functions FAIL: gcc.c-torture/execute/931004-10.c execution, -O3 -g FAIL: gcc.c-torture/execute/931004-10.c execution, -Os FAIL: gcc.c-torture/execute/931004-11.c execution, -O0 FAIL: gcc.c-torture/execute/931004-11.c execution, -O1 FAIL: gcc.c-torture/execute/931004-11.c execution, -O2 FAIL: gcc.c-torture/execute/931004-11.c execution, -Os FAIL: gcc.c-torture/execute/931004-12.c execution, -O0 FAIL: gcc.c-torture/execute/931004-12.c execution, -O1 FAIL: gcc.c-torture/execute/931004-12.c execution, -O2 FAIL: gcc.c-torture/execute/931004-12.c execution, -O3 -fomit-frame-pointer FAIL: gcc.c-torture/execute/931004-12.c execution, -O3 -fomit-frame-pointer -funroll-loops FAIL: gcc.c-torture/execute/931004-12.c execution, -O3 -fomit-frame-pointer -funroll-all-loops -finline-functions FAIL: gcc.c-torture/execute/931004-12.c execution, -O3 -g FAIL: gcc.c-torture/execute/931004-12.c execution, -Os FAIL: gcc.c-torture/execute/931004-3.c execution, -O0 FAIL: gcc.c-torture/execute/931004-3.c execution, -O1 FAIL: gcc.c-torture/execute/931004-3.c execution, -O2 FAIL: gcc.c-torture/execute/931004-3.c execution, -Os FAIL: gcc.c-torture/execute/931004-4.c execution, -O0 FAIL: gcc.c-torture/execute/931004-4.c execution, -O1 FAIL: gcc.c-torture/execute/931004-4.c execution, -O2 FAIL: gcc.c-torture/execute/931004-4.c execution, -O3 -fomit-frame-pointer FAIL: gcc.c-torture/execute/931004-4.c execution, -O3 -fomit-frame-pointer -funroll-loops FAIL: gcc.c-torture/execute/931004-4.c execution, -O3 -fomit-frame-pointer -funroll-all-loops -finline-functions FAIL: gcc.c-torture/execute/931004-4.c execution, -O3 -g FAIL: gcc.c-torture/execute/931004-4.c execution, -Os FAIL: gcc.c-torture/execute/931004-7.c execution, -O0 FAIL: gcc.c-torture/execute/931004-7.c execution, -O1 FAIL: gcc.c-torture/execute/931004-7.c execution, -O2 FAIL: gcc.c-torture/execute/931004-7.c execution, -Os FAIL: gcc.c-torture/execute/931004-8.c execution, -O0 FAIL: gcc.c-torture/execute/931004-8.c execution, -O1 FAIL: gcc.c-torture/execute/931004-8.c execution, -O2 FAIL: gcc.c-torture/execute/931004-8.c execution, -O3 -fomit-frame-pointer FAIL: gcc.c-torture/execute/931004-8.c execution, -O3 -fomit-frame-pointer -funroll-loops FAIL: gcc.c-torture/execute/931004-8.c execution, -O3 -fomit-frame-pointer -funroll-all-loops -finline-functions FAIL: gcc.c-torture/execute/931004-8.c execution, -O3 -g FAIL: gcc.c-torture/execute/931004-8.c execution, -Os FAIL: gcc.c-torture/execute/931004-9.c execution, -O0 FAIL: gcc.c-torture/execute/931004-9.c execution, -O1 FAIL: gcc.c-torture/execute/931004-9.c execution, -O2 FAIL: gcc.c-torture/execute/931004-9.c execution, -Os FAIL: gcc.c-torture/execute/931005-1.c execution, -O0 FAIL: gcc.c-torture/execute/931005-1.c execution, -O1 FAIL: gcc.c-torture/execute/931005-1.c compilation, -O2 FAIL: gcc.c-torture/execute/931005-1.c execution, -Os FAIL: gcc.c-torture/execute/950621-1.c compilation, -O3 -g FAIL: gcc.c-torture/execute/960317-1.c compilation, -O3 -fomit-frame-pointer FAIL: gcc.c-torture/execute/970214-2.c compilation, -O0 FAIL: gcc.c-torture/execute/970217-1.c compilation, -O1 FAIL: gcc.c-torture/execute/990119-1.c execution, -O0 FAIL: gcc.c-torture/execute/990119-1.c execution, -O1 FAIL: gcc.c-torture/execute/990119-1.c execution, -O2 FAIL: gcc.c-torture/execute/990119-1.c execution, -O3 -fomit-frame-pointer FAIL: gcc.c-torture/execute/990119-1.c execution, -O3 -g FAIL: gcc.c-torture/execute/990119-1.c execution, -Os FAIL: gcc.c-torture/execute/990130-1.c compilation, -O0 FAIL: gcc.c-torture/execute/990130-1.c compilation, -O1 FAIL: gcc.c-torture/execute/990130-1.c compilation, -O2 FAIL: gcc.c-torture/execute/990130-1.c compilation, -O3 -fomit-frame-pointer FAIL: gcc.c-torture/execute/990130-1.c compilation, -O3 -g FAIL: gcc.c-torture/execute/990130-1.c compilation, -Os FAIL: gcc.c-torture/execute/bcp-1.c compilation, -O3 -fomit-frame-pointer -funroll-loops FAIL: gcc.c-torture/execute/struct-ini-3.c compilation, -Os FAIL: gcc.c-torture/execute/struct-ret-1.c compilation, -Os FAIL: gcc.c-torture/execute/ieee/rbug.c compilation, -O1 XPASS: gcc.c-torture/execute/memcheck/blkarg.c execution, -O0 XPASS: gcc.c-torture/execute/memcheck/blkarg.c execution, -O1 XPASS: gcc.c-torture/execute/memcheck/blkarg.c execution, -O2 XPASS: gcc.c-torture/execute/memcheck/blkarg.c execution, -Os FAIL: gcc.c-torture/execute/memcheck/t8.c compilation, -O3 -g FAIL: gcc.c-torture/noncompile/951227-1.c FAIL: gcc.c-torture/unsorted/cp.c, -O1 FAIL: gcc.c-torture/unsorted/cp.c, -O2 FAIL: gcc.c-torture/unsorted/cp.c, -O3 -fomit-frame-pointer FAIL: gcc.c-torture/unsorted/cp.c, -O3 -g FAIL: gcc.c-torture/unsorted/cp.c, -Os FAIL: gcc.dg/cpp-if1.c invalid number (test for errors, line 12) FAIL: gcc.dg/cpp-if1.c invalid number (test for errors, line 15) FAIL: gcc.dg/cpp-if1.c invalid number (test for errors, line 18) FAIL: gcc.dg/cpp-if1.c floating point in #if (test for errors, line 21) FAIL: gcc.dg/cpp-if1.c too many suffixes (test for errors, line 24) FAIL: gcc.dg/cpp-if1.c too many suffixes (test for errors, line 27) FAIL: gcc.dg/cpp-if1.c (test for excess errors) FAIL: gcc.dg/cpp-if3.c (test for excess errors) FAIL: gcc.dg/special/weak-1.c (test for excess errors) FAIL: gcc.dg/special/weak-1.c execution test FAIL: gcc.dg/special/weak-2.c (test for excess errors) FAIL: gcc.dg/special/weak-2.c execution test FAIL: gcc.dg/special/alias-1.c (test for excess errors) FAIL: gcc.dg/special/wkali-1.c (test for excess errors) FAIL: wkali-2a.o FAIL: gcc.misc-tests/m-un-2.c warning regression (test for warnings, line 18) FAIL: gcc.misc-tests/m-un-2.c warning regression (test for warnings, line 23) FAIL: gcc.misc-tests/m-un-2.c (test for excess errors) === gcc Summary === # of expected passes 7894 # of unexpected failures 103 # of unexpected successes 4 # of expected failures 15 # of unresolved testcases 22 # of unsupported tests 24 /tmp/egcs/gcc/xgcc version egcs-2.93.10 19990228 (gcc2 ss-980929 experimental) === libg++ tests === Running target unix FAIL: tFile.cc execution === libg++ Summary === # of expected passes 70 # of unexpected failures 1 # of expected failures 1 === libstdc++ tests === Running target unix === libstdc++ Summary === # of expected passes 30 === objc tests === Running target unix === objc Summary === # of expected passes 38 /tmp/egcs/gcc/xgcc version egcs-2.93.10 19990228 (gcc2 ss-980929 experimental) Compiler version: egcs-2.93.10 19990228 (gcc2 ss-980929 experimental) Platform: mips-sgi-irix5.2 BOOT_CFLAGS: -g -O9 -W -Wall Counting all warnings, there are 540 warnings in stage3 of this bootstrap. Number of warnings per file: 137 /home/phd/oliva/src/egcs/gcc/toplev.c 22 /home/phd/oliva/src/egcs/gcc/java/lex.c 20 /home/phd/oliva/src/egcs/gcc/java/jcf-parse.c 16 /home/phd/oliva/src/egcs/gcc/java/jcf-reader.c 14 /home/phd/oliva/src/egcs/gcc/objc/objc-act.c 13 /home/phd/oliva/src/egcs/gcc/java/expr.c 13 ./parse.y 12 insn-emit.c 12 /home/phd/oliva/src/egcs/gcc/varasm.c 12 /home/phd/oliva/src/egcs/gcc/java/jcf-write.c 12 /home/phd/oliva/src/egcs/gcc/java/jcf-dump.c 12 /home/phd/oliva/src/egcs/gcc/java/javaop.def 12 /home/phd/oliva/src/egcs/gcc/cse.c 11 /home/phd/oliva/src/egcs/gcc/java/gjavah.c 11 /home/phd/oliva/src/egcs/gcc/integrate.c 10 /home/phd/oliva/src/egcs/gcc/fold-const.c 8 cexp.y 8 /home/phd/oliva/src/egcs/gcc/unroll.c 8 /home/phd/oliva/src/egcs/gcc/reload1.c 8 /home/phd/oliva/src/egcs/gcc/loop.c 7 /home/phd/oliva/src/egcs/gcc/sdbout.c 7 /home/phd/oliva/src/egcs/gcc/optabs.c 7 /home/phd/oliva/src/egcs/gcc/java/lex.h 7 /home/phd/oliva/src/egcs/gcc/java/class.c 7 /home/phd/oliva/src/egcs/gcc/dbxout.c 7 /home/phd/oliva/src/egcs/gcc/combine.c 7 /home/phd/oliva/src/egcs/gcc/cccp.c 7 /home/phd/oliva/src/egcs/gcc/calls.c 6 /home/phd/oliva/src/egcs/gcc/reload.c 6 /home/phd/oliva/src/egcs/gcc/cp/lex.c 6 /home/phd/oliva/src/egcs/gcc/c-lex.c 5 /home/phd/oliva/src/egcs/gcc/java/verify.c 4 /home/phd/oliva/src/egcs/gcc/sched.c 4 /home/phd/oliva/src/egcs/gcc/protoize.c 4 /home/phd/oliva/src/egcs/gcc/java/../config/mips/mips.h 4 /home/phd/oliva/src/egcs/gcc/final.c 3 gcj.c 3 g77.c 3 g++.c 3 /home/phd/oliva/src/egcs/gcc/stmt.c 3 /home/phd/oliva/src/egcs/gcc/regmove.c 3 /home/phd/oliva/src/egcs/gcc/local-alloc.c 3 /home/phd/oliva/src/egcs/gcc/java/typeck.c 3 /home/phd/oliva/src/egcs/gcc/java/parse.h 3 /home/phd/oliva/src/egcs/gcc/genopinit.c 3 /home/phd/oliva/src/egcs/gcc/gcc.c 3 /home/phd/oliva/src/egcs/gcc/function.c 3 /home/phd/oliva/src/egcs/gcc/expr.c 3 /home/phd/oliva/src/egcs/gcc/config/mips/mips.c 3 /home/phd/oliva/src/egcs/gcc/collect2.c 2 insn-attrtab.c 2 /home/phd/oliva/src/egcs/gcc/gcov.c 2 /home/phd/oliva/src/egcs/gcc/fix-header.c 2 /home/phd/oliva/src/egcs/gcc/cppexp.c 1 splay-tree.c 1 cxxmain.c 1 /home/phd/oliva/src/egcs/gcc/tree.c 1 /home/phd/oliva/src/egcs/gcc/tlink.c 1 /home/phd/oliva/src/egcs/gcc/stupid.c 1 /home/phd/oliva/src/egcs/gcc/scan-decls.c 1 /home/phd/oliva/src/egcs/gcc/regclass.c 1 /home/phd/oliva/src/egcs/gcc/java/jvspec.c 1 /home/phd/oliva/src/egcs/gcc/java/jvgenmain.c 1 /home/phd/oliva/src/egcs/gcc/java/jcf-io.c 1 /home/phd/oliva/src/egcs/gcc/java/decl.c 1 /home/phd/oliva/src/egcs/gcc/java/constants.c 1 /home/phd/oliva/src/egcs/gcc/hash.c 1 /home/phd/oliva/src/egcs/gcc/graph.c 1 /home/phd/oliva/src/egcs/gcc/genattrtab.c 1 /home/phd/oliva/src/egcs/gcc/f/g77spec.c 1 /home/phd/oliva/src/egcs/gcc/expmed.c 1 /home/phd/oliva/src/egcs/gcc/explow.c 1 /home/phd/oliva/src/egcs/gcc/except.c 1 /home/phd/oliva/src/egcs/gcc/dwarf2out.c 1 /home/phd/oliva/src/egcs/gcc/cpphash.c 1 /home/phd/oliva/src/egcs/gcc/cp/pt.c 1 /home/phd/oliva/src/egcs/gcc/cp/decl.c 1 ./parse-scan.y Number of warning types: 120 `???' might be used uninitialized in this function 73 unused parameter `???' 63 missing initializer 63 (near initialization for `???') 45 comparison between signed and unsigned 44 implicit declaration of function `???' 39 unused variable `???' 28 variable `???' might be clobbered by `longjmp' or `vfork' 22 statement with no effect 14 ??? format, ??? arg (arg ???) 6 `???' declared `static' but never defined 5 argument `???' might be clobbered by `longjmp' or `vfork' 4 this is the location of the previous definition 4 initialization from incompatible pointer type 4 `???' redefined 3 control reaches end of non-void function 1 value computed is not used 1 label `???' defined but not used 1 `???' defined but not used