This is the mail archive of the egcs-testresults@egcs.cygnus.com mailing list for the EGCS project. See the EGCS home page for more information.
Native configuration is i686-pc-linux-gnu === g++ tests === Running target unix === g++ Summary === # of expected passes 4222 # of expected failures 85 # of untested testcases 7 /tmp/egcs-1.1/gcc/testsuite/../xgcc version egcs-2.91.62 19990224 (egcs-1.1.2 pre-release-2) === g77 tests === Running target unix === g77 Summary === # of expected passes 415 === gcc tests === Running target unix FAIL: gcc.c-torture/execute/980526-1.c execution, -O2 -fomit-frame-pointer -finline-functions FAIL: gcc.c-torture/execute/ieee/980619-1.c execution, -O1 FAIL: gcc.c-torture/execute/ieee/980619-1.c execution, -O2 FAIL: gcc.c-torture/execute/ieee/980619-1.c execution, -O2 -fomit-frame-pointer -finline-functions FAIL: gcc.c-torture/execute/ieee/980619-1.c execution, -O2 -fomit-frame-pointer -finline-functions -funroll-loops FAIL: gcc.c-torture/execute/ieee/980619-1.c execution, -O2 -fomit-frame-pointer -finline-functions -funroll-all-loops FAIL: gcc.c-torture/execute/ieee/980619-1.c execution, -O2 -g FAIL: gcc.c-torture/execute/ieee/980619-1.c execution, -Os FAIL: gcc.dg/980626-1.c (test for excess errors) FAIL: gcc.dg/clobbers.c execution test === gcc Summary === # of expected passes 7497 # of unexpected failures 10 # of expected failures 7 # of unsupported tests 11 /tmp/egcs-1.1/gcc/xgcc version egcs-2.91.62 19990224 (egcs-1.1.2 pre-release-2) === libio tests === Running target unix === libio Summary === # of expected passes 40 === libstdc++ tests === Running target unix === libstdc++ Summary === # of expected passes 30 Compiler version: egcs-2.91.62 19990224 (egcs-1.1.2 pre-release-2) Platform: i686-pc-linux-gnu BOOT_CFLAGS: -g -O9 -W -Wall Counting all warnings, there are 813 warnings in stage3 of this bootstrap. Number of warnings per file: 97 /home/phd/oliva/src/egcs-1.1/gcc/cp/hash.h 69 /home/phd/oliva/src/egcs-1.1/gcc/c-gperf.h 64 /home/phd/oliva/src/egcs-1.1/gcc/toplev.c 24 /home/phd/oliva/src/egcs-1.1/gcc/combine.c 22 /home/phd/oliva/src/egcs-1.1/gcc/objc/objc-act.c 22 /home/phd/oliva/src/egcs-1.1/gcc/dwarf2out.c 18 insn-recog.c 18 /home/phd/oliva/src/egcs-1.1/gcc/varasm.c 18 /home/phd/oliva/src/egcs-1.1/gcc/reload1.c 18 /home/phd/oliva/src/egcs-1.1/gcc/expmed.c 18 /home/phd/oliva/src/egcs-1.1/gcc/dwarfout.c 16 /home/phd/oliva/src/egcs-1.1/gcc/cp/call.c 15 g77.c 15 g++.c 15 /home/phd/oliva/src/egcs-1.1/gcc/gcc.c 15 /home/phd/oliva/src/egcs-1.1/gcc/cse.c 13 cxxmain.c 13 /home/phd/oliva/src/egcs-1.1/gcc/cplus-dem.c 12 /home/phd/oliva/src/egcs-1.1/gcc/objc/archive.c 12 /home/phd/oliva/src/egcs-1.1/gcc/expr.c 11 /home/phd/oliva/src/egcs-1.1/gcc/fold-const.c 11 /home/phd/oliva/src/egcs-1.1/gcc/cp/pt.c 11 /home/phd/oliva/src/egcs-1.1/gcc/cp/lex.c 10 /home/phd/oliva/src/egcs-1.1/gcc/stor-layout.c 10 /home/phd/oliva/src/egcs-1.1/gcc/sched.c 10 /home/phd/oliva/src/egcs-1.1/gcc/regclass.c 10 /home/phd/oliva/src/egcs-1.1/gcc/integrate.c 10 /home/phd/oliva/src/egcs-1.1/gcc/emit-rtl.c 9 /home/phd/oliva/src/egcs-1.1/gcc/optabs.c 9 /home/phd/oliva/src/egcs-1.1/gcc/global.c 9 /home/phd/oliva/src/egcs-1.1/gcc/final.c 9 /home/phd/oliva/src/egcs-1.1/gcc/alias.c 8 /home/phd/oliva/src/egcs-1.1/gcc/unroll.c 8 /home/phd/oliva/src/egcs-1.1/gcc/cccp.c 8 /home/phd/oliva/src/egcs-1.1/gcc/c-lex.c 7 /home/phd/oliva/src/egcs-1.1/gcc/reload.c 7 /home/phd/oliva/src/egcs-1.1/gcc/pexecute.c 7 /home/phd/oliva/src/egcs-1.1/gcc/flow.c 6 /home/phd/oliva/src/egcs-1.1/gcc/protoize.c 6 /home/phd/oliva/src/egcs-1.1/gcc/local-alloc.c 6 /home/phd/oliva/src/egcs-1.1/gcc/cp/decl2.c 5 /home/phd/oliva/src/egcs-1.1/gcc/tree.c 5 /home/phd/oliva/src/egcs-1.1/gcc/reg-stack.c 4 insn-output.c 4 insn-emit.c 4 cexp.y 4 /home/phd/oliva/src/egcs-1.1/gcc/stmt.c 4 /home/phd/oliva/src/egcs-1.1/gcc/regmove.c 4 /home/phd/oliva/src/egcs-1.1/gcc/objc/sarray.c 4 /home/phd/oliva/src/egcs-1.1/gcc/dbxout.c 4 /home/phd/oliva/src/egcs-1.1/gcc/c-decl.c 3 /home/phd/oliva/src/egcs-1.1/gcc/rtl.c 3 /home/phd/oliva/src/egcs-1.1/gcc/objc/Object.m 3 /home/phd/oliva/src/egcs-1.1/gcc/loop.c 3 /home/phd/oliva/src/egcs-1.1/gcc/genrecog.c 3 /home/phd/oliva/src/egcs-1.1/gcc/genopinit.c 3 /home/phd/oliva/src/egcs-1.1/gcc/cp/init.c 3 /home/phd/oliva/src/egcs-1.1/gcc/cp/decl.c 3 /home/phd/oliva/src/egcs-1.1/gcc/collect2.c 3 /home/phd/oliva/src/egcs-1.1/gcc/c-common.c 2 /home/phd/oliva/src/egcs-1.1/gcc/tlink.c 2 /home/phd/oliva/src/egcs-1.1/gcc/stupid.c 2 /home/phd/oliva/src/egcs-1.1/gcc/objc/selector.c 2 /home/phd/oliva/src/egcs-1.1/gcc/objc/init.c 2 /home/phd/oliva/src/egcs-1.1/gcc/gcov-io.h 2 /home/phd/oliva/src/egcs-1.1/gcc/function.c 2 /home/phd/oliva/src/egcs-1.1/gcc/explow.c 2 /home/phd/oliva/src/egcs-1.1/gcc/cp/spew.c 2 /home/phd/oliva/src/egcs-1.1/gcc/cp/expr.c 2 /home/phd/oliva/src/egcs-1.1/gcc/cp/cvt.c 2 /home/phd/oliva/src/egcs-1.1/gcc/calls.c 2 /home/phd/oliva/src/egcs-1.1/gcc/caller-save.c 2 /home/phd/oliva/src/egcs-1.1/gcc/bitmap.c 1 /home/phd/oliva/src/egcs-1.1/gcc/recog.c 1 /home/phd/oliva/src/egcs-1.1/gcc/real.c 1 /home/phd/oliva/src/egcs-1.1/gcc/print-rtl.c 1 /home/phd/oliva/src/egcs-1.1/gcc/objc/thr-posix.c 1 /home/phd/oliva/src/egcs-1.1/gcc/objc/nil_method.c 1 /home/phd/oliva/src/egcs-1.1/gcc/mkstemp.c 1 /home/phd/oliva/src/egcs-1.1/gcc/hash.c 1 /home/phd/oliva/src/egcs-1.1/gcc/gencheck.c 1 /home/phd/oliva/src/egcs-1.1/gcc/genattrtab.c 1 /home/phd/oliva/src/egcs-1.1/gcc/f/where.c 1 /home/phd/oliva/src/egcs-1.1/gcc/f/top.c 1 /home/phd/oliva/src/egcs-1.1/gcc/f/malloc.c 1 /home/phd/oliva/src/egcs-1.1/gcc/f/g77spec.c 1 /home/phd/oliva/src/egcs-1.1/gcc/f/com.c 1 /home/phd/oliva/src/egcs-1.1/gcc/crtstuff.c 1 /home/phd/oliva/src/egcs-1.1/gcc/cp/typeck.c 1 /home/phd/oliva/src/egcs-1.1/gcc/cp/tree.c 1 /home/phd/oliva/src/egcs-1.1/gcc/cp/search.c 1 /home/phd/oliva/src/egcs-1.1/gcc/cp/method.c 1 /home/phd/oliva/src/egcs-1.1/gcc/convert.c 1 /home/phd/oliva/src/egcs-1.1/gcc/config/i386/i386.c 1 /home/phd/oliva/src/egcs-1.1/gcc/choose-temp.c Number of warning types: 250 missing initializer for `???' 204 comparison between signed and unsigned 158 `???' might be used uninitialized in this function 98 unused parameter `???' 22 implicit declaration of function `???' 20 variable `???' might be clobbered by `longjmp' or `vfork' 18 label `???' defined but not used 12 array subscript has type `char' 11 unused variable `???' 5 suggest parentheses around && within || 5 argument `???' might be clobbered by `longjmp' or `vfork' 2 zero-length format string 2 suggest explicit braces to avoid ambiguous `else' 2 `???' defined but not used 1 value computed is not used 1 unsigned value < 0 is always 0 1 suggest parentheses around assignment used as truth value 1 empty body in an else-statement