This is the mail archive of the egcs-testresults@egcs.cygnus.com mailing list for the EGCS project. See the EGCS home page for more information.
This test is performed on a Red Hat 4.2 system, using binutils version 2.9.1.0.19a so that exceptions will work correctly. libc claims to be 5.3.12, though it also contains many Red Hat fixes. Although the compiler version is reported as egcs-1.1.2 prerelease 2, this is actually from the CVS egcs_1_1_branch , updated on Friday, Feb 26 at about 9 PM, so there are a couple more patches. Native configuration is i586-pc-linux-gnulibc1 === libio tests === Running target unix === libio Summary === # of expected passes 40 === libstdc++ tests === Running target unix === libstdc++ Summary === # of expected passes 30 === gcc tests === Running target unix FAIL: gcc.c-torture/execute/980526-1.c execution, -O2 -fomit-frame-pointer -finline-functions FAIL: gcc.c-torture/execute/ieee/980619-1.c execution, -O1 FAIL: gcc.c-torture/execute/ieee/980619-1.c execution, -O2 FAIL: gcc.c-torture/execute/ieee/980619-1.c execution, -O2 -fomit-frame-pointer -finline-functions FAIL: gcc.c-torture/execute/ieee/980619-1.c execution, -O2 -fomit-frame-pointer -finline-functions -funroll-loops FAIL: gcc.c-torture/execute/ieee/980619-1.c execution, -O2 -fomit-frame-pointer -finline-functions -funroll-all-loops FAIL: gcc.c-torture/execute/ieee/980619-1.c execution, -O2 -g FAIL: gcc.c-torture/execute/ieee/980619-1.c execution, -Os FAIL: gcc.dg/980626-1.c (test for excess errors) FAIL: gcc.dg/clobbers.c execution test === gcc Summary === # of expected passes 7497 # of unexpected failures 10 # of expected failures 7 # of unsupported tests 11 /home/jbuck/egcs-work/egcs-linux/gcc/xgcc version egcs-2.91.62 19990224 (egcs-1.1.2 pre-release-2) === g++ tests === Running target unix === g++ Summary === # of expected passes 4223 # of expected failures 84 # of untested testcases 7 /home/jbuck/egcs-work/egcs-linux/gcc/testsuite/../xgcc version egcs-2.91.62 19990224 (egcs-1.1.2 pre-release-2) === g77 tests === Running target unix === g77 Summary === # of expected passes 415 Compiler version: egcs-2.91.62 19990224 (egcs-1.1.2 pre-release-2) Platform: i586-pc-linux-gnulibc1 configure flags: --with-gcc-version-trigger=/home/jbuck/egcs-work/egcs/gcc/version.c --host=i586-pc-linux-gnulibc1 --prefix=/usr/local/egcs --srcdir=../egcs --enable-shared --norecursion