This is the mail archive of the egcs-testresults@egcs.cygnus.com mailing list for the EGCS project. See the EGCS home page for more information.
This was on a Red Hat Linux 5.2/SPARC system (up to date as of 1999-02-26). Native configuration is sparc-redhat-linux-gnu === libio tests === Running target unix === libio Summary === # of expected passes 40 === libstdc++ tests === Running target unix === libstdc++ Summary === # of expected passes 30 === gcc tests === Running target unix FAIL: gcc.c-torture/execute/980506-2.c execution, -O2 FAIL: gcc.c-torture/execute/980506-2.c execution, -O2 -g FAIL: gcc.c-torture/execute/980506-2.c execution, -Os FAIL: gcc.c-torture/execute/980526-1.c execution, -O2 -fomit-frame-pointer -finline-functions FAIL: gcc.dg/980626-1.c (test for excess errors) === gcc Summary === # of expected passes 7493 # of unexpected failures 5 # of expected failures 7 # of unsupported tests 18 /usr/local/src/objdir-egcs-1.1.2-pre2/gcc/xgcc version egcs-2.91.62 19990224 (egcs-1.1.2 pre-release-2) === g++ tests === Running target unix XPASS: g++.robertl/eb132.C (test for excess errors) === g++ Summary === # of expected passes 4222 # of unexpected successes 1 # of expected failures 84 # of untested testcases 7 /usr/local/src/objdir-egcs-1.1.2-pre2/gcc/testsuite/../xgcc version egcs-2.91.62 19990224 (egcs-1.1.2 pre-release-2) === g77 tests === Running target unix FAIL: g77.f-torture/execute/erfc.f execution, -O0 === g77 Summary === # of expected passes 414 # of unexpected failures 1 Compiler version: egcs-2.91.62 19990224 (egcs-1.1.2 pre-release-2) Platform: sparc-redhat-linux-gnu configure flags: --with-gcc-version-trigger=/mnt/yoda/egcs-1.1.2-pre2/gcc/version.c --host=sparc-redhat-linux-gnu --enable-threads --verbose --norecursion There are 4 warnings in stage3 of this bootstrap. Number of warnings per file: 1 /mnt/yoda/egcs-1.1.2-pre2/gcc/f/where.c 1 /mnt/yoda/egcs-1.1.2-pre2/gcc/f/top.c 1 /mnt/yoda/egcs-1.1.2-pre2/gcc/f/malloc.c 1 /mnt/yoda/egcs-1.1.2-pre2/gcc/f/com.c Number of warning types: 3 missing initializer for \`???' 1 unused parameter \`???'