This is the mail archive of the egcs-testresults@egcs.cygnus.com mailing list for the EGCS project. See the EGCS home page for more information.
Native configuration is mips-sgi-irix6.2 === gcc tests === Running target unix FAIL: gcc.c-torture/execute/980506-2.c execution, -O2 FAIL: gcc.c-torture/execute/980506-2.c execution, -O2 -g FAIL: gcc.c-torture/execute/980506-2.c execution, -Os FAIL: gcc.c-torture/execute/980526-1.c execution, -O2 -fomit-frame-pointer -finline-functions FAIL: gcc.c-torture/execute/complex-5.c execution, -O0 FAIL: gcc.c-torture/execute/complex-5.c execution, -O1 FAIL: gcc.c-torture/execute/complex-5.c execution, -O2 FAIL: gcc.c-torture/execute/complex-5.c execution, -O2 -fomit-frame-pointer -finline-functions FAIL: gcc.c-torture/execute/complex-5.c execution, -O2 -g FAIL: gcc.c-torture/execute/complex-5.c execution, -Os FAIL: gcc.dg/980626-1.c (test for excess errors) === gcc Summary === # of expected passes 7485 # of unexpected failures 11 # of expected failures 7 # of unsupported tests 19 /exd4/billingd/obj/egcs-1.1.2-pre2/gcc/xgcc version egcs-2.91.62 19990224 (egcs-1.1.2 pre-release-2) === g77 tests === Running target unix === g77 Summary === # of expected passes 415 === g++ tests === Running target unix XPASS: g++.robertl/eb132.C (test for excess errors) === g++ Summary === # of expected passes 4219 # of unexpected successes 1 # of expected failures 87 # of untested testcases 7 /exd4/billingd/obj/egcs-1.1.2-pre2/gcc/testsuite/../xgcc version egcs-2.91.62 19990224 (egcs-1.1.2 pre-release-2) === libstdc++ tests === Running target unix === libstdc++ Summary === # of expected passes 30 === libio tests === Running target unix === libio Summary === # of expected passes 40 Compiler version: haifa-enabled egcs-2.91.62 19990224 (egcs-1.1.2 pre-release-2) Platform: mips-sgi-irix6.2 configure flags: --with-gcc-version-trigger=/exd4/billingd/src/egcs-1.1.2-pre2/gcc/version.c --host=mips-sgi-irix6.2 --enable-shared --enable-haifa --prefix=/exd4/billingd/tmp/egcs-1.1.2-pre2 --norecursion