This is the mail archive of the egcs-testresults@egcs.cygnus.com mailing list for the EGCS project. See the EGCS home page for more information.
Native configuration is hppa1.1-hp-hpux10.20 === libio tests === Running target unix === libio Summary === # of expected passes 40 === libstdc++ tests === Running target unix FAIL: tstring.cc execution FAIL: tstring.cc -O execution === libstdc++ Summary === # of expected passes 26 # of unexpected failures 2 # of expected failures 2 === gcc tests === Running target unix FAIL: gcc.c-torture/execute/960218-1.c compilation, -O0 FAIL: gcc.c-torture/execute/960218-1.c compilation, -O1 FAIL: gcc.c-torture/execute/960218-1.c compilation, -O2 FAIL: gcc.c-torture/execute/960218-1.c compilation, -O2 -fomit-frame-pointer -finline-functions FAIL: gcc.c-torture/execute/960218-1.c compilation, -O2 -fomit-frame-pointer -finline-functions -funroll-loops FAIL: gcc.c-torture/execute/960218-1.c compilation, -O2 -fomit-frame-pointer -finline-functions -funroll-all-loops FAIL: gcc.c-torture/execute/960218-1.c compilation, -O2 -g FAIL: gcc.c-torture/execute/960218-1.c compilation, -Os FAIL: gcc.c-torture/execute/980716-1.c execution, -O0 FAIL: gcc.c-torture/execute/990119-1.c execution, -O0 FAIL: gcc.c-torture/execute/990119-1.c execution, -O1 FAIL: gcc.c-torture/execute/990119-1.c execution, -O2 FAIL: gcc.c-torture/execute/990119-1.c execution, -O2 -fomit-frame-pointer -finline-functions FAIL: gcc.c-torture/execute/990119-1.c execution, -O2 -g FAIL: gcc.c-torture/execute/990119-1.c execution, -Os FAIL: gcc.c-torture/execute/990130-1.c compilation, -O0 FAIL: gcc.c-torture/execute/990130-1.c compilation, -O1 FAIL: gcc.c-torture/execute/990130-1.c compilation, -O2 FAIL: gcc.c-torture/execute/990130-1.c compilation, -O2 -fomit-frame-pointer -finline-functions FAIL: gcc.c-torture/execute/990130-1.c compilation, -O2 -g FAIL: gcc.c-torture/execute/990130-1.c compilation, -Os FAIL: gcc.c-torture/execute/strct-stdarg-1.c execution, -O0 FAIL: gcc.c-torture/execute/strct-stdarg-1.c execution, -O1 FAIL: gcc.c-torture/execute/strct-stdarg-1.c execution, -O2 FAIL: gcc.c-torture/execute/strct-stdarg-1.c execution, -O2 -fomit-frame-pointer -finline-functions FAIL: gcc.c-torture/execute/strct-stdarg-1.c execution, -O2 -fomit-frame-pointer -finline-functions -funroll-loops FAIL: gcc.c-torture/execute/strct-stdarg-1.c execution, -O2 -fomit-frame-pointer -finline-functions -funroll-all-loops FAIL: gcc.c-torture/execute/strct-stdarg-1.c execution, -O2 -g FAIL: gcc.c-torture/execute/strct-stdarg-1.c execution, -Os FAIL: gcc.c-torture/execute/ieee/fp-cmp-1.c execution, -O0 FAIL: gcc.c-torture/execute/ieee/mzero2.c execution, -O1 FAIL: gcc.c-torture/execute/ieee/mzero2.c execution, -O2 FAIL: gcc.c-torture/execute/ieee/mzero2.c execution, -O2 -fomit-frame-pointer -finline-functions FAIL: gcc.c-torture/execute/ieee/mzero2.c execution, -O2 -g FAIL: gcc.c-torture/execute/ieee/mzero2.c execution, -Os FAIL: gcc.c-torture/noncompile/951227-1.c FAIL: gcc.c-torture/special/981006-1.c (test for bogus messages, line 11) FAIL: gcc.c-torture/special/981006-1.c (test for bogus messages, line 12) FAIL: gcc.dg/cpp-if1.c invalid number (test for errors, line 12) FAIL: gcc.dg/cpp-if1.c invalid number (test for errors, line 15) FAIL: gcc.dg/cpp-if1.c invalid number (test for errors, line 18) FAIL: gcc.dg/cpp-if1.c floating point in #if (test for errors, line 21) FAIL: gcc.dg/cpp-if1.c too many suffixes (test for errors, line 24) FAIL: gcc.dg/cpp-if1.c too many suffixes (test for errors, line 27) FAIL: gcc.dg/cpp-if1.c (test for excess errors) FAIL: gcc.dg/special/alias-1.c (test for excess errors) FAIL: gcc.dg/special/wkali-1.c (test for excess errors) FAIL: gcc.misc-tests/m-un-2.c warning regression (test for warnings, line 18) FAIL: gcc.misc-tests/m-un-2.c warning regression (test for warnings, line 23) FAIL: gcc.misc-tests/m-un-2.c (test for excess errors) === gcc Summary === # of expected passes 7932 # of unexpected failures 50 # of expected failures 19 # of unresolved testcases 17 # of unsupported tests 23 /usr2/users/tim/src/gnu/egcs-19990221/hp/gcc/xgcc version egcs-2.93.09 19990221 (gcc2 ss-980929 experimental) === g++ tests === Running target unix XPASS: g++.mike/eh33.C (test for excess errors) XPASS: g++.mike/eh33.C Execution test XPASS: g++.mike/eh50.C (test for excess errors) XPASS: g++.mike/eh50.C Execution test XPASS: g++.pt/enum5.C template declaration of enum (test for errors, line 4) XPASS: g++.pt/instantiate6.C (test for excess errors) FAIL: g++.pt/static3.C (test for excess errors) === g++ Summary === # of expected passes 4861 # of unexpected failures 1 # of unexpected successes 6 # of expected failures 87 # of untested testcases 7 /usr2/users/tim/src/gnu/egcs-19990221/hp/gcc/testsuite/../xgcc version egcs-2.93.09 19990221 (gcc2 ss-980929 experimental) === g77 tests === Running target unix FAIL: g77.f-torture/compile/980310-2.f, -O0 FAIL: g77.f-torture/compile/980310-2.f, -O1 FAIL: g77.f-torture/compile/980310-2.f, -O2 FAIL: g77.f-torture/compile/980310-2.f, -O2 -fomit-frame-pointer -finline-functions FAIL: g77.f-torture/compile/980310-2.f, -Os FAIL: g77.f-torture/compile/alpha1.f, -O0 FAIL: g77.f-torture/compile/alpha1.f, -O1 FAIL: g77.f-torture/compile/alpha1.f, -O2 FAIL: g77.f-torture/compile/alpha1.f, -O2 -fomit-frame-pointer -finline-functions FAIL: g77.f-torture/compile/alpha1.f, -Os FAIL: g77.f-torture/compile/19981216-0.f, -O0 FAIL: g77.f-torture/compile/19981216-0.f, -O1 FAIL: g77.f-torture/compile/19981216-0.f, -O2 FAIL: g77.f-torture/compile/19981216-0.f, -O2 -fomit-frame-pointer -finline-functions FAIL: g77.f-torture/compile/19981216-0.f, -Os FAIL: g77.f-torture/execute/980628-0.f compilation, -O0 FAIL: g77.f-torture/execute/980628-0.f compilation, -O1 FAIL: g77.f-torture/execute/980628-0.f compilation, -O2 FAIL: g77.f-torture/execute/980628-0.f compilation, -O2 -fomit-frame-pointer -finline-functions FAIL: g77.f-torture/execute/980628-0.f compilation, -Os FAIL: g77.f-torture/execute/980628-1.f compilation, -O0 FAIL: g77.f-torture/execute/980628-1.f compilation, -O1 FAIL: g77.f-torture/execute/980628-1.f compilation, -O2 FAIL: g77.f-torture/execute/980628-1.f compilation, -O2 -fomit-frame-pointer -finline-functions FAIL: g77.f-torture/execute/980628-1.f compilation, -Os FAIL: g77.f-torture/execute/980628-10.f compilation, -O0 FAIL: g77.f-torture/execute/980628-10.f compilation, -O1 FAIL: g77.f-torture/execute/980628-10.f compilation, -O2 FAIL: g77.f-torture/execute/980628-10.f compilation, -O2 -fomit-frame-pointer -finline-functions FAIL: g77.f-torture/execute/980628-10.f compilation, -Os FAIL: g77.f-torture/execute/980628-2.f compilation, -O0 FAIL: g77.f-torture/execute/980628-2.f compilation, -O1 FAIL: g77.f-torture/execute/980628-2.f compilation, -O2 FAIL: g77.f-torture/execute/980628-2.f compilation, -O2 -fomit-frame-pointer -finline-functions FAIL: g77.f-torture/execute/980628-2.f compilation, -Os FAIL: g77.f-torture/execute/980628-3.f compilation, -O0 FAIL: g77.f-torture/execute/980628-3.f compilation, -O1 FAIL: g77.f-torture/execute/980628-3.f compilation, -O2 FAIL: g77.f-torture/execute/980628-3.f compilation, -O2 -fomit-frame-pointer -finline-functions FAIL: g77.f-torture/execute/980628-3.f compilation, -Os FAIL: g77.f-torture/execute/980628-4.f compilation, -O0 FAIL: g77.f-torture/execute/980628-4.f compilation, -O1 FAIL: g77.f-torture/execute/980628-4.f compilation, -O2 FAIL: g77.f-torture/execute/980628-4.f compilation, -O2 -fomit-frame-pointer -finline-functions FAIL: g77.f-torture/execute/980628-4.f compilation, -Os FAIL: g77.f-torture/execute/980628-5.f compilation, -O0 FAIL: g77.f-torture/execute/980628-5.f compilation, -O1 FAIL: g77.f-torture/execute/980628-5.f compilation, -O2 FAIL: g77.f-torture/execute/980628-5.f compilation, -O2 -fomit-frame-pointer -finline-functions FAIL: g77.f-torture/execute/980628-5.f compilation, -Os FAIL: g77.f-torture/execute/980628-6.f compilation, -O0 FAIL: g77.f-torture/execute/980628-6.f compilation, -O1 FAIL: g77.f-torture/execute/980628-6.f compilation, -O2 FAIL: g77.f-torture/execute/980628-6.f compilation, -O2 -fomit-frame-pointer -finline-functions FAIL: g77.f-torture/execute/980628-6.f compilation, -Os FAIL: g77.f-torture/execute/980628-7.f compilation, -O0 FAIL: g77.f-torture/execute/980628-7.f compilation, -O1 FAIL: g77.f-torture/execute/980628-7.f compilation, -O2 FAIL: g77.f-torture/execute/980628-7.f compilation, -O2 -fomit-frame-pointer -finline-functions FAIL: g77.f-torture/execute/980628-7.f compilation, -Os FAIL: g77.f-torture/execute/980628-8.f compilation, -O0 FAIL: g77.f-torture/execute/980628-8.f compilation, -O1 FAIL: g77.f-torture/execute/980628-8.f compilation, -O2 FAIL: g77.f-torture/execute/980628-8.f compilation, -O2 -fomit-frame-pointer -finline-functions FAIL: g77.f-torture/execute/980628-8.f compilation, -Os FAIL: g77.f-torture/execute/980628-9.f compilation, -O0 FAIL: g77.f-torture/execute/980628-9.f compilation, -O1 FAIL: g77.f-torture/execute/980628-9.f compilation, -O2 FAIL: g77.f-torture/execute/980628-9.f compilation, -O2 -fomit-frame-pointer -finline-functions FAIL: g77.f-torture/execute/980628-9.f compilation, -Os FAIL: g77.f-torture/execute/980701-0.f compilation, -O0 FAIL: g77.f-torture/execute/980701-0.f compilation, -O1 FAIL: g77.f-torture/execute/980701-0.f compilation, -O2 FAIL: g77.f-torture/execute/980701-0.f compilation, -O2 -fomit-frame-pointer -finline-functions FAIL: g77.f-torture/execute/980701-0.f compilation, -Os FAIL: g77.f-torture/execute/980701-1.f compilation, -O0 FAIL: g77.f-torture/execute/980701-1.f compilation, -O1 FAIL: g77.f-torture/execute/980701-1.f compilation, -O2 FAIL: g77.f-torture/execute/980701-1.f compilation, -O2 -fomit-frame-pointer -finline-functions FAIL: g77.f-torture/execute/980701-1.f compilation, -Os FAIL: g77.f-torture/execute/alpha2.f compilation, -O0 FAIL: g77.f-torture/execute/alpha2.f compilation, -O1 FAIL: g77.f-torture/execute/alpha2.f compilation, -O2 FAIL: g77.f-torture/execute/alpha2.f compilation, -O2 -fomit-frame-pointer -finline-functions FAIL: g77.f-torture/execute/alpha2.f compilation, -Os FAIL: g77.f-torture/execute/auto0.f compilation, -O0 FAIL: g77.f-torture/execute/auto0.f compilation, -O1 FAIL: g77.f-torture/execute/auto0.f compilation, -O2 FAIL: g77.f-torture/execute/auto0.f compilation, -O2 -fomit-frame-pointer -finline-functions FAIL: g77.f-torture/execute/auto0.f compilation, -O2 -fomit-frame-pointer -finline-functions -funroll-loops FAIL: g77.f-torture/execute/auto0.f compilation, -O2 -fomit-frame-pointer -finline-functions -funroll-all-loops FAIL: g77.f-torture/execute/auto0.f compilation, -Os FAIL: g77.f-torture/execute/auto1.f compilation, -O0 FAIL: g77.f-torture/execute/auto1.f compilation, -O1 FAIL: g77.f-torture/execute/auto1.f compilation, -O2 FAIL: g77.f-torture/execute/auto1.f compilation, -O2 -fomit-frame-pointer -finline-functions FAIL: g77.f-torture/execute/auto1.f compilation, -O2 -fomit-frame-pointer -finline-functions -funroll-loops FAIL: g77.f-torture/execute/auto1.f compilation, -O2 -fomit-frame-pointer -finline-functions -funroll-all-loops FAIL: g77.f-torture/execute/auto1.f compilation, -Os FAIL: g77.f-torture/execute/short.f compilation, -O0 FAIL: g77.f-torture/execute/short.f compilation, -O1 FAIL: g77.f-torture/execute/short.f compilation, -O2 FAIL: g77.f-torture/execute/short.f compilation, -O2 -fomit-frame-pointer -finline-functions FAIL: g77.f-torture/execute/short.f compilation, -O2 -fomit-frame-pointer -finline-functions -funroll-loops FAIL: g77.f-torture/execute/short.f compilation, -O2 -fomit-frame-pointer -finline-functions -funroll-all-loops FAIL: g77.f-torture/execute/short.f compilation, -Os === g77 Summary === # of expected passes 285 # of unexpected failures 106 # of untested testcases 91 === objc tests === Running target unix FAIL: objc/execute/bf-1.m compilation, -O FAIL: objc/execute/bf-10.m compilation, -O FAIL: objc/execute/bf-11.m compilation, -O FAIL: objc/execute/bf-12.m compilation, -O FAIL: objc/execute/bf-13.m compilation, -O FAIL: objc/execute/bf-14.m compilation, -O FAIL: objc/execute/bf-15.m compilation, -O FAIL: objc/execute/bf-16.m compilation, -O FAIL: objc/execute/bf-17.m compilation, -O FAIL: objc/execute/bf-2.m compilation, -O FAIL: objc/execute/bf-3.m compilation, -O FAIL: objc/execute/bf-4.m compilation, -O FAIL: objc/execute/bf-5.m compilation, -O FAIL: objc/execute/bf-6.m compilation, -O FAIL: objc/execute/bf-7.m compilation, -O FAIL: objc/execute/bf-8.m compilation, -O FAIL: objc/execute/bf-9.m compilation, -O === objc Summary === # of expected passes 4 # of unexpected failures 17 # of untested testcases 17 /usr2/users/tim/src/gnu/egcs-19990221/hp/gcc/xgcc version egcs-2.93.09 19990221 (gcc2 ss-980929 experimental) Compiler version: egcs-2.93.09 19990221 (gcc2 ss-980929 experimental) Platform: hppa1.1-hp-hpux10.20 configure flags: --with-gcc-version-trigger=/usr2/users/tim/src/gnu/egcs-19990221/gcc/version.c --host=hppa1.1-hp-hpux10.20 --prefix=/usr2/users/tim/src/gnu/914 --with-gnu-as --norecursion EOF Mail -s "Results for egcs-2.93.09 19990221 (gcc2 ss-980929 experimental) testsuite on hppa1.1-hp-hpux10.20" egcs-testresults@egcs.cygnus.com &&