This is the mail archive of the egcs-testresults@egcs.cygnus.com mailing list for the EGCS project. See the EGCS home page for more information.
Compiler version: egcs-2.93.09 19990222 (gcc2 ss-980929 experimental) Platform: i586-pc-linux-gnu Sources: - egcs from CVS last updated at 1999/02/22 11:06:09 +0100 - libg++-2.8.1.2a-19990116 (not yet available) Patches: [1] `New PATCH for CVS mainline sources to make ``--enable-nls'' work' from <manfred@s-direktnet.de>. Environment: - autoconf-2.13 - automake-1.3 - GNU binutils-2.9.1 + Ian Lance Taylor's patch to gas/ehopt.c + my patch to make GNU ld work on i386-pc-solaris2.7 - dejagnu-971222 + look_for_dir_with_trigger patch - gperf-2.7 + gperf-2.7-19981006.pat - RedHat Linux 5.2 + recommended updates as of today - Kernel 2.2.1 (compiled by "gcc version egcs-2.91.60 19981201 (egcs-1.1.1 release)") - glibc-2.0.7-29 - glibc-devel-2.0.7-29 Remarks: Note the usage of ``--enable-nls''!! configure flags: --with-gcc-version-trigger=/home/gnu/work/GNU/build/exept/egcs-19990222/gcc/version.c --host=i586-linux --srcdir=../egcs-19990222 --prefix=/tools/gnu --with-gnu-as --with-gnu-ld --enable-shared --enable-version-specific-runtime-libs --with-local-prefix=/tools/gnu --enable-nls --verbose --norecursion BOOT_CC: gcc version egcs-2.91.61 19990216 (egcs-1.1.2 pre-release-1) BOOT_CFLAGS: -O2 -g -W -Wall CFLAGS: -O2 -g CXXFLAGS: -O2 -g Native configuration is i586-pc-linux-gnu === libio tests === Running target unix === libio Summary === # of expected passes 40 === libstdc++ tests === Running target unix === libstdc++ Summary === # of expected passes 30 === libg++ tests === Running target unix === libg++ Summary === # of expected passes 72 === gcc tests === Running target unix FAIL: gcc.c-torture/execute/930603-1.c execution, -O0 FAIL: gcc.c-torture/execute/930603-1.c execution, -O1 FAIL: gcc.c-torture/execute/930603-1.c execution, -O2 FAIL: gcc.c-torture/execute/930603-1.c execution, -O2 -g FAIL: gcc.c-torture/execute/930603-1.c execution, -Os FAIL: gcc.c-torture/execute/990119-1.c execution, -O0 FAIL: gcc.c-torture/execute/990119-1.c execution, -O1 FAIL: gcc.c-torture/execute/990119-1.c execution, -O2 FAIL: gcc.c-torture/execute/990119-1.c execution, -O2 -fomit-frame-pointer -finline-functions FAIL: gcc.c-torture/execute/990119-1.c execution, -O2 -g FAIL: gcc.c-torture/execute/990119-1.c execution, -Os FAIL: gcc.c-torture/execute/990130-1.c compilation, -O0 FAIL: gcc.c-torture/execute/990130-1.c compilation, -O1 FAIL: gcc.c-torture/execute/990130-1.c compilation, -O2 FAIL: gcc.c-torture/execute/990130-1.c compilation, -O2 -fomit-frame-pointer -finline-functions FAIL: gcc.c-torture/execute/990130-1.c compilation, -O2 -g FAIL: gcc.c-torture/execute/990130-1.c compilation, -Os FAIL: gcc.c-torture/execute/loop-2b.c execution, -O2 FAIL: gcc.c-torture/execute/loop-2b.c execution, -O2 -fomit-frame-pointer -finline-functions FAIL: gcc.c-torture/execute/loop-2b.c execution, -O2 -fomit-frame-pointer -finline-functions -funroll-loops FAIL: gcc.c-torture/execute/loop-2b.c execution, -O2 -fomit-frame-pointer -finline-functions -funroll-all-loops FAIL: gcc.c-torture/execute/loop-2b.c execution, -O2 -g FAIL: gcc.c-torture/execute/ieee/980619-1.c execution, -O1 FAIL: gcc.c-torture/execute/ieee/980619-1.c execution, -O2 FAIL: gcc.c-torture/execute/ieee/980619-1.c execution, -O2 -fomit-frame-pointer -finline-functions FAIL: gcc.c-torture/execute/ieee/980619-1.c execution, -O2 -fomit-frame-pointer -finline-functions -funroll-loops FAIL: gcc.c-torture/execute/ieee/980619-1.c execution, -O2 -fomit-frame-pointer -finline-functions -funroll-all-loops FAIL: gcc.c-torture/execute/ieee/980619-1.c execution, -O2 -g FAIL: gcc.c-torture/execute/ieee/980619-1.c execution, -Os FAIL: gcc.c-torture/noncompile/951227-1.c FAIL: gcc.c-torture/special/981006-1.c (test for bogus messages, line 11) FAIL: gcc.c-torture/special/981006-1.c (test for bogus messages, line 12) FAIL: gcc.dg/cpp-if1.c invalid number (test for errors, line 12) FAIL: gcc.dg/cpp-if1.c invalid number (test for errors, line 15) FAIL: gcc.dg/cpp-if1.c invalid number (test for errors, line 18) FAIL: gcc.dg/cpp-if1.c floating point in #if (test for errors, line 21) FAIL: gcc.dg/cpp-if1.c too many suffixes (test for errors, line 24) FAIL: gcc.dg/cpp-if1.c too many suffixes (test for errors, line 27) FAIL: gcc.dg/cpp-if1.c (test for excess errors) FAIL: gcc.dg/special/weak-1.c execution test === gcc Summary === # of expected passes 7974 # of unexpected failures 40 # of expected failures 13 # of unresolved testcases 6 # of unsupported tests 12 /archiv/gnu-work/work/GNU/egcs-19990222-i586-linux/gcc/xgcc version egcs-2.93.09 19990222 (gcc2 ss-980929 experimental) === g++ tests === Running target unix FAIL: g++.dg/special/conpr-1.C execution test FAIL: g++.dg/special/conpr-2.C execution test FAIL: g++.dg/special/conpr-3.C execution test FAIL: g++.dg/special/conpr-3.C execution test XPASS: g++.pt/enum5.C template declaration of enum (test for errors, line 4) === g++ Summary === # of expected passes 4862 # of unexpected failures 4 # of unexpected successes 1 # of expected failures 88 # of untested testcases 7 /archiv/gnu-work/work/GNU/egcs-19990222-i586-linux/gcc/testsuite/../xgcc version egcs-2.93.09 19990222 (gcc2 ss-980929 experimental) === g77 tests === Running target unix FAIL: g77.f-torture/compile/19981216-0.f, -O0 FAIL: g77.f-torture/compile/19981216-0.f, -O1 FAIL: g77.f-torture/compile/19981216-0.f, -O2 FAIL: g77.f-torture/compile/19981216-0.f, -O2 -fomit-frame-pointer -finline-functions FAIL: g77.f-torture/compile/19981216-0.f, -Os FAIL: g77.f-torture/execute/auto0.f execution, -O2 -fomit-frame-pointer -finline-functions -funroll-loops FAIL: g77.f-torture/execute/auto0.f execution, -O2 -fomit-frame-pointer -finline-functions -funroll-all-loops FAIL: g77.f-torture/execute/auto1.f execution, -O2 -fomit-frame-pointer -finline-functions -funroll-loops FAIL: g77.f-torture/execute/auto1.f execution, -O2 -fomit-frame-pointer -finline-functions -funroll-all-loops === g77 Summary === # of expected passes 473 # of unexpected failures 9 === objc tests === Running target unix FAIL: objc/execute/bf-1.m compilation, -O FAIL: objc/execute/bf-10.m compilation, -O FAIL: objc/execute/bf-11.m compilation, -O FAIL: objc/execute/bf-12.m compilation, -O FAIL: objc/execute/bf-13.m compilation, -O FAIL: objc/execute/bf-14.m compilation, -O FAIL: objc/execute/bf-15.m compilation, -O FAIL: objc/execute/bf-16.m compilation, -O FAIL: objc/execute/bf-17.m compilation, -O FAIL: objc/execute/bf-2.m compilation, -O FAIL: objc/execute/bf-3.m compilation, -O FAIL: objc/execute/bf-4.m compilation, -O FAIL: objc/execute/bf-5.m compilation, -O FAIL: objc/execute/bf-6.m compilation, -O FAIL: objc/execute/bf-7.m compilation, -O FAIL: objc/execute/bf-8.m compilation, -O FAIL: objc/execute/bf-9.m compilation, -O === objc Summary === # of expected passes 4 # of unexpected failures 17 # of untested testcases 17 /archiv/gnu-work/work/GNU/egcs-19990222-i586-linux/gcc/xgcc version egcs-2.93.09 19990222 (gcc2 ss-980929 experimental) Counting all warnings, there are 424 warnings in stage3 of this bootstrap. Number of warnings per file: 41 ../../egcs-19990222/gcc/toplev.c 23 ../../../egcs-19990222/gcc/java/lex.c 20 ../../../egcs-19990222/gcc/java/jcf-parse.c 17 ../../egcs-19990222/gcc/integrate.c 16 ../../egcs-19990222/gcc/objc/objc-act.c 16 ../../../egcs-19990222/gcc/java/jcf-reader.c 12 ./parse.y 12 ../../egcs-19990222/gcc/cse.c 12 ../../../egcs-19990222/gcc/java/javaop.def 12 ../../../egcs-19990222/gcc/java/expr.c 11 ../../egcs-19990222/gcc/reload1.c 11 ../../../egcs-19990222/gcc/java/jcf-write.c 11 ../../../egcs-19990222/gcc/java/jcf-dump.c 10 ../../egcs-19990222/gcc/varasm.c 10 ../../egcs-19990222/gcc/fold-const.c 9 ../../egcs-19990222/gcc/final.c 8 ../../egcs-19990222/gcc/unroll.c 8 ../../egcs-19990222/gcc/loop.c 8 ../../egcs-19990222/gcc/combine.c 8 ../../../egcs-19990222/gcc/java/gjavah.c 7 ../../egcs-19990222/gcc/reload.c 7 ../../egcs-19990222/gcc/optabs.c 7 ../../egcs-19990222/gcc/dwarf2out.c 7 ../../../egcs-19990222/gcc/java/class.c 6 ../../egcs-19990222/gcc/sched.c 6 ../../egcs-19990222/gcc/c-lex.c 6 ../../../egcs-19990222/gcc/cp/lex.c 5 ../../egcs-19990222/gcc/cccp.c 5 ../../../egcs-19990222/gcc/java/verify.c 4 cexp.y 4 ../../egcs-19990222/gcc/regclass.c 4 ../../egcs-19990222/gcc/reg-stack.c 4 ../../egcs-19990222/gcc/dbxout.c 4 ../../../../egcs-19990222/libg++/src/Fix16.cc 3 insn-emit.c 3 ../../egcs-19990222/gcc/stmt.c 3 ../../egcs-19990222/gcc/rtl.c 3 ../../egcs-19990222/gcc/regmove.c 3 ../../egcs-19990222/gcc/local-alloc.c 3 ../../egcs-19990222/gcc/genopinit.c 3 ../../egcs-19990222/gcc/expr.c 3 ../../egcs-19990222/gcc/expmed.c 3 ../../egcs-19990222/gcc/config/i386/i386.c 3 ../../../egcs-19990222/gcc/java/parse.h 3 ../../../egcs-19990222/gcc/java/lex.h 2 insn-recog.c 2 insn-output.c 2 ../../egcs-19990222/gcc/protoize.c 2 ../../egcs-19990222/gcc/function.c 2 ../../egcs-19990222/gcc/flow.c 2 ../../egcs-19990222/gcc/collect2.c 2 ../../../egcs-19990222/gcc/cp/pt.c 1 splay-tree.c 1 gcj.c 1 g77.c 1 g++.c 1 cxxmain.c 1 ./parse-scan.y 1 ../../egcs-19990222/gcc/tree.c 1 ../../egcs-19990222/gcc/tlink.c 1 ../../egcs-19990222/gcc/stupid.c 1 ../../egcs-19990222/gcc/recog.c 1 ../../egcs-19990222/gcc/print-rtl.c 1 ../../egcs-19990222/gcc/java/jvspec.c 1 ../../egcs-19990222/gcc/hash.c 1 ../../egcs-19990222/gcc/graph.c 1 ../../egcs-19990222/gcc/gcov-io.h 1 ../../egcs-19990222/gcc/gcc.c 1 ../../egcs-19990222/gcc/f/g77spec.c 1 ../../egcs-19990222/gcc/explow.c 1 ../../egcs-19990222/gcc/crtstuff.c 1 ../../egcs-19990222/gcc/calls.c 1 ../../../egcs-19990222/gcc/java/typeck.c 1 ../../../egcs-19990222/gcc/java/jvgenmain.c 1 ../../../egcs-19990222/gcc/java/jcf-io.c 1 ../../../egcs-19990222/gcc/java/decl.c 1 ../../../egcs-19990222/gcc/java/constants.c 1 ../../../egcs-19990222/gcc/cp/decl.c Number of warning types: 127 `???' might be used uninitialized in this function 67 unused parameter `???' 55 implicit declaration of function `???' 40 comparison between signed and unsigned 29 variable `???' might be clobbered by `longjmp' or `vfork' 24 unused variable `???' 16 missing initializer 16 (near initialization for `???') 14 ??? format, ??? arg (arg ???) 8 initialization from incompatible pointer type 6 `???' declared `static' but never defined 5 argument `???' might be clobbered by `longjmp' or `vfork' 5 `???' defined but not used 4 integer overflow in expression 2 zero-length format string 2 statement with no effect 1 value computed is not used 1 suggest explicit braces to avoid ambiguous `else' 1 passing arg ??? of `???' from incompatible pointer type 1 label `???' defined but not used