This is the mail archive of the egcs-testresults@egcs.cygnus.com mailing list for the EGCS project. See the EGCS home page for more information.
Native configuration is sparc-sun-sunos4.1.4 === gcc tests === Running target unix/-fPIC FAIL: gcc.c-torture/compile/calls.c, -O0 FAIL: gcc.c-torture/compile/calls.c, -O1 FAIL: gcc.c-torture/compile/calls.c, -O2 FAIL: gcc.c-torture/compile/calls.c, -O2 -fomit-frame-pointer -finline-functions FAIL: gcc.c-torture/compile/calls.c, -O2 -g FAIL: gcc.c-torture/compile/calls.c, -Os FAIL: gcc.c-torture/execute/980506-2.c execution, -O2 FAIL: gcc.c-torture/execute/980506-2.c execution, -O2 -g FAIL: gcc.c-torture/execute/980506-2.c execution, -Os FAIL: gcc.c-torture/execute/980526-1.c execution, -O2 -fomit-frame-pointer -finline-functions FAIL: gcc.c-torture/execute/loop-2f.c execution, -O2 FAIL: gcc.c-torture/execute/loop-2f.c execution, -O2 -fomit-frame-pointer -finline-functions FAIL: gcc.c-torture/execute/loop-2f.c execution, -O2 -fomit-frame-pointer -finline-functions -funroll-loops FAIL: gcc.c-torture/execute/loop-2f.c execution, -O2 -fomit-frame-pointer -finline-functions -funroll-all-loops FAIL: gcc.c-torture/execute/loop-2f.c execution, -O2 -g FAIL: gcc.c-torture/execute/loop-2f.c execution, -Os FAIL: gcc.c-torture/execute/loop-2g.c execution, -O2 FAIL: gcc.c-torture/execute/loop-2g.c execution, -O2 -fomit-frame-pointer -finline-functions FAIL: gcc.c-torture/execute/loop-2g.c execution, -O2 -fomit-frame-pointer -finline-functions -funroll-loops FAIL: gcc.c-torture/execute/loop-2g.c execution, -O2 -fomit-frame-pointer -finline-functions -funroll-all-loops FAIL: gcc.c-torture/execute/loop-2g.c execution, -O2 -g FAIL: gcc.c-torture/execute/loop-2g.c execution, -Os FAIL: gcc.c-torture/execute/ieee/rbug.c execution, -O2 -fomit-frame-pointer -finline-functions FAIL: gcc.dg/980626-1.c (test for excess errors) FAIL: gcc.misc-tests/gcov-1.c (test for excess errors) FAIL: gcc.misc-tests/gcov-1.c execution test FAIL: gcov-1.c:1:is 4:should be 11 FAIL: gcov-1.c:1:is 5:should be 10 FAIL: gcov-1.c:1:is 7:should be 1 FAIL: gcc.misc-tests/gcov-2.c (test for excess errors) (PRMS 8294) FAIL: gcc.misc-tests/gcov-2.c execution test (PRMS 8294) === gcc Summary for unix/-fPIC === # of expected passes 7469 # of unexpected failures 31 # of expected failures 7 # of unsupported tests 18 Running target unix/-fpic FAIL: gcc.c-torture/compile/calls.c, -O0 FAIL: gcc.c-torture/compile/calls.c, -O1 FAIL: gcc.c-torture/compile/calls.c, -O2 FAIL: gcc.c-torture/compile/calls.c, -O2 -fomit-frame-pointer -finline-functions FAIL: gcc.c-torture/compile/calls.c, -O2 -g FAIL: gcc.c-torture/compile/calls.c, -Os FAIL: gcc.c-torture/execute/980506-2.c execution, -O2 FAIL: gcc.c-torture/execute/980506-2.c execution, -O2 -g FAIL: gcc.c-torture/execute/980506-2.c execution, -Os FAIL: gcc.c-torture/execute/980526-1.c execution, -O2 -fomit-frame-pointer -finline-functions FAIL: gcc.c-torture/execute/loop-2f.c execution, -O2 FAIL: gcc.c-torture/execute/loop-2f.c execution, -O2 -fomit-frame-pointer -finline-functions FAIL: gcc.c-torture/execute/loop-2f.c execution, -O2 -fomit-frame-pointer -finline-functions -funroll-loops FAIL: gcc.c-torture/execute/loop-2f.c execution, -O2 -fomit-frame-pointer -finline-functions -funroll-all-loops FAIL: gcc.c-torture/execute/loop-2f.c execution, -O2 -g FAIL: gcc.c-torture/execute/loop-2f.c execution, -Os FAIL: gcc.c-torture/execute/loop-2g.c execution, -O2 FAIL: gcc.c-torture/execute/loop-2g.c execution, -O2 -fomit-frame-pointer -finline-functions FAIL: gcc.c-torture/execute/loop-2g.c execution, -O2 -fomit-frame-pointer -finline-functions -funroll-loops FAIL: gcc.c-torture/execute/loop-2g.c execution, -O2 -fomit-frame-pointer -finline-functions -funroll-all-loops FAIL: gcc.c-torture/execute/loop-2g.c execution, -O2 -g FAIL: gcc.c-torture/execute/loop-2g.c execution, -Os FAIL: gcc.c-torture/execute/ieee/rbug.c execution, -O2 -fomit-frame-pointer -finline-functions FAIL: gcc.dg/980626-1.c (test for excess errors) FAIL: gcc.misc-tests/gcov-1.c (test for excess errors) FAIL: gcov-1.c:1:is 4:should be 11 FAIL: gcov-1.c:1:is 5:should be 10 FAIL: gcov-1.c:1:is 7:should be 1 FAIL: gcc.misc-tests/gcov-2.c (test for excess errors) (PRMS 8294) === gcc Summary for unix/-fpic === # of expected passes 7469 # of unexpected failures 29 # of expected failures 7 # of unsupported tests 18 Running target unix FAIL: gcc.c-torture/execute/980506-2.c execution, -O2 FAIL: gcc.c-torture/execute/980506-2.c execution, -O2 -g FAIL: gcc.c-torture/execute/980506-2.c execution, -Os FAIL: gcc.c-torture/execute/980526-1.c execution, -O2 -fomit-frame-pointer -finline-functions FAIL: gcc.c-torture/execute/loop-2f.c execution, -O2 FAIL: gcc.c-torture/execute/loop-2f.c execution, -O2 -fomit-frame-pointer -finline-functions FAIL: gcc.c-torture/execute/loop-2f.c execution, -O2 -fomit-frame-pointer -finline-functions -funroll-loops FAIL: gcc.c-torture/execute/loop-2f.c execution, -O2 -fomit-frame-pointer -finline-functions -funroll-all-loops FAIL: gcc.c-torture/execute/loop-2f.c execution, -O2 -g FAIL: gcc.c-torture/execute/loop-2f.c execution, -Os FAIL: gcc.c-torture/execute/loop-2g.c execution, -O2 FAIL: gcc.c-torture/execute/loop-2g.c execution, -O2 -fomit-frame-pointer -finline-functions FAIL: gcc.c-torture/execute/loop-2g.c execution, -O2 -fomit-frame-pointer -finline-functions -funroll-loops FAIL: gcc.c-torture/execute/loop-2g.c execution, -O2 -fomit-frame-pointer -finline-functions -funroll-all-loops FAIL: gcc.c-torture/execute/loop-2g.c execution, -O2 -g FAIL: gcc.c-torture/execute/loop-2g.c execution, -Os FAIL: gcc.dg/980626-1.c (test for excess errors) === gcc Summary for unix === # of expected passes 7481 # of unexpected failures 17 # of expected failures 7 # of unsupported tests 18 === gcc Summary === # of expected passes 22419 # of unexpected failures 77 # of expected failures 21 # of unsupported tests 54 /a/caip/a47/u47/ghazi/gcc-testing/sunos-test/egcs-1.1.2-pre1/gcc/xgcc version egcs-2.91.61 19990216 (egcs-1.1.2 pre-release-1) === g77 tests === Running target unix/-fPIC === g77 Summary for unix/-fPIC === # of expected passes 415 Running target unix/-fpic === g77 Summary for unix/-fpic === # of expected passes 415 Running target unix === g77 Summary for unix === # of expected passes 415 === g77 Summary === # of expected passes 1245 === g++ tests === Running target unix/-fPIC FAIL: g++.law/profile1.C (test for excess errors) FAIL: g++.pt/static3.C (test for excess errors) XPASS: g++.robertl/eb132.C (test for excess errors) FAIL: g++.robertl/eb83.C (test for excess errors) FAIL: g++.robertl/eb83.C Execution test FAIL: g++.robertl/eb91.C (test for excess errors) === g++ Summary for unix/-fPIC === # of expected passes 4217 # of unexpected failures 5 # of unexpected successes 1 # of expected failures 85 # of untested testcases 6 Running target unix/-fpic FAIL: g++.law/profile1.C (test for excess errors) FAIL: g++.pt/static3.C (test for excess errors) XPASS: g++.robertl/eb132.C (test for excess errors) FAIL: g++.robertl/eb83.C (test for excess errors) FAIL: g++.robertl/eb91.C (test for excess errors) === g++ Summary for unix/-fpic === # of expected passes 4217 # of unexpected failures 4 # of unexpected successes 1 # of expected failures 86 # of untested testcases 6 Running target unix FAIL: g++.pt/static3.C (test for excess errors) XPASS: g++.robertl/eb132.C (test for excess errors) FAIL: g++.robertl/eb91.C (test for excess errors) === g++ Summary for unix === # of expected passes 4220 # of unexpected failures 2 # of unexpected successes 1 # of expected failures 85 # of untested testcases 6 === g++ Summary === # of expected passes 12654 # of unexpected failures 11 # of unexpected successes 3 # of expected failures 256 # of untested testcases 18 /a/caip/a47/u47/ghazi/gcc-testing/sunos-test/egcs-1.1.2-pre1/gcc/testsuite/../xgcc version egcs-2.91.61 19990216 (egcs-1.1.2 pre-release-1) === libstdc++ tests === Running target unix/-fPIC === libstdc++ Summary for unix/-fPIC === # of expected passes 30 Running target unix/-fpic === libstdc++ Summary for unix/-fpic === # of expected passes 30 Running target unix === libstdc++ Summary for unix === # of expected passes 30 === libstdc++ Summary === # of expected passes 90 === libio tests === Running target unix/-fPIC === libio Summary for unix/-fPIC === # of expected passes 40 Running target unix/-fpic === libio Summary for unix/-fpic === # of expected passes 40 Running target unix === libio Summary for unix === # of expected passes 40 === libio Summary === # of expected passes 120 Compiler version: egcs-2.91.61 19990216 (egcs-1.1.2 pre-release-1) Platform: sparc-sun-sunos4.1.4 configure flags: --with-gcc-version-trigger=/a/caip/a47/u47/ghazi/gcc-testing/sunos-test/egcs-1.1.2-pre1/gcc/version.c --host=sparc-sun-sunos4.1.4 --verbose --norecursion BOOT_CFLAGS=-g -O2 -D__USE_FIXED_PROTOTYPES__