This is the mail archive of the egcs-testresults@egcs.cygnus.com mailing list for the EGCS project. See the EGCS home page for more information.
Compiler version: egcs-2.91.61 19990216 (egcs-1.1.2 pre-release) Platform: mips-sgi-irix5.3 Sources: - egcs-1.1.2 pre-rel. from CVS "egcs_1_1_branch" last updated at 1999/02/16 12:14:23 +0100 - libg++-2.8.1.2a-19990116 (not yet available) Patches: [1]: `PATCH for fixing broken symbolic links with the new library interface' from <manfred@s-direktnet.de>. [2]: `PATCH to avoid building unwanted langs/compilers' from <manfred@s-direktnet.de>. [3]: `Upcoming egcs-1.1.2 release' patch to increment the version number from <manfred@s-direktnet.de>. Environment: - autoconf-2.13 - automake-1.3 - GNU binutils-2.9.1 + Ian Lance Taylor's patch to gas/ehopt.c + my patch to make GNU ld work on i386-pc-solaris2.7 - dejagnu-19981026 + look_for_dir_with_trigger patch - gperf-2.7 + gperf-2.7-19981006.pat Remarks: None. configure flags: --with-gcc-version-trigger=/phys/exept/home3/gnu/work/GNU/egcs-1.1.2-19990216/gcc/version.c --host=mips-sgi-irix5.3 --srcdir=../egcs-1.1.2-19990216 --prefix=/tools/gnu --with-gnu-as --enable-version-specific-runtime-libs --with-local-prefix=/tools/gnu --enable-nls --verbose --norecursion BOOT_CC: gcc version 2.7.2 (patchlevel 9 compiled on Feb 11 1999, 12:41:51) BOOT_CFLAGS: -O9 -funroll-all-loops -g CFLAGS: -O9 -g CXXFLAGS: -O9 -g Native configuration is mips-sgi-irix5.3 === libio tests === Running target unix === libio Summary === # of expected passes 40 === libstdc++ tests === Running target unix === libstdc++ Summary === # of expected passes 30 === libg++ tests === Running target unix === libg++ Summary === # of expected passes 72 === gcc tests === Running target unix FAIL: gcc.c-torture/execute/980506-2.c execution, -O2 FAIL: gcc.c-torture/execute/980506-2.c execution, -O2 -g FAIL: gcc.c-torture/execute/980506-2.c execution, -Os FAIL: gcc.c-torture/execute/980526-1.c execution, -O2 -fomit-frame-pointer -finline-functions FAIL: gcc.dg/980626-1.c (test for excess errors) === gcc Summary === # of expected passes 7491 # of unexpected failures 5 # of expected failures 7 # of unsupported tests 19 /phys/exept/home3/gnu/work/GNU/egcs-1.1.2-19990216-mips-sgi-irix5.3/gcc/xgcc version egcs-2.91.61 19990216 (egcs-1.1.2 pre-release) === g++ tests === Running target unix FAIL: g++.pt/static3.C (test for excess errors) FAIL: g++.robertl/eb101.C (test for excess errors) XPASS: g++.robertl/eb132.C (test for excess errors) === g++ Summary === # of expected passes 4216 # of unexpected failures 2 # of unexpected successes 1 # of expected failures 88 # of untested testcases 7 /phys/exept/home3/gnu/work/GNU/egcs-1.1.2-19990216-mips-sgi-irix5.3/gcc/testsuite/../xgcc version egcs-2.91.61 19990216 (egcs-1.1.2 pre-release) === g77 tests === Running target unix === g77 Summary === # of expected passes 415 There are 110 warnings in stage3 of this bootstrap. Number of warnings per file: 49 ../../../egcs-1.1.2-19990216/gcc/f/stb.c 33 ../../../egcs-1.1.2-19990216/gcc/f/intrin.c 8 ../../../egcs-1.1.2-19990216/gcc/f/expr.c 7 ../../../egcs-1.1.2-19990216/gcc/f/lex.c 4 ../../../egcs-1.1.2-19990216/gcc/f/bad.c 2 ../../../egcs-1.1.2-19990216/gcc/f/com.c 1 /tools/gnu/mips-sgi-irix5.3/sys-include/sys/param.h 1 ../../egcs-1.1.2-19990216/gcc/objc/archive.c 1 ../../../egcs-1.1.2-19990216/gcc/f/where.c 1 ../../../egcs-1.1.2-19990216/gcc/f/top.c 1 ../../../egcs-1.1.2-19990216/gcc/f/malloc.c 1 ../../../egcs-1.1.2-19990216/gcc/f/implic.c 1 ../../../egcs-1.1.2-19990216/gcc/f/fini.c Number of warning types: 63 `???' might be used uninitialized in this function 40 subscript has type `char' 3 missing initializer for `???' 1 unused parameter `???' 1 this is the location of the previous definition 1 comparison is always 1 due to limited range of data type 1 `???' redefined