This is the mail archive of the egcs-testresults@egcs.cygnus.com mailing list for the EGCS project. See the EGCS home page for more information.
Native configuration is hppa1.1-hp-hpux9.01 === libio tests === Running target unix === libio Summary === # of expected passes 40 === libstdc++ tests === Running target unix FAIL: tstring.cc execution FAIL: tstring.cc -O execution === libstdc++ Summary === # of expected passes 26 # of unexpected failures 2 # of expected failures 2 === libg++ tests === Running target unix FAIL: tBitSet.cc output FAIL: tString.cc execution === libg++ Summary === # of expected passes 69 # of unexpected failures 2 # of expected failures 1 === gcc tests === Running target unix FAIL: gcc.c-torture/execute/980716-1.c execution, -O0 FAIL: gcc.c-torture/execute/990119-1.c execution, -O0 FAIL: gcc.c-torture/execute/990119-1.c execution, -O1 FAIL: gcc.c-torture/execute/990119-1.c execution, -O2 FAIL: gcc.c-torture/execute/990119-1.c execution, -O2 -fomit-frame-pointer -finline-functions FAIL: gcc.c-torture/execute/990119-1.c execution, -O2 -g FAIL: gcc.c-torture/execute/990119-1.c execution, -Os FAIL: gcc.c-torture/execute/990130-1.c compilation, -O0 FAIL: gcc.c-torture/execute/990130-1.c compilation, -O1 FAIL: gcc.c-torture/execute/990130-1.c compilation, -O2 FAIL: gcc.c-torture/execute/990130-1.c compilation, -O2 -fomit-frame-pointer -finline-functions FAIL: gcc.c-torture/execute/990130-1.c compilation, -O2 -g FAIL: gcc.c-torture/execute/990130-1.c compilation, -Os FAIL: gcc.c-torture/execute/strct-stdarg-1.c execution, -O0 FAIL: gcc.c-torture/execute/strct-stdarg-1.c execution, -O1 FAIL: gcc.c-torture/execute/strct-stdarg-1.c execution, -O2 FAIL: gcc.c-torture/execute/strct-stdarg-1.c execution, -O2 -fomit-frame-pointer -finline-functions FAIL: gcc.c-torture/execute/strct-stdarg-1.c execution, -O2 -fomit-frame-pointer -finline-functions -funroll-loops FAIL: gcc.c-torture/execute/strct-stdarg-1.c execution, -O2 -fomit-frame-pointer -finline-functions -funroll-all-loops FAIL: gcc.c-torture/execute/strct-stdarg-1.c execution, -O2 -g FAIL: gcc.c-torture/execute/strct-stdarg-1.c execution, -Os FAIL: gcc.c-torture/execute/ieee/fp-cmp-1.c execution, -O0 FAIL: gcc.c-torture/execute/ieee/mzero2.c execution, -O1 FAIL: gcc.c-torture/execute/ieee/mzero2.c execution, -O2 FAIL: gcc.c-torture/execute/ieee/mzero2.c execution, -O2 -fomit-frame-pointer -finline-functions FAIL: gcc.c-torture/execute/ieee/mzero2.c execution, -O2 -g FAIL: gcc.c-torture/execute/ieee/mzero2.c execution, -Os FAIL: gcc.c-torture/noncompile/951227-1.c FAIL: gcc.c-torture/special/981006-1.c (test for bogus messages, line 11) FAIL: gcc.c-torture/special/981006-1.c (test for bogus messages, line 12) FAIL: gcc.dg/cpp-if1.c invalid number (test for errors, line 12) FAIL: gcc.dg/cpp-if1.c invalid number (test for errors, line 15) FAIL: gcc.dg/cpp-if1.c invalid number (test for errors, line 18) FAIL: gcc.dg/cpp-if1.c floating point in #if (test for errors, line 21) FAIL: gcc.dg/cpp-if1.c too many suffixes (test for errors, line 24) FAIL: gcc.dg/cpp-if1.c too many suffixes (test for errors, line 27) FAIL: gcc.dg/cpp-if1.c (test for excess errors) FAIL: gcc.dg/special/alias-1.c (test for excess errors) FAIL: gcc.dg/special/wkali-1.c (test for excess errors) FAIL: gcc.misc-tests/m-un-2.c warning regression (test for warnings, line 18) FAIL: gcc.misc-tests/m-un-2.c warning regression (test for warnings, line 23) FAIL: gcc.misc-tests/m-un-2.c (test for excess errors) === gcc Summary === # of expected passes 7948 # of unexpected failures 42 # of expected failures 19 # of unresolved testcases 9 # of unsupported tests 23 /xxx/gnu/egcs-2.93.08/objdir/gcc/xgcc version egcs-2.93.08 19990215 (gcc2 ss-980929 experimental) === g++ tests === Running target unix FAIL: g++.brendan/eh1.C Execution test FAIL: g++.eh/cleanup1.C Execution test FAIL: g++.eh/flow1.C Execution test FAIL: g++.eh/new1.C Execution test FAIL: g++.eh/new2.C Execution test FAIL: g++.eh/pdel1.C Execution test FAIL: g++.eh/pdel2.C Execution test FAIL: g++.eh/ptr1.C Execution test FAIL: g++.eh/rethrow1.C Execution test FAIL: g++.eh/rethrow2.C Execution test FAIL: g++.eh/rethrow3.C Execution test FAIL: g++.eh/rethrow4.C Execution test FAIL: g++.eh/rethrow5.C Execution test FAIL: g++.eh/spec1.C Execution test FAIL: g++.eh/spec2.C Execution test FAIL: g++.eh/spec3.C Execution test FAIL: g++.eh/spec4.C Execution test FAIL: g++.eh/tmpl1.C Execution test FAIL: g++.martin/new1.C Execution test FAIL: g++.mike/dyncast1.C Execution test FAIL: g++.mike/dyncast2.C Execution test FAIL: g++.mike/eh10.C Execution test FAIL: g++.mike/eh12.C Execution test FAIL: g++.mike/eh14.C Execution test FAIL: g++.mike/eh16.C Execution test FAIL: g++.mike/eh17.C Execution test FAIL: g++.mike/eh18.C Execution test FAIL: g++.mike/eh2.C Execution test FAIL: g++.mike/eh21.C Execution test FAIL: g++.mike/eh23.C Execution test FAIL: g++.mike/eh24.C Execution test FAIL: g++.mike/eh25.C Execution test FAIL: g++.mike/eh26.C Execution test FAIL: g++.mike/eh27.C Execution test FAIL: g++.mike/eh28.C Execution test FAIL: g++.mike/eh29.C Execution test FAIL: g++.mike/eh3.C Execution test FAIL: g++.mike/eh31.C Execution test XPASS: g++.mike/eh33.C (test for excess errors) FAIL: g++.mike/eh34.C Execution test FAIL: g++.mike/eh35.C Execution test FAIL: g++.mike/eh36.C Execution test FAIL: g++.mike/eh37.C Execution test FAIL: g++.mike/eh38.C Execution test FAIL: g++.mike/eh39.C Execution test FAIL: g++.mike/eh40.C Execution test FAIL: g++.mike/eh41.C Execution test FAIL: g++.mike/eh42.C Execution test FAIL: g++.mike/eh44.C Execution test FAIL: g++.mike/eh47.C Execution test FAIL: g++.mike/eh48.C Execution test FAIL: g++.mike/eh49.C Execution test FAIL: g++.mike/eh5.C Execution test XPASS: g++.mike/eh50.C (test for excess errors) FAIL: g++.mike/eh51.C Execution test FAIL: g++.mike/eh55.C Execution test FAIL: g++.mike/eh6.C Execution test FAIL: g++.mike/eh8.C Execution test FAIL: g++.mike/p7912.C Execution test FAIL: g++.mike/p9706.C Execution test FAIL: g++.other/array1.C Execution test FAIL: g++.other/delete3.C (test for excess errors) FAIL: g++.other/init7.C Execution test FAIL: g++.other/singleton.C Execution test FAIL: g++.pt/expr3.C (test for excess errors) XPASS: g++.pt/instantiate6.C (test for excess errors) FAIL: g++.pt/static3.C (test for excess errors) FAIL: g++.robertl/eb31.C Execution test FAIL: g++.robertl/eb50.C Execution test FAIL: g++.robertl/eb66.C Execution test FAIL: g++.robertl/eb88.C Execution test === g++ Summary === # of expected passes 4782 # of unexpected failures 68 # of unexpected successes 3 # of expected failures 91 # of untested testcases 7 /xxx/gnu/egcs-2.93.08/objdir/gcc/testsuite/../xgcc version egcs-2.93.08 19990215 (gcc2 ss-980929 experimental) === g77 tests === Running target unix FAIL: g77.f-torture/compile/980310-2.f, -O0 FAIL: g77.f-torture/compile/980310-2.f, -O1 FAIL: g77.f-torture/compile/980310-2.f, -O2 FAIL: g77.f-torture/compile/980310-2.f, -O2 -fomit-frame-pointer -finline-functions FAIL: g77.f-torture/compile/980310-2.f, -Os FAIL: g77.f-torture/compile/alpha1.f, -O0 FAIL: g77.f-torture/compile/alpha1.f, -O1 FAIL: g77.f-torture/compile/alpha1.f, -O2 FAIL: g77.f-torture/compile/alpha1.f, -O2 -fomit-frame-pointer -finline-functions FAIL: g77.f-torture/compile/alpha1.f, -Os FAIL: g77.f-torture/execute/980628-0.f compilation, -O0 FAIL: g77.f-torture/execute/980628-0.f compilation, -O1 FAIL: g77.f-torture/execute/980628-0.f compilation, -O2 FAIL: g77.f-torture/execute/980628-0.f compilation, -O2 -fomit-frame-pointer -finline-functions FAIL: g77.f-torture/execute/980628-0.f compilation, -Os FAIL: g77.f-torture/execute/980628-1.f compilation, -O0 FAIL: g77.f-torture/execute/980628-1.f compilation, -O1 FAIL: g77.f-torture/execute/980628-1.f compilation, -O2 FAIL: g77.f-torture/execute/980628-1.f compilation, -O2 -fomit-frame-pointer -finline-functions FAIL: g77.f-torture/execute/980628-1.f compilation, -Os FAIL: g77.f-torture/execute/980628-10.f compilation, -O0 FAIL: g77.f-torture/execute/980628-10.f compilation, -O1 FAIL: g77.f-torture/execute/980628-10.f compilation, -O2 FAIL: g77.f-torture/execute/980628-10.f compilation, -O2 -fomit-frame-pointer -finline-functions FAIL: g77.f-torture/execute/980628-10.f compilation, -Os FAIL: g77.f-torture/execute/980628-2.f compilation, -O0 FAIL: g77.f-torture/execute/980628-2.f compilation, -O1 FAIL: g77.f-torture/execute/980628-2.f compilation, -O2 FAIL: g77.f-torture/execute/980628-2.f compilation, -O2 -fomit-frame-pointer -finline-functions FAIL: g77.f-torture/execute/980628-2.f compilation, -Os FAIL: g77.f-torture/execute/980628-3.f compilation, -O0 FAIL: g77.f-torture/execute/980628-3.f compilation, -O1 FAIL: g77.f-torture/execute/980628-3.f compilation, -O2 FAIL: g77.f-torture/execute/980628-3.f compilation, -O2 -fomit-frame-pointer -finline-functions FAIL: g77.f-torture/execute/980628-3.f compilation, -Os FAIL: g77.f-torture/execute/980628-4.f compilation, -O0 FAIL: g77.f-torture/execute/980628-4.f compilation, -O1 FAIL: g77.f-torture/execute/980628-4.f compilation, -O2 FAIL: g77.f-torture/execute/980628-4.f compilation, -O2 -fomit-frame-pointer -finline-functions FAIL: g77.f-torture/execute/980628-4.f compilation, -Os FAIL: g77.f-torture/execute/980628-5.f compilation, -O0 FAIL: g77.f-torture/execute/980628-5.f compilation, -O1 FAIL: g77.f-torture/execute/980628-5.f compilation, -O2 FAIL: g77.f-torture/execute/980628-5.f compilation, -O2 -fomit-frame-pointer -finline-functions FAIL: g77.f-torture/execute/980628-5.f compilation, -Os FAIL: g77.f-torture/execute/980628-6.f compilation, -O0 FAIL: g77.f-torture/execute/980628-6.f compilation, -O1 FAIL: g77.f-torture/execute/980628-6.f compilation, -O2 FAIL: g77.f-torture/execute/980628-6.f compilation, -O2 -fomit-frame-pointer -finline-functions FAIL: g77.f-torture/execute/980628-6.f compilation, -Os FAIL: g77.f-torture/execute/980628-7.f compilation, -O0 FAIL: g77.f-torture/execute/980628-7.f compilation, -O1 FAIL: g77.f-torture/execute/980628-7.f compilation, -O2 FAIL: g77.f-torture/execute/980628-7.f compilation, -O2 -fomit-frame-pointer -finline-functions FAIL: g77.f-torture/execute/980628-7.f compilation, -Os FAIL: g77.f-torture/execute/980628-8.f compilation, -O0 FAIL: g77.f-torture/execute/980628-8.f compilation, -O1 FAIL: g77.f-torture/execute/980628-8.f compilation, -O2 FAIL: g77.f-torture/execute/980628-8.f compilation, -O2 -fomit-frame-pointer -finline-functions FAIL: g77.f-torture/execute/980628-8.f compilation, -Os FAIL: g77.f-torture/execute/980628-9.f compilation, -O0 FAIL: g77.f-torture/execute/980628-9.f compilation, -O1 FAIL: g77.f-torture/execute/980628-9.f compilation, -O2 FAIL: g77.f-torture/execute/980628-9.f compilation, -O2 -fomit-frame-pointer -finline-functions FAIL: g77.f-torture/execute/980628-9.f compilation, -Os FAIL: g77.f-torture/execute/980701-0.f compilation, -O0 FAIL: g77.f-torture/execute/980701-0.f compilation, -O1 FAIL: g77.f-torture/execute/980701-0.f compilation, -O2 FAIL: g77.f-torture/execute/980701-0.f compilation, -O2 -fomit-frame-pointer -finline-functions FAIL: g77.f-torture/execute/980701-0.f compilation, -Os FAIL: g77.f-torture/execute/980701-1.f compilation, -O0 FAIL: g77.f-torture/execute/980701-1.f compilation, -O1 FAIL: g77.f-torture/execute/980701-1.f compilation, -O2 FAIL: g77.f-torture/execute/980701-1.f compilation, -O2 -fomit-frame-pointer -finline-functions FAIL: g77.f-torture/execute/980701-1.f compilation, -Os FAIL: g77.f-torture/execute/alpha2.f compilation, -O0 FAIL: g77.f-torture/execute/alpha2.f compilation, -O1 FAIL: g77.f-torture/execute/alpha2.f compilation, -O2 FAIL: g77.f-torture/execute/alpha2.f compilation, -O2 -fomit-frame-pointer -finline-functions FAIL: g77.f-torture/execute/alpha2.f compilation, -Os FAIL: g77.f-torture/execute/auto0.f compilation, -O0 FAIL: g77.f-torture/execute/auto0.f compilation, -O1 FAIL: g77.f-torture/execute/auto0.f compilation, -O2 FAIL: g77.f-torture/execute/auto0.f compilation, -O2 -fomit-frame-pointer -finline-functions FAIL: g77.f-torture/execute/auto0.f compilation, -O2 -fomit-frame-pointer -finline-functions -funroll-loops FAIL: g77.f-torture/execute/auto0.f compilation, -O2 -fomit-frame-pointer -finline-functions -funroll-all-loops FAIL: g77.f-torture/execute/auto0.f compilation, -Os FAIL: g77.f-torture/execute/auto1.f compilation, -O0 FAIL: g77.f-torture/execute/auto1.f compilation, -O1 FAIL: g77.f-torture/execute/auto1.f compilation, -O2 FAIL: g77.f-torture/execute/auto1.f compilation, -O2 -fomit-frame-pointer -finline-functions FAIL: g77.f-torture/execute/auto1.f compilation, -O2 -fomit-frame-pointer -finline-functions -funroll-loops FAIL: g77.f-torture/execute/auto1.f compilation, -O2 -fomit-frame-pointer -finline-functions -funroll-all-loops FAIL: g77.f-torture/execute/auto1.f compilation, -Os FAIL: g77.f-torture/execute/short.f compilation, -O0 FAIL: g77.f-torture/execute/short.f compilation, -O1 FAIL: g77.f-torture/execute/short.f compilation, -O2 FAIL: g77.f-torture/execute/short.f compilation, -O2 -fomit-frame-pointer -finline-functions FAIL: g77.f-torture/execute/short.f compilation, -O2 -fomit-frame-pointer -finline-functions -funroll-loops FAIL: g77.f-torture/execute/short.f compilation, -O2 -fomit-frame-pointer -finline-functions -funroll-all-loops FAIL: g77.f-torture/execute/short.f compilation, -Os === g77 Summary === # of expected passes 280 # of unexpected failures 101 # of untested testcases 91 === objc tests === Running target unix FAIL: objc/execute/bf-1.m execution, -O FAIL: objc/execute/bf-10.m execution, -O FAIL: objc/execute/bf-11.m execution, -O FAIL: objc/execute/bf-12.m execution, -O FAIL: objc/execute/bf-13.m execution, -O FAIL: objc/execute/bf-14.m execution, -O FAIL: objc/execute/bf-15.m execution, -O FAIL: objc/execute/bf-16.m execution, -O FAIL: objc/execute/bf-17.m execution, -O FAIL: objc/execute/bf-18.m execution, -O FAIL: objc/execute/bf-19.m execution, -O FAIL: objc/execute/bf-2.m execution, -O FAIL: objc/execute/bf-3.m execution, -O FAIL: objc/execute/bf-4.m execution, -O FAIL: objc/execute/bf-5.m execution, -O FAIL: objc/execute/bf-6.m execution, -O FAIL: objc/execute/bf-7.m execution, -O FAIL: objc/execute/bf-8.m execution, -O FAIL: objc/execute/bf-9.m execution, -O === objc Summary === # of expected passes 19 # of unexpected failures 19 /xxx/gnu/egcs-2.93.08/objdir/gcc/xgcc version egcs-2.93.08 19990215 (gcc2 ss-980929 experimental) Compiler version: egcs-2.93.08 19990215 (gcc2 ss-980929 experimental) Platform: hppa1.1-hp-hpux9.01 configure flags: --with-gcc-version-trigger=/xxx/gnu/egcs-2.93.08/gcc/version.c --host=hppa1.1-hp-hpux9.01 --with-gnu-as --enable-shared --norecursion