This is the mail archive of the egcs-testresults@egcs.cygnus.com mailing list for the EGCS project. See the EGCS home page for more information.
Native configuration is i586-pc-cygwin32 === libstdc++ tests === Running target unix === libstdc++ Summary === # of expected passes 30 === gcc tests === # of expected passes 1567 Running target unix Host is couldn't execute "\\CYGNUS\\CYGWIN~1\\share\\dejagnu\\config.guess": no such file or directory === g++ tests === Running target unix FAIL: g++.benjamin/14687.C (test for excess errors) FAIL: g++.benjamin/14687.C Execution test FAIL: g++.benjamin/15071.C (test for excess errors) FAIL: g++.benjamin/15071.C Execution test FAIL: g++.brendan/copy9.C (test for excess errors) FAIL: g++.brendan/copy9.C Execution test FAIL: g++.brendan/crash18.C .* (test for errors, line 11) FAIL: g++.brendan/crash18.C .* (test for errors, line 13) FAIL: g++.brendan/ctors2.C Execution test # of expected passes 500 === g77 tests === Running target unix === g77 Summary === # of expected passes 249 Compiler version: egcs Platform: i586-pc-cygwin32 configure flags: --with-gcc-version-trigger=/src/gnu/egcs-19990214/gcc/version.c --host=i586-pc-cygwin32 --norecursion EOF Mail -s "Results for egcs testsuite on i586-pc-cygwin32" egcs-testresults@egcs.cygnus.com &&