This is the mail archive of the egcs-testresults@egcs.cygnus.com mailing list for the EGCS project. See the EGCS home page for more information.
Results for egcs-2.93.08 19990214 (gcc2 ss-980929 experimental) testsuite on i386-pc-sysv4.2uw2.1.1 Native configuration is i386-pc-sysv4.2uw2.1.1 === libio tests === Running target unix === libio Summary === # of expected passes 40 === libstdc++ tests === Running target unix FAIL: tcomplex.cc compilation FAIL: tcomplex.cc -O compilation FAIL: tlist.cc compilation FAIL: tlist.cc -O compilation FAIL: tmap.cc compilation FAIL: tmap.cc -O compilation FAIL: tstring.cc compilation FAIL: tvector.cc compilation FAIL: tvector.cc -O compilation === libstdc++ Summary === # of expected passes 3 # of unexpected failures 9 # of expected failures 18 === gcc tests === Running target unix FAIL: gcc.c-torture/execute/930603-1.c execution, -O0 FAIL: gcc.c-torture/execute/930603-1.c execution, -O1 FAIL: gcc.c-torture/execute/930603-1.c execution, -O2 FAIL: gcc.c-torture/execute/930603-1.c execution, -O2 -g FAIL: gcc.c-torture/execute/930603-1.c execution, -Os FAIL: gcc.c-torture/execute/990119-1.c execution, -O0 FAIL: gcc.c-torture/execute/990119-1.c execution, -O1 FAIL: gcc.c-torture/execute/990119-1.c execution, -O2 FAIL: gcc.c-torture/execute/990119-1.c execution, -O2 -fomit-frame-pointer -finline-functions FAIL: gcc.c-torture/execute/990119-1.c execution, -O2 -g FAIL: gcc.c-torture/execute/990119-1.c execution, -Os FAIL: gcc.c-torture/execute/990130-1.c compilation, -O0 FAIL: gcc.c-torture/execute/990130-1.c compilation, -O1 FAIL: gcc.c-torture/execute/990130-1.c compilation, -O2 FAIL: gcc.c-torture/execute/990130-1.c compilation, -O2 -fomit-frame-pointer -finline-functions FAIL: gcc.c-torture/execute/990130-1.c compilation, -O2 -g FAIL: gcc.c-torture/execute/990130-1.c compilation, -Os FAIL: gcc.c-torture/execute/bf-pack-1.c compilation, -O2 -g FAIL: gcc.c-torture/execute/loop-2b.c execution, -O2 FAIL: gcc.c-torture/execute/loop-2b.c execution, -O2 -fomit-frame-pointer -finline-functions FAIL: gcc.c-torture/execute/loop-2b.c execution, -O2 -fomit-frame-pointer -finline-functions -funroll-loops FAIL: gcc.c-torture/execute/loop-2b.c execution, -O2 -fomit-frame-pointer -finline-functions -funroll-all-loops FAIL: gcc.c-torture/execute/loop-2b.c execution, -O2 -g FAIL: gcc.c-torture/execute/ieee/980619-1.c execution, -O1 FAIL: gcc.c-torture/execute/ieee/980619-1.c execution, -O2 FAIL: gcc.c-torture/execute/ieee/980619-1.c execution, -O2 -fomit-frame-pointer -finline-functions FAIL: gcc.c-torture/execute/ieee/980619-1.c execution, -O2 -fomit-frame-pointer -finline-functions -funroll-loops FAIL: gcc.c-torture/execute/ieee/980619-1.c execution, -O2 -fomit-frame-pointer -finline-functions -funroll-all-loops FAIL: gcc.c-torture/execute/ieee/980619-1.c execution, -O2 -g FAIL: gcc.c-torture/execute/ieee/980619-1.c execution, -Os FAIL: gcc.c-torture/noncompile/951227-1.c FAIL: gcc.c-torture/special/981006-1.c (test for bogus messages, line 11) FAIL: gcc.c-torture/special/981006-1.c (test for bogus messages, line 12) FAIL: gcc.c-torture/special/eeprof-1.c compilation, -O0 FAIL: gcc.c-torture/special/eeprof-1.c compilation, -O1 FAIL: gcc.c-torture/special/eeprof-1.c compilation, -O2 FAIL: gcc.c-torture/special/eeprof-1.c compilation, -O2 -fomit-frame-pointer -finline-functions FAIL: gcc.c-torture/special/eeprof-1.c compilation, -O2 -g FAIL: gcc.c-torture/special/eeprof-1.c compilation, -Os FAIL: gcc.dg/990213-2.c (test for excess errors) FAIL: gcc.dg/990214-1.c (test for excess errors) FAIL: gcc.dg/cpp-if1.c invalid number (test for errors, line 12) FAIL: gcc.dg/cpp-if1.c invalid number (test for errors, line 15) FAIL: gcc.dg/cpp-if1.c invalid number (test for errors, line 18) FAIL: gcc.dg/cpp-if1.c floating point in #if (test for errors, line 21) FAIL: gcc.dg/cpp-if1.c too many suffixes (test for errors, line 24) FAIL: gcc.dg/cpp-if1.c too many suffixes (test for errors, line 27) FAIL: gcc.dg/cpp-if1.c (test for excess errors) FAIL: gcc.dg/special/weak-1.c (test for excess errors) FAIL: gcc.dg/special/weak-2.c (test for excess errors) FAIL: gcc.dg/special/wkali-2.c (test for excess errors) FAIL: gcc.misc-tests/m-un-2.c warning regression (test for warnings, line 18) FAIL: gcc.misc-tests/m-un-2.c warning regression (test for warnings, line 23) FAIL: gcc.misc-tests/m-un-2.c (test for excess errors) === gcc Summary === # of expected passes 7945 # of unexpected failures 54 # of expected failures 19 # of unresolved testcases 13 # of unsupported tests 13 /var/src/egcs-19990214.obj/gcc/xgcc version egcs-2.93.08 19990214 (gcc2 ss-980929 experimental) === g++ tests === Running target unix FAIL: g++.dg/special/conpr-1.C execution test FAIL: g++.dg/special/conpr-2.C execution test FAIL: g++.dg/special/conpr-3.C execution test FAIL: g++.dg/special/conpr-3.C execution test FAIL: g++.law/profile1.C (test for excess errors) FAIL: g++.mike/dyncast7.C (test for excess errors) FAIL: g++.other/crash3.C (test for excess errors) FAIL: g++.pt/decl2.C currently an ICE (test for errors, line 9) FAIL: g++.pt/decl2.C (test for excess errors) FAIL: g++.pt/expr3.C (test for excess errors) FAIL: g++.pt/friend37.C undeclared (test for errors, line 7) FAIL: g++.pt/friend38.C template parameters cannot be friends (test for errors, line 9) XPASS: g++.pt/instantiate6.C (test for excess errors) FAIL: g++.robertl/eb41.C (test for excess errors) === g++ Summary === # of expected passes 4846 # of unexpected failures 13 # of unexpected successes 1 # of expected failures 86 # of untested testcases 7 /var/src/egcs-19990214.obj/gcc/testsuite/../xgcc version egcs-2.93.08 19990214 (gcc2 ss-980929 experimental) === g77 tests === Running target unix FAIL: g77.f-torture/execute/auto0.f execution, -O2 -fomit-frame-pointer -finline-functions -funroll-loops FAIL: g77.f-torture/execute/auto0.f execution, -O2 -fomit-frame-pointer -finline-functions -funroll-all-loops FAIL: g77.f-torture/execute/auto1.f execution, -O2 -fomit-frame-pointer -finline-functions -funroll-loops FAIL: g77.f-torture/execute/auto1.f execution, -O2 -fomit-frame-pointer -finline-functions -funroll-all-loops === g77 Summary === # of expected passes 468 # of unexpected failures 4 === objc tests === Running target unix === objc Summary === # of expected passes 38 /var/src/egcs-19990214.obj/gcc/xgcc version egcs-2.93.08 19990214 (gcc2 ss-980929 experimental) Compiler version: egcs-2.93.08 19990214 (gcc2 ss-980929 experimental) Platform: i386-pc-sysv4.2uw2.1.1 configure flags: --with-gcc-version-trigger=/tmp_mnt/net/reckless/devel/tmp/egcs-19990214/gcc/ver sion.c --host=i386-pc-sysv4.2uw2.1.1 --with-gnu-as --with-gnu-ld --norecursion Counting all warnings, there are 516 warnings in stage3 of this bootstrap. Number of warnings per file: 45 /net/reckless/devel/tmp/egcs-19990214/gcc/toplev.c 23 /net/reckless/devel/tmp/egcs-19990214/gcc/java/lex.c 20 /net/reckless/devel/tmp/egcs-19990214/gcc/java/jcf-parse.c 19 /net/reckless/devel/tmp/egcs-19990214/gcc/dwarfout.c 18 /net/reckless/devel/tmp/egcs-19990214/gcc/varasm.c 17 /net/reckless/devel/tmp/egcs-19990214/gcc/integrate.c 16 /net/reckless/devel/tmp/egcs-19990214/gcc/objc/objc-act.c 16 /net/reckless/devel/tmp/egcs-19990214/gcc/java/jcf-reader.c 13 ./parse.y 12 /net/reckless/devel/tmp/egcs-19990214/gcc/java/jcf-write.c 12 /net/reckless/devel/tmp/egcs-19990214/gcc/java/javaop.def 12 /net/reckless/devel/tmp/egcs-19990214/gcc/dwarf2out.c 12 /net/reckless/devel/tmp/egcs-19990214/gcc/cse.c 11 /net/reckless/devel/tmp/egcs-19990214/gcc/java/jcf-dump.c 11 /net/reckless/devel/tmp/egcs-19990214/gcc/cccp.c 10 /net/reckless/devel/tmp/egcs-19990214/gcc/reload1.c 10 /net/reckless/devel/tmp/egcs-19990214/gcc/java/expr.c 10 /net/reckless/devel/tmp/egcs-19990214/gcc/fold-const.c 9 /net/reckless/devel/tmp/egcs-19990214/gcc/loop.c 9 /net/reckless/devel/tmp/egcs-19990214/gcc/final.c 8 /net/reckless/devel/tmp/egcs-19990214/gcc/unroll.c 8 /net/reckless/devel/tmp/egcs-19990214/gcc/java/gjavah.c 8 /net/reckless/devel/tmp/egcs-19990214/gcc/java/class.c 8 /net/reckless/devel/tmp/egcs-19990214/gcc/combine.c 7 /net/reckless/devel/tmp/egcs-19990214/gcc/optabs.c 7 /net/reckless/devel/tmp/egcs-19990214/gcc/c-lex.c 6 /net/reckless/devel/tmp/egcs-19990214/gcc/sched.c 6 /net/reckless/devel/tmp/egcs-19990214/gcc/reload.c 6 /net/reckless/devel/tmp/egcs-19990214/gcc/cp/lex.c 5 /net/reckless/devel/tmp/egcs-19990214/gcc/java/verify.c 5 /net/reckless/devel/tmp/egcs-19990214/gcc/gcov.c 5 /net/reckless/devel/tmp/egcs-19990214/gcc/dbxout.c 5 /net/reckless/devel/tmp/egcs-19990214/gcc/collect2.c 4 gcj.c 4 g77.c 4 g++.c 4 cexp.y 4 /net/reckless/devel/tmp/egcs-19990214/gcc/rtl.c 4 /net/reckless/devel/tmp/egcs-19990214/gcc/reg-stack.c 4 /net/reckless/devel/tmp/egcs-19990214/gcc/protoize.c 4 /net/reckless/devel/tmp/egcs-19990214/gcc/genopinit.c 4 /net/reckless/devel/tmp/egcs-19990214/gcc/gcc.c 4 /net/reckless/devel/tmp/egcs-19990214/gcc/cpplib.c 4 /net/reckless/devel/tmp/egcs-19990214/gcc/config/i386/i386.c 3 insn-emit.c 3 /net/reckless/devel/tmp/egcs-19990214/gcc/stmt.c 3 /net/reckless/devel/tmp/egcs-19990214/gcc/regmove.c 3 /net/reckless/devel/tmp/egcs-19990214/gcc/regclass.c 3 /net/reckless/devel/tmp/egcs-19990214/gcc/local-alloc.c 3 /net/reckless/devel/tmp/egcs-19990214/gcc/java/parse.h 3 /net/reckless/devel/tmp/egcs-19990214/gcc/java/lex.h 3 /net/reckless/devel/tmp/egcs-19990214/gcc/flow.c 3 /net/reckless/devel/tmp/egcs-19990214/gcc/fix-header.c 3 /net/reckless/devel/tmp/egcs-19990214/gcc/expr.c 3 /net/reckless/devel/tmp/egcs-19990214/gcc/expmed.c 2 insn-recog.c 2 insn-output.c 2 /net/reckless/devel/tmp/egcs-19990214/gcc/print-rtl.c 2 /net/reckless/devel/tmp/egcs-19990214/gcc/java/jcf-io.c 2 /net/reckless/devel/tmp/egcs-19990214/gcc/genrecog.c 2 /net/reckless/devel/tmp/egcs-19990214/gcc/genpeep.c 2 /net/reckless/devel/tmp/egcs-19990214/gcc/genoutput.c 2 /net/reckless/devel/tmp/egcs-19990214/gcc/genemit.c 2 /net/reckless/devel/tmp/egcs-19990214/gcc/function.c 2 /net/reckless/devel/tmp/egcs-19990214/gcc/cppexp.c 2 /net/reckless/devel/tmp/egcs-19990214/gcc/c-decl.c 1 splay-tree.c 1 cxxmain.c 1 /net/reckless/devel/tmp/egcs-19990214/gcc/tree.c 1 /net/reckless/devel/tmp/egcs-19990214/gcc/tlink.c 1 /net/reckless/devel/tmp/egcs-19990214/gcc/stupid.c 1 /net/reckless/devel/tmp/egcs-19990214/gcc/scan-decls.c 1 /net/reckless/devel/tmp/egcs-19990214/gcc/profile.c 1 /net/reckless/devel/tmp/egcs-19990214/gcc/java/typeck.c 1 /net/reckless/devel/tmp/egcs-19990214/gcc/java/jvspec.c 1 /net/reckless/devel/tmp/egcs-19990214/gcc/java/jvgenmain.c 1 /net/reckless/devel/tmp/egcs-19990214/gcc/java/decl.c 1 /net/reckless/devel/tmp/egcs-19990214/gcc/java/constants.c 1 /net/reckless/devel/tmp/egcs-19990214/gcc/hash.c 1 /net/reckless/devel/tmp/egcs-19990214/gcc/graph.c 1 /net/reckless/devel/tmp/egcs-19990214/gcc/genflags.c 1 /net/reckless/devel/tmp/egcs-19990214/gcc/genextract.c 1 /net/reckless/devel/tmp/egcs-19990214/gcc/genconfig.c 1 /net/reckless/devel/tmp/egcs-19990214/gcc/gencodes.c 1 /net/reckless/devel/tmp/egcs-19990214/gcc/genattrtab.c 1 /net/reckless/devel/tmp/egcs-19990214/gcc/genattr.c 1 /net/reckless/devel/tmp/egcs-19990214/gcc/gcov-io.h 1 /net/reckless/devel/tmp/egcs-19990214/gcc/f/g77spec.c 1 /net/reckless/devel/tmp/egcs-19990214/gcc/explow.c 1 /net/reckless/devel/tmp/egcs-19990214/gcc/except.c 1 /net/reckless/devel/tmp/egcs-19990214/gcc/cp/pt.c 1 /net/reckless/devel/tmp/egcs-19990214/gcc/cp/decl.c 1 /net/reckless/devel/tmp/egcs-19990214/gcc/calls.c 1 ./parse-scan.y Number of warning types: 133 \`???' might be used uninitialized in this function 76 implicit declaration of function \`???' 71 unused parameter \`???' 63 comparison between signed and unsigned 27 variable \`???' might be clobbered by \`longjmp' or \`vfork' 23 unused variable \`???' 22 statement with no effect 20 left-hand operand of comma expression has no effect 20 ??? format, ??? arg (arg ???) 16 missing initializer 16 (near initialization for \`???') 8 initialization from incompatible pointer type 6 \`???' declared \`static' but never defined 5 argument \`???' might be clobbered by \`longjmp' or \`vfork' 4 \`???' defined but not used 2 zero-length format string 1 value computed is not used 1 passing arg ??? of \`???' from incompatible pointer type 1 passing arg ??? of \`???' discards qualifiers from pointer target type 1 label \`???' defined but not used