This is the mail archive of the egcs-testresults@egcs.cygnus.com mailing list for the EGCS project. See the EGCS home page for more information.
Native configuration is i686-UnixWare7.0.1-sysv5 === libio tests === Running target unix/-fPIC === libio Summary for unix/-fPIC === # of expected passes 40 Running target unix === libio Summary for unix === # of expected passes 40 === libio Summary === # of expected passes 80 === libstdc++ tests === Running target unix/-fPIC FAIL: tcomplex.cc compilation FAIL: tcomplex.cc -O compilation FAIL: tlist.cc compilation FAIL: tlist.cc -O compilation FAIL: tmap.cc compilation FAIL: tmap.cc -O compilation FAIL: tstring.cc compilation FAIL: tvector.cc compilation FAIL: tvector.cc -O compilation === libstdc++ Summary for unix/-fPIC === # of expected passes 3 # of unexpected failures 9 # of expected failures 18 Running target unix FAIL: tcomplex.cc compilation FAIL: tcomplex.cc -O compilation FAIL: tlist.cc compilation FAIL: tlist.cc -O compilation FAIL: tmap.cc compilation FAIL: tmap.cc -O compilation FAIL: tstring.cc compilation FAIL: tvector.cc compilation FAIL: tvector.cc -O compilation === libstdc++ Summary for unix === # of expected passes 3 # of unexpected failures 9 # of expected failures 18 === libstdc++ Summary === # of expected passes 6 # of unexpected failures 18 # of expected failures 36 === gcc tests === Running target unix/-fPIC FAIL: gcc.c-torture/execute/921123-2.c execution, -O0 FAIL: gcc.c-torture/execute/930111-1.c compilation, -O0 FAIL: gcc.c-torture/execute/930111-1.c compilation, -O1 FAIL: gcc.c-torture/execute/930111-1.c compilation, -O2 FAIL: gcc.c-torture/execute/930111-1.c compilation, -O2 -fomit-frame-pointer -finline-functions FAIL: gcc.c-torture/execute/930111-1.c compilation, -O2 -g FAIL: gcc.c-torture/execute/930111-1.c compilation, -Os FAIL: gcc.c-torture/execute/930603-1.c execution, -O0 FAIL: gcc.c-torture/execute/930603-1.c execution, -O1 FAIL: gcc.c-torture/execute/930603-1.c execution, -O2 FAIL: gcc.c-torture/execute/930603-1.c execution, -O2 -g FAIL: gcc.c-torture/execute/930603-1.c execution, -Os FAIL: gcc.c-torture/execute/930930-2.c execution, -O1 FAIL: gcc.c-torture/execute/930930-2.c execution, -O2 FAIL: gcc.c-torture/execute/930930-2.c execution, -O2 -g FAIL: gcc.c-torture/execute/930930-2.c execution, -Os FAIL: gcc.c-torture/execute/940122-1.c execution, -O2 -fomit-frame-pointer -finline-functions FAIL: gcc.c-torture/execute/990119-1.c execution, -O0 FAIL: gcc.c-torture/execute/990119-1.c execution, -O1 FAIL: gcc.c-torture/execute/990119-1.c execution, -O2 FAIL: gcc.c-torture/execute/990119-1.c execution, -O2 -fomit-frame-pointer -finline-functions FAIL: gcc.c-torture/execute/990119-1.c execution, -O2 -g FAIL: gcc.c-torture/execute/990119-1.c execution, -Os FAIL: gcc.c-torture/execute/990127-2.c execution, -O2 -fomit-frame-pointer -finline-functions FAIL: gcc.c-torture/execute/990130-1.c compilation, -O0 FAIL: gcc.c-torture/execute/990130-1.c compilation, -O1 FAIL: gcc.c-torture/execute/990130-1.c compilation, -O2 FAIL: gcc.c-torture/execute/990130-1.c compilation, -O2 -fomit-frame-pointer -finline-functions FAIL: gcc.c-torture/execute/990130-1.c compilation, -O2 -g FAIL: gcc.c-torture/execute/990130-1.c compilation, -Os FAIL: gcc.c-torture/execute/bf-pack-1.c compilation, -O2 -g FAIL: gcc.c-torture/execute/complex-1.c execution, -O0 FAIL: gcc.c-torture/execute/complex-1.c execution, -O1 FAIL: gcc.c-torture/execute/complex-1.c execution, -O2 FAIL: gcc.c-torture/execute/complex-1.c execution, -O2 -g FAIL: gcc.c-torture/execute/complex-1.c execution, -Os FAIL: gcc.c-torture/execute/complex-2.c execution, -O0 FAIL: gcc.c-torture/execute/complex-2.c execution, -O1 FAIL: gcc.c-torture/execute/complex-2.c execution, -O2 FAIL: gcc.c-torture/execute/complex-2.c execution, -O2 -g FAIL: gcc.c-torture/execute/complex-2.c execution, -Os FAIL: gcc.c-torture/execute/conversion.c execution, -O2 -fomit-frame-pointer -finline-functions FAIL: gcc.c-torture/execute/nestfunc-1.c execution, -O1 FAIL: gcc.c-torture/execute/nestfunc-1.c execution, -O2 FAIL: gcc.c-torture/execute/nestfunc-1.c execution, -O2 -g FAIL: gcc.c-torture/execute/nestfunc-1.c execution, -Os FAIL: gcc.c-torture/execute/ieee/980619-1.c execution, -O1 FAIL: gcc.c-torture/execute/ieee/980619-1.c execution, -O2 FAIL: gcc.c-torture/execute/ieee/980619-1.c execution, -O2 -fomit-frame-pointer -finline-functions FAIL: gcc.c-torture/execute/ieee/980619-1.c execution, -O2 -fomit-frame-pointer -finline-functions -funroll-loops FAIL: gcc.c-torture/execute/ieee/980619-1.c execution, -O2 -fomit-frame-pointer -finline-functions -funroll-all-loops FAIL: gcc.c-torture/execute/ieee/980619-1.c execution, -O2 -g FAIL: gcc.c-torture/execute/ieee/980619-1.c execution, -Os FAIL: gcc.c-torture/noncompile/951227-1.c FAIL: gcc.c-torture/special/981006-1.c (test for bogus messages, line 11) FAIL: gcc.c-torture/special/981006-1.c (test for bogus messages, line 12) FAIL: gcc.c-torture/special/eeprof-1.c compilation, -O0 FAIL: gcc.c-torture/special/eeprof-1.c compilation, -O1 FAIL: gcc.c-torture/special/eeprof-1.c compilation, -O2 FAIL: gcc.c-torture/special/eeprof-1.c compilation, -O2 -fomit-frame-pointer -finline-functions FAIL: gcc.c-torture/special/eeprof-1.c compilation, -O2 -g FAIL: gcc.c-torture/special/eeprof-1.c compilation, -Os FAIL: gcc.dg/990213-2.c (test for excess errors) FAIL: gcc.dg/990214-1.c (test for excess errors) FAIL: gcc.dg/cpp-if1.c invalid number (test for errors, line 12) FAIL: gcc.dg/cpp-if1.c invalid number (test for errors, line 15) FAIL: gcc.dg/cpp-if1.c invalid number (test for errors, line 18) FAIL: gcc.dg/cpp-if1.c floating point in #if (test for errors, line 21) FAIL: gcc.dg/cpp-if1.c too many suffixes (test for errors, line 24) FAIL: gcc.dg/cpp-if1.c too many suffixes (test for errors, line 27) FAIL: gcc.dg/cpp-if1.c (test for excess errors) FAIL: gcc.misc-tests/gcov-1.c execution test FAIL: gcov-1.c:1:is 4:should be 11 FAIL: gcov-1.c:1:is 5:should be 10 FAIL: gcov-1.c:1:is 7:should be 1 FAIL: gcc.misc-tests/gcov-2.c execution test (PRMS 8294) FAIL: gcc.misc-tests/m-un-2.c warning regression (test for warnings, line 18) FAIL: gcc.misc-tests/m-un-2.c warning regression (test for warnings, line 23) FAIL: gcc.misc-tests/m-un-2.c (test for excess errors) === gcc Summary for unix/-fPIC === # of expected passes 7911 # of unexpected failures 79 # of expected failures 19 # of unresolved testcases 19 # of unsupported tests 12 Running target unix FAIL: gcc.c-torture/execute/930603-1.c execution, -O0 FAIL: gcc.c-torture/execute/930603-1.c execution, -O1 FAIL: gcc.c-torture/execute/930603-1.c execution, -O2 FAIL: gcc.c-torture/execute/930603-1.c execution, -O2 -g FAIL: gcc.c-torture/execute/930603-1.c execution, -Os FAIL: gcc.c-torture/execute/990119-1.c execution, -O0 FAIL: gcc.c-torture/execute/990119-1.c execution, -O1 FAIL: gcc.c-torture/execute/990119-1.c execution, -O2 FAIL: gcc.c-torture/execute/990119-1.c execution, -O2 -fomit-frame-pointer -finline-functions FAIL: gcc.c-torture/execute/990119-1.c execution, -O2 -g FAIL: gcc.c-torture/execute/990119-1.c execution, -Os FAIL: gcc.c-torture/execute/990130-1.c compilation, -O0 FAIL: gcc.c-torture/execute/990130-1.c compilation, -O1 FAIL: gcc.c-torture/execute/990130-1.c compilation, -O2 FAIL: gcc.c-torture/execute/990130-1.c compilation, -O2 -fomit-frame-pointer -finline-functions FAIL: gcc.c-torture/execute/990130-1.c compilation, -O2 -g FAIL: gcc.c-torture/execute/990130-1.c compilation, -Os FAIL: gcc.c-torture/execute/bf-pack-1.c compilation, -O2 -g FAIL: gcc.c-torture/execute/loop-2b.c execution, -O2 FAIL: gcc.c-torture/execute/loop-2b.c execution, -O2 -fomit-frame-pointer -finline-functions FAIL: gcc.c-torture/execute/loop-2b.c execution, -O2 -fomit-frame-pointer -finline-functions -funroll-loops FAIL: gcc.c-torture/execute/loop-2b.c execution, -O2 -fomit-frame-pointer -finline-functions -funroll-all-loops FAIL: gcc.c-torture/execute/loop-2b.c execution, -O2 -g FAIL: gcc.c-torture/execute/ieee/980619-1.c execution, -O1 FAIL: gcc.c-torture/execute/ieee/980619-1.c execution, -O2 FAIL: gcc.c-torture/execute/ieee/980619-1.c execution, -O2 -fomit-frame-pointer -finline-functions FAIL: gcc.c-torture/execute/ieee/980619-1.c execution, -O2 -fomit-frame-pointer -finline-functions -funroll-loops FAIL: gcc.c-torture/execute/ieee/980619-1.c execution, -O2 -fomit-frame-pointer -finline-functions -funroll-all-loops FAIL: gcc.c-torture/execute/ieee/980619-1.c execution, -O2 -g FAIL: gcc.c-torture/execute/ieee/980619-1.c execution, -Os FAIL: gcc.c-torture/noncompile/951227-1.c FAIL: gcc.c-torture/special/981006-1.c (test for bogus messages, line 11) FAIL: gcc.c-torture/special/981006-1.c (test for bogus messages, line 12) FAIL: gcc.c-torture/special/eeprof-1.c compilation, -O0 FAIL: gcc.c-torture/special/eeprof-1.c compilation, -O1 FAIL: gcc.c-torture/special/eeprof-1.c compilation, -O2 FAIL: gcc.c-torture/special/eeprof-1.c compilation, -O2 -fomit-frame-pointer -finline-functions FAIL: gcc.c-torture/special/eeprof-1.c compilation, -O2 -g FAIL: gcc.c-torture/special/eeprof-1.c compilation, -Os FAIL: gcc.dg/990213-2.c (test for excess errors) FAIL: gcc.dg/990214-1.c (test for excess errors) FAIL: gcc.dg/cpp-if1.c invalid number (test for errors, line 12) FAIL: gcc.dg/cpp-if1.c invalid number (test for errors, line 15) FAIL: gcc.dg/cpp-if1.c invalid number (test for errors, line 18) FAIL: gcc.dg/cpp-if1.c floating point in #if (test for errors, line 21) FAIL: gcc.dg/cpp-if1.c too many suffixes (test for errors, line 24) FAIL: gcc.dg/cpp-if1.c too many suffixes (test for errors, line 27) FAIL: gcc.dg/cpp-if1.c (test for excess errors) FAIL: gcc.misc-tests/m-un-2.c warning regression (test for warnings, line 18) FAIL: gcc.misc-tests/m-un-2.c warning regression (test for warnings, line 23) FAIL: gcc.misc-tests/m-un-2.c (test for excess errors) === gcc Summary for unix === # of expected passes 7943 # of unexpected failures 51 # of expected failures 19 # of unresolved testcases 13 # of unsupported tests 12 === gcc Summary === # of expected passes 15854 # of unexpected failures 130 # of expected failures 38 # of unresolved testcases 32 # of unsupported tests 24 /home/robertl/tmp/negcs/gcc/xgcc version egcs-2.93.08 19990214 (gcc2 ss-980929 experimental) === g++ tests === Running target unix/-fPIC FAIL: g++.law/profile1.C (test for excess errors) FAIL: g++.mike/dyncast7.C (test for excess errors) FAIL: g++.other/crash3.C (test for excess errors) FAIL: g++.pt/decl2.C currently an ICE (test for errors, line 9) FAIL: g++.pt/decl2.C (test for excess errors) FAIL: g++.pt/expr3.C (test for excess errors) FAIL: g++.pt/friend37.C undeclared (test for errors, line 7) FAIL: g++.pt/friend38.C template parameters cannot be friends (test for errors, line 9) XPASS: g++.pt/instantiate6.C (test for excess errors) FAIL: g++.robertl/eb41.C (test for excess errors) FAIL: g++.robertl/eb83.C Execution test === g++ Summary for unix/-fPIC === # of expected passes 4841 # of unexpected failures 10 # of unexpected successes 1 # of expected failures 86 # of untested testcases 7 Running target unix FAIL: g++.law/profile1.C (test for excess errors) FAIL: g++.mike/dyncast7.C (test for excess errors) FAIL: g++.other/crash3.C (test for excess errors) FAIL: g++.pt/decl2.C currently an ICE (test for errors, line 9) FAIL: g++.pt/decl2.C (test for excess errors) FAIL: g++.pt/expr3.C (test for excess errors) FAIL: g++.pt/friend37.C undeclared (test for errors, line 7) FAIL: g++.pt/friend38.C template parameters cannot be friends (test for errors, line 9) XPASS: g++.pt/instantiate6.C (test for excess errors) FAIL: g++.robertl/eb41.C (test for excess errors) === g++ Summary for unix === # of expected passes 4842 # of unexpected failures 9 # of unexpected successes 1 # of expected failures 86 # of untested testcases 7 === g++ Summary === # of expected passes 9683 # of unexpected failures 19 # of unexpected successes 2 # of expected failures 172 # of untested testcases 14 /home/robertl/tmp/negcs/gcc/testsuite/../xgcc version egcs-2.93.08 19990214 (gcc2 ss-980929 experimental) === g77 tests === Running target unix/-fPIC FAIL: g77.f-torture/execute/auto0.f execution, -O2 -fomit-frame-pointer -finline-functions -funroll-loops FAIL: g77.f-torture/execute/auto0.f execution, -O2 -fomit-frame-pointer -finline-functions -funroll-all-loops FAIL: g77.f-torture/execute/auto1.f execution, -O2 -fomit-frame-pointer -finline-functions -funroll-loops FAIL: g77.f-torture/execute/auto1.f execution, -O2 -fomit-frame-pointer -finline-functions -funroll-all-loops === g77 Summary for unix/-fPIC === # of expected passes 468 # of unexpected failures 4 Running target unix FAIL: g77.f-torture/execute/auto0.f execution, -O2 -fomit-frame-pointer -finline-functions -funroll-loops FAIL: g77.f-torture/execute/auto0.f execution, -O2 -fomit-frame-pointer -finline-functions -funroll-all-loops FAIL: g77.f-torture/execute/auto1.f execution, -O2 -fomit-frame-pointer -finline-functions -funroll-loops FAIL: g77.f-torture/execute/auto1.f execution, -O2 -fomit-frame-pointer -finline-functions -funroll-all-loops === g77 Summary for unix === # of expected passes 468 # of unexpected failures 4 === g77 Summary === # of expected passes 936 # of unexpected failures 8 === objc tests === Running target unix/-fPIC === objc Summary for unix/-fPIC === # of expected passes 38 Running target unix === objc Summary for unix === # of expected passes 38 === objc Summary === # of expected passes 76 /home/robertl/tmp/negcs/gcc/xgcc version egcs-2.93.08 19990214 (gcc2 ss-980929 experimental) Compiler version: egcs-2.93.08 19990214 (gcc2 ss-980929 experimental) Platform: i686-UnixWare7.0.1-sysv5 configure flags: --with-gcc-version-trigger=/play/egcs/gcc/version.c --host=i686-UnixWare7.0.1-sysv5 --norecursion