This is the mail archive of the egcs-testresults@egcs.cygnus.com mailing list for the EGCS project. See the EGCS home page for more information.
Sources: - egcs mainline from CVS last updated at Sun Jan 31 15:37:59 1999; official snapshot tagged as egcs_ss_19990131 - libg++-2.8.1.2a-19981217 Patches: None. Environment: - GNU binutils 2.9.1.0.18 - autoconf-990109-mainline - automake-990115-mainline - dejagnu-980528 - gperf-2.7 with gperf-2.7-19981006 patch for -F - Linux kernel 2.2.1 (compiled by egcs-2.91.60) - glibc 2.0.7pre6 (compiled by egcs-2.91.60) Remarks: A good few new failures here. configure flags: --with-gnu-ld --with-gnu-as --prefix=/usr/packages.bin/egcs/snapshot --enable-shared --disable-haifa BOOT_CC: egcs-2.91.60 BOOT_CFLAGS: CFLAGS: CXXFLAGS: Native configuration is i586-pc-linux-gnu === libio tests === Running target unix === libio Summary === # of expected passes 40 === libstdc++ tests === Running target unix === libstdc++ Summary === # of expected passes 30 === libg++ tests === Running target unix === libg++ Summary === # of expected passes 72 === gcc tests === Running target unix FAIL: gcc.c-torture/execute/930603-1.c execution, -O0 FAIL: gcc.c-torture/execute/930603-1.c execution, -O1 FAIL: gcc.c-torture/execute/930603-1.c execution, -O2 FAIL: gcc.c-torture/execute/930603-1.c execution, -O2 -g FAIL: gcc.c-torture/execute/930603-1.c execution, -Os FAIL: gcc.c-torture/execute/990119-1.c execution, -O0 FAIL: gcc.c-torture/execute/990119-1.c execution, -O1 FAIL: gcc.c-torture/execute/990119-1.c execution, -O2 FAIL: gcc.c-torture/execute/990119-1.c execution, -O2 -fomit-frame-pointer -finline-functions FAIL: gcc.c-torture/execute/990119-1.c execution, -O2 -g FAIL: gcc.c-torture/execute/990119-1.c execution, -Os FAIL: gcc.c-torture/execute/990128-1.c execution, -O2 FAIL: gcc.c-torture/execute/990128-1.c execution, -O2 -fomit-frame-pointer -finline-functions FAIL: gcc.c-torture/execute/990128-1.c execution, -O2 -fomit-frame-pointer -finline-functions -funroll-loops FAIL: gcc.c-torture/execute/990128-1.c execution, -O2 -fomit-frame-pointer -finline-functions -funroll-all-loops FAIL: gcc.c-torture/execute/990128-1.c execution, -O2 -g FAIL: gcc.c-torture/execute/990128-1.c execution, -Os FAIL: gcc.c-torture/execute/loop-2f.c execution, -O2 FAIL: gcc.c-torture/execute/loop-2f.c execution, -O2 -fomit-frame-pointer -finline-functions FAIL: gcc.c-torture/execute/loop-2f.c execution, -O2 -fomit-frame-pointer -finline-functions -funroll-loops FAIL: gcc.c-torture/execute/loop-2f.c execution, -O2 -fomit-frame-pointer -finline-functions -funroll-all-loops FAIL: gcc.c-torture/execute/loop-2f.c execution, -O2 -g FAIL: gcc.c-torture/execute/loop-2f.c execution, -Os FAIL: gcc.c-torture/execute/loop-2g.c execution, -O2 FAIL: gcc.c-torture/execute/loop-2g.c execution, -O2 -fomit-frame-pointer -finline-functions FAIL: gcc.c-torture/execute/loop-2g.c execution, -O2 -fomit-frame-pointer -finline-functions -funroll-loops FAIL: gcc.c-torture/execute/loop-2g.c execution, -O2 -fomit-frame-pointer -finline-functions -funroll-all-loops FAIL: gcc.c-torture/execute/loop-2g.c execution, -O2 -g FAIL: gcc.c-torture/execute/loop-2g.c execution, -Os FAIL: gcc.c-torture/execute/ieee/980619-1.c execution, -O1 FAIL: gcc.c-torture/execute/ieee/980619-1.c execution, -O2 FAIL: gcc.c-torture/execute/ieee/980619-1.c execution, -O2 -fomit-frame-pointer -finline-functions FAIL: gcc.c-torture/execute/ieee/980619-1.c execution, -O2 -fomit-frame-pointer -finline-functions -funroll-loops FAIL: gcc.c-torture/execute/ieee/980619-1.c execution, -O2 -fomit-frame-pointer -finline-functions -funroll-all-loops FAIL: gcc.c-torture/execute/ieee/980619-1.c execution, -O2 -g FAIL: gcc.c-torture/execute/ieee/980619-1.c execution, -Os FAIL: gcc.c-torture/execute/memcheck/blkarg.c execution, -O0 FAIL: gcc.c-torture/execute/memcheck/blkarg.c execution, -O1 FAIL: gcc.c-torture/execute/memcheck/blkarg.c execution, -O2 FAIL: gcc.c-torture/execute/memcheck/blkarg.c execution, -O2 -fomit-frame-pointer -finline-functions FAIL: gcc.c-torture/execute/memcheck/blkarg.c execution, -O2 -g FAIL: gcc.c-torture/execute/memcheck/blkarg.c execution, -Os FAIL: gcc.c-torture/noncompile/951227-1.c FAIL: gcc.c-torture/special/981006-1.c (test for bogus messages, line 11) FAIL: gcc.c-torture/special/981006-1.c (test for bogus messages, line 12) FAIL: gcc.dg/990117-1.c (test for excess errors) FAIL: gcc.dg/990130-1.c (test for excess errors) FAIL: gcc.dg/cpp-if1.c invalid number (test for errors, line 12) FAIL: gcc.dg/cpp-if1.c invalid number (test for errors, line 15) FAIL: gcc.dg/cpp-if1.c invalid number (test for errors, line 18) FAIL: gcc.dg/cpp-if1.c floating point in #if (test for errors, line 21) FAIL: gcc.dg/cpp-if1.c too many suffixes (test for errors, line 24) FAIL: gcc.dg/cpp-if1.c too many suffixes (test for errors, line 27) FAIL: gcc.dg/cpp-if1.c (test for excess errors) FAIL: gcc.misc-tests/m-un-2.c warning regression (test for warnings, line 18) FAIL: gcc.misc-tests/m-un-2.c warning regression (test for warnings, line 23) FAIL: gcc.misc-tests/m-un-2.c (test for excess errors) === gcc Summary === # of expected passes 7923 # of unexpected failures 57 # of expected failures 13 # of unsupported tests 12 /usr/.egcs-snapshot/i586-pc-linux-gnu/gcc/xgcc version egcs-2.93.04 19990131 (gcc2 ss-980929 experimental) === g++ tests === Running target unix FAIL: g++.ns/template6.C (test for excess errors) FAIL: g++.robertl/eb83.C caused compiler crash === g++ Summary === # of expected passes 4835 # of unexpected failures 2 # of expected failures 90 # of untested testcases 7 /usr/.egcs-snapshot/i586-pc-linux-gnu/gcc/testsuite/../xgcc version egcs-2.93.04 19990131 (gcc2 ss-980929 experimental) === g77 tests === Running target unix FAIL: g77.f-torture/execute/auto0.f execution, -O2 -fomit-frame-pointer -finline-functions -funroll-loops FAIL: g77.f-torture/execute/auto0.f execution, -O2 -fomit-frame-pointer -finline-functions -funroll-all-loops FAIL: g77.f-torture/execute/auto1.f execution, -O2 -fomit-frame-pointer -finline-functions -funroll-loops FAIL: g77.f-torture/execute/auto1.f execution, -O2 -fomit-frame-pointer -finline-functions -funroll-all-loops === g77 Summary === # of expected passes 468 # of unexpected failures 4 === objc tests === Running target unix === objc Summary === # of expected passes 38 /usr/.egcs-snapshot/i586-pc-linux-gnu/gcc/xgcc version egcs-2.93.04 19990131 (gcc2 ss-980929 experimental) Compiler version: haifa-disabled egcs-2.93.04 19990131 (gcc2 ss-980929 experimental) Platform: i586-pc-linux-gnu configure flags: --with-gcc-version-trigger=/usr/packages/egcs/egcs/snapshot/egcs/gcc/version.c --host=i586-pc-linux-gnu --with-gnu-ld --with-gnu-as --prefix=/usr/packages.bin/egcs/snapshot --enable-shared --disable-haifa --norecursion Counting all warnings, there are 475 warnings in stage3 of this bootstrap. Number of warnings per file: 43 ../../egcs/gcc/toplev.c 30 ../../../egcs/gcc/java/javaop.h 23 ../../../egcs/gcc/java/lex.c 20 ../../../egcs/gcc/java/jcf-parse.c 16 ../../egcs/gcc/objc/objc-act.c 16 ../../../egcs/gcc/java/jcf-reader.c 12 ./parse.y 12 ../../egcs/gcc/cse.c 12 ../../../egcs/gcc/java/jcf-write.c 12 ../../../egcs/gcc/java/javaop.def 11 ../../../egcs/gcc/java/jcf-dump.c 10 ../../egcs/gcc/varasm.c 10 ../../egcs/gcc/reload1.c 10 ../../egcs/gcc/fold-const.c 10 ../../../egcs/gcc/java/expr.c 9 ../../egcs/gcc/integrate.c 9 ../../egcs/gcc/final.c 8 ../../egcs/gcc/loop.c 8 ../../egcs/gcc/combine.c 8 ../../../egcs/gcc/java/gjavah.c 8 ../../../egcs/gcc/java/class.c 7 pexecute.c 7 ../../egcs/gcc/unroll.c 7 ../../egcs/gcc/optabs.c 7 ../../egcs/gcc/dwarf2out.c 7 ../../egcs/gcc/cccp.c 7 ../../egcs/gcc/c-lex.c 6 ../../egcs/gcc/reload.c 6 ../../egcs/gcc/protoize.c 6 ../../../egcs/gcc/cp/lex.c 5 ../../egcs/gcc/collect2.c 5 ../../../egcs/gcc/java/verify.c 4 cexp.y 4 ../../egcs/gcc/system.h 4 ../../egcs/gcc/sched.c 4 ../../egcs/gcc/reg-stack.c 4 ../../egcs/gcc/intl.h 4 ../../egcs/gcc/dbxout.c 3 insn-emit.c 3 gcj.c 3 g77.c 3 g++.c 3 ../../egcs/gcc/stmt.c 3 ../../egcs/gcc/rtl.c 3 ../../egcs/gcc/regmove.c 3 ../../egcs/gcc/regclass.c 3 ../../egcs/gcc/local-alloc.c 3 ../../egcs/gcc/genopinit.c 3 ../../egcs/gcc/gcc.c 3 ../../egcs/gcc/expr.c 3 ../../egcs/gcc/expmed.c 3 ../../egcs/gcc/config/i386/i386.c 3 ../../../egcs/gcc/java/parse.h 3 ../../../egcs/gcc/java/lex.h 2 insn-recog.c 2 insn-output.c 2 ../../egcs/gcc/gcov.c 2 ../../egcs/gcc/function.c 2 ../../egcs/gcc/flow.c 2 ../../egcs/gcc/c-decl.c 1 splay-tree.c 1 cxxmain.c 1 cplus-dem.c 1 choose-temp.c 1 ./parse-scan.y 1 ../../egcs/gcc/tree.c 1 ../../egcs/gcc/tlink.c 1 ../../egcs/gcc/stupid.c 1 ../../egcs/gcc/print-rtl.c 1 ../../egcs/gcc/java/jvspec.c 1 ../../egcs/gcc/hash.c 1 ../../egcs/gcc/graph.c 1 ../../egcs/gcc/gcov-io.h 1 ../../egcs/gcc/f/g77spec.c 1 ../../egcs/gcc/explow.c 1 ../../egcs/gcc/crtstuff.c 1 ../../egcs/gcc/calls.c 1 ../../../egcs/gcc/java/typeck.c 1 ../../../egcs/gcc/java/jvgenmain.c 1 ../../../egcs/gcc/java/jcf-io.c 1 ../../../egcs/gcc/java/decl.c 1 ../../../egcs/gcc/java/constants.c 1 ../../../egcs/gcc/cp/pt.c 1 ../../../egcs/gcc/cp/decl.c Number of warning types: 131 `???' might be used uninitialized in this function 72 unused parameter `???' 52 implicit declaration of function `???' 34 `???' defined but not used 33 variable `???' might be clobbered by `longjmp' or `vfork' 30 comparison between signed and unsigned 22 statement with no effect 21 unused variable `???' 16 missing initializer 16 (near initialization for `???') 14 ??? format, ??? arg (arg ???) 8 initialization from incompatible pointer type 6 `???' declared `static' but never defined 5 argument `???' might be clobbered by `longjmp' or `vfork' 4 this is the location of the previous definition 4 `???' redefined 2 zero-length format string 1 value computed is not used 1 suggest explicit braces to avoid ambiguous `else' 1 passing arg ??? of `???' from incompatible pointer type 1 passing arg ??? of `???' discards qualifiers from pointer target type 1 label `???' defined but not used Counting all warnings, there are 4 warnings in stage0 of this bootstrap. Number of warnings per file: 4 ../../../../egcs/libg++/src/Fix16.cc Number of warning types: 4 integer overflow in expression Counting non-subdirectory warnings, there are 288 warnings in stage3 of this bootstrap. Number of warnings per file: 43 ../../egcs/gcc/toplev.c 16 ../../egcs/gcc/objc/objc-act.c 12 ../../egcs/gcc/cse.c 10 ../../egcs/gcc/varasm.c 10 ../../egcs/gcc/reload1.c 10 ../../egcs/gcc/fold-const.c 9 ../../egcs/gcc/integrate.c 9 ../../egcs/gcc/final.c 8 ../../egcs/gcc/loop.c 8 ../../egcs/gcc/combine.c 7 pexecute.c 7 ../../egcs/gcc/unroll.c 7 ../../egcs/gcc/optabs.c 7 ../../egcs/gcc/dwarf2out.c 7 ../../egcs/gcc/cccp.c 7 ../../egcs/gcc/c-lex.c 6 ../../egcs/gcc/reload.c 6 ../../egcs/gcc/protoize.c 5 ../../egcs/gcc/collect2.c 4 cexp.y 4 ../../egcs/gcc/system.h 4 ../../egcs/gcc/sched.c 4 ../../egcs/gcc/reg-stack.c 4 ../../egcs/gcc/intl.h 4 ../../egcs/gcc/dbxout.c 3 insn-emit.c 3 gcj.c 3 g77.c 3 g++.c 3 ../../egcs/gcc/stmt.c 3 ../../egcs/gcc/rtl.c 3 ../../egcs/gcc/regmove.c 3 ../../egcs/gcc/regclass.c 3 ../../egcs/gcc/local-alloc.c 3 ../../egcs/gcc/genopinit.c 3 ../../egcs/gcc/gcc.c 3 ../../egcs/gcc/expr.c 3 ../../egcs/gcc/expmed.c 3 ../../egcs/gcc/config/i386/i386.c 2 insn-recog.c 2 insn-output.c 2 ../../egcs/gcc/gcov.c 2 ../../egcs/gcc/function.c 2 ../../egcs/gcc/flow.c 2 ../../egcs/gcc/c-decl.c 1 splay-tree.c 1 cxxmain.c 1 cplus-dem.c 1 choose-temp.c 1 ../../egcs/gcc/tree.c 1 ../../egcs/gcc/tlink.c 1 ../../egcs/gcc/stupid.c 1 ../../egcs/gcc/print-rtl.c 1 ../../egcs/gcc/java/jvspec.c 1 ../../egcs/gcc/hash.c 1 ../../egcs/gcc/graph.c 1 ../../egcs/gcc/gcov-io.h 1 ../../egcs/gcc/f/g77spec.c 1 ../../egcs/gcc/explow.c 1 ../../egcs/gcc/crtstuff.c 1 ../../egcs/gcc/calls.c Number of warning types: 108 `???' might be used uninitialized in this function 50 unused parameter `???' 21 comparison between signed and unsigned 20 statement with no effect 16 missing initializer 16 (near initialization for `???') 15 variable `???' might be clobbered by `longjmp' or `vfork' 10 implicit declaration of function `???' 8 initialization from incompatible pointer type 5 argument `???' might be clobbered by `longjmp' or `vfork' 4 unused variable `???' 4 this is the location of the previous definition 4 `???' redefined 3 `???' defined but not used 2 zero-length format string 1 suggest explicit braces to avoid ambiguous `else' 1 passing arg ??? of `???' from incompatible pointer type