This is the mail archive of the egcs-testresults@egcs.cygnus.com mailing list for the EGCS project. See the EGCS home page for more information.
Native configuration is i686-pc-linux-gnulibc1 === libio tests === Running target unix === libio Summary === # of expected passes 40 === libstdc++ tests === Running target unix === libstdc++ Summary === # of expected passes 30 === gcc tests === Running target unix FAIL: gcc.c-torture/compile/981223-1.c, -O0 FAIL: gcc.c-torture/compile/981223-1.c, -O1 FAIL: gcc.c-torture/compile/981223-1.c, -O2 FAIL: gcc.c-torture/compile/981223-1.c, -O2 -fomit-frame-pointer -finline-functions FAIL: gcc.c-torture/compile/981223-1.c, -O2 -g FAIL: gcc.c-torture/compile/981223-1.c, -Os FAIL: gcc.c-torture/execute/980506-2.c execution, -O2 FAIL: gcc.c-torture/execute/980506-2.c execution, -O2 -g FAIL: gcc.c-torture/execute/980506-2.c execution, -Os FAIL: gcc.c-torture/execute/980526-1.c execution, -O2 -fomit-frame-pointer -finline-functions FAIL: gcc.c-torture/execute/loop-2f.c execution, -O2 FAIL: gcc.c-torture/execute/loop-2f.c execution, -O2 -fomit-frame-pointer -finline-functions FAIL: gcc.c-torture/execute/loop-2f.c execution, -O2 -fomit-frame-pointer -finline-functions -funroll-loops FAIL: gcc.c-torture/execute/loop-2f.c execution, -O2 -fomit-frame-pointer -finline-functions -funroll-all-loops FAIL: gcc.c-torture/execute/loop-2f.c execution, -O2 -g FAIL: gcc.c-torture/execute/loop-2f.c execution, -Os FAIL: gcc.c-torture/execute/loop-2g.c execution, -O2 FAIL: gcc.c-torture/execute/loop-2g.c execution, -O2 -fomit-frame-pointer -finline-functions FAIL: gcc.c-torture/execute/loop-2g.c execution, -O2 -fomit-frame-pointer -finline-functions -funroll-loops FAIL: gcc.c-torture/execute/loop-2g.c execution, -O2 -fomit-frame-pointer -finline-functions -funroll-all-loops FAIL: gcc.c-torture/execute/loop-2g.c execution, -O2 -g FAIL: gcc.c-torture/execute/loop-2g.c execution, -Os FAIL: gcc.c-torture/execute/ieee/980619-1.c execution, -O1 FAIL: gcc.c-torture/execute/ieee/980619-1.c execution, -O2 FAIL: gcc.c-torture/execute/ieee/980619-1.c execution, -O2 -fomit-frame-pointer -finline-functions FAIL: gcc.c-torture/execute/ieee/980619-1.c execution, -O2 -fomit-frame-pointer -finline-functions -funroll-loops FAIL: gcc.c-torture/execute/ieee/980619-1.c execution, -O2 -fomit-frame-pointer -finline-functions -funroll-all-loops FAIL: gcc.c-torture/execute/ieee/980619-1.c execution, -O2 -g FAIL: gcc.c-torture/execute/ieee/980619-1.c execution, -Os FAIL: gcc.c-torture/execute/memcheck/blkarg.c execution, -O0 FAIL: gcc.c-torture/execute/memcheck/blkarg.c execution, -O1 FAIL: gcc.c-torture/execute/memcheck/blkarg.c execution, -O2 FAIL: gcc.c-torture/execute/memcheck/blkarg.c execution, -O2 -fomit-frame-pointer -finline-functions FAIL: gcc.c-torture/execute/memcheck/blkarg.c execution, -O2 -g FAIL: gcc.c-torture/execute/memcheck/blkarg.c execution, -Os FAIL: gcc.c-torture/special/981006-1.c (test for bogus messages, line 11) FAIL: gcc.c-torture/special/981006-1.c (test for bogus messages, line 12) FAIL: gcc.dg/990117-1.c (test for excess errors) === gcc Summary === # of expected passes 7856 # of unexpected failures 38 # of expected failures 13 # of unsupported tests 12 /auto/atlantis/u/atlantis/1/egcs/egcs-linux/gcc/xgcc version egcs-2.93.02 19990118 (gcc2 ss-980609 experimental) === g++ tests === Running target unix === g++ Summary === # of expected passes 4802 # of expected failures 88 # of untested testcases 7 /auto/atlantis/u/atlantis/1/egcs/egcs-linux/gcc/testsuite/../xgcc version egcs-2.93.02 19990118 (gcc2 ss-980609 experimental) === g77 tests === Running target unix === g77 Summary === # of expected passes 472 === objc tests === Running target unix FAIL: objc/execute/bf-1.m compilation, -O FAIL: objc/execute/bf-10.m compilation, -O FAIL: objc/execute/bf-11.m compilation, -O FAIL: objc/execute/bf-12.m compilation, -O FAIL: objc/execute/bf-13.m compilation, -O FAIL: objc/execute/bf-14.m compilation, -O FAIL: objc/execute/bf-15.m compilation, -O FAIL: objc/execute/bf-16.m compilation, -O FAIL: objc/execute/bf-17.m compilation, -O FAIL: objc/execute/bf-18.m compilation, -O FAIL: objc/execute/bf-19.m compilation, -O FAIL: objc/execute/bf-2.m compilation, -O FAIL: objc/execute/bf-3.m compilation, -O FAIL: objc/execute/bf-4.m compilation, -O FAIL: objc/execute/bf-5.m compilation, -O FAIL: objc/execute/bf-6.m compilation, -O FAIL: objc/execute/bf-7.m compilation, -O FAIL: objc/execute/bf-8.m compilation, -O FAIL: objc/execute/bf-9.m compilation, -O === objc Summary === # of unexpected failures 19 # of untested testcases 19 /auto/atlantis/u/atlantis/1/egcs/egcs-linux/gcc/xgcc version egcs-2.93.02 19990118 (gcc2 ss-980609 experimental) Compiler version: egcs-2.93.02 19990118 (gcc2 ss-980609 experimental) Platform: i686-pc-linux-gnulibc1 configure flags: --with-gcc-version-trigger=/u/atlantis/1/egcs/egcs/gcc/version.c --host=i686-pc-linux-gnulibc1 --srcdir=../egcs --prefix=/u/corse/2/robotvis/gnu/bin/egcs --with-fast-fixincludes --with-as=/u/corse/2/robotvis/gnu/bin/binutils/bin/as --norecursion Counting all warnings, there are 507 warnings in stage3 of this bootstrap. Number of warnings per file: 34 ../../../egcs/gcc/java/expr.c 30 ../../../egcs/gcc/java/javaop.h 27 ../../../egcs/gcc/java/jcf-parse.c 23 ../../../egcs/gcc/java/lex.c 17 ../../egcs/gcc/toplev.c 17 ../../../egcs/gcc/java/jcf-reader.c 17 ../../../egcs/gcc/java/class.c 16 ./parse.y 16 ../../egcs/gcc/objc/objc-act.c 16 ../../../egcs/gcc/java/jcf-write.c 13 ../../../egcs/gcc/java/verify.c 13 ../../../egcs/gcc/java/javaop.def 12 ../../egcs/gcc/cse.c 12 ../../../egcs/gcc/java/jcf-dump.c 11 ../../egcs/gcc/fold-const.c 10 ../../egcs/gcc/varasm.c 9 ../../egcs/gcc/integrate.c 9 ../../egcs/gcc/final.c 9 ../../../egcs/gcc/java/decl.c 8 ../../egcs/gcc/reload1.c 8 ../../egcs/gcc/combine.c 7 pexecute.c 7 ../../egcs/gcc/unroll.c 7 ../../egcs/gcc/reload.c 7 ../../egcs/gcc/optabs.c 7 ../../egcs/gcc/dwarf2out.c 7 ../../../egcs/gcc/java/gjavah.c 6 ../../egcs/gcc/c-lex.c 6 ../../../egcs/gcc/cp/lex.c 5 ../../egcs/gcc/cccp.c 4 cexp.y 4 ../../egcs/gcc/sched.c 4 ../../egcs/gcc/regclass.c 4 ../../egcs/gcc/reg-stack.c 4 ../../egcs/gcc/dbxout.c 3 insn-emit.c 3 ../../egcs/gcc/stmt.c 3 ../../egcs/gcc/rtl.c 3 ../../egcs/gcc/regmove.c 3 ../../egcs/gcc/loop.c 3 ../../egcs/gcc/local-alloc.c 3 ../../egcs/gcc/genopinit.c 3 ../../egcs/gcc/expr.c 3 ../../egcs/gcc/expmed.c 3 ../../egcs/gcc/config/i386/i386.c 3 ../../../egcs/gcc/java/jcf-io.c 3 ../../../egcs/gcc/ch/expr.c 2 insn-recog.c 2 insn-output.c 2 getopt.c 2 ../../egcs/gcc/protoize.c 2 ../../egcs/gcc/function.c 2 ../../egcs/gcc/flow.c 2 ../../egcs/gcc/collect2.c 2 ../../egcs/gcc/c-decl.c 2 ../../egcs/gcc/bitmap.c 2 ../../../egcs/gcc/java/zextract.c 2 ../../../egcs/gcc/java/typeck.c 2 ../../../egcs/gcc/java/parse.h 2 ../../../egcs/gcc/java/mangle.c 2 ../../../egcs/gcc/java/lex.h 2 ../../../egcs/gcc/ch/tasking.c 2 ../../../egcs/gcc/ch/parse.c 2 ../../../egcs/gcc/ch/inout.c 1 splay-tree.c 1 gcj.c 1 g77.c 1 g++.c 1 cxxmain.c 1 cplus-dem.c 1 choose-temp.c 1 ./parse-scan.y 1 ../../egcs/gcc/tree.c 1 ../../egcs/gcc/tlink.c 1 ../../egcs/gcc/stupid.c 1 ../../egcs/gcc/print-rtl.c 1 ../../egcs/gcc/java/jvspec.c 1 ../../egcs/gcc/hash.c 1 ../../egcs/gcc/graph.c 1 ../../egcs/gcc/gcov-io.h 1 ../../egcs/gcc/gcc.c 1 ../../egcs/gcc/f/g77spec.c 1 ../../egcs/gcc/explow.c 1 ../../egcs/gcc/crtstuff.c 1 ../../egcs/gcc/calls.c 1 ../../../egcs/gcc/java/jvgenmain.c 1 ../../../egcs/gcc/java/jv-scan.c 1 ../../../egcs/gcc/java/except.c 1 ../../../egcs/gcc/java/constants.c 1 ../../../egcs/gcc/cp/typeck.c 1 ../../../egcs/gcc/cp/pt.c 1 ../../../egcs/gcc/cp/decl.c 1 ../../../egcs/gcc/ch/typeck.c 1 ../../../egcs/gcc/ch/decl.c 1 ../../../egcs/gcc/ch/actions.c Number of warning types: 135 `???' might be used uninitialized in this function 101 implicit declaration of function `???' 80 unused parameter `???' 43 unused variable `???' 35 `???' defined but not used 33 variable `???' might be clobbered by `longjmp' or `vfork' 33 comparison between signed and unsigned 16 missing initializer for `???' 14 ??? format, ??? arg (arg ???) 5 argument `???' might be clobbered by `longjmp' or `vfork' 4 `???' declared `static' but never defined 2 zero-length format string 2 statement with no effect 1 value computed is not used 1 type of `???' defaults to `int' 1 suggest explicit braces to avoid ambiguous `else' 1 label `???' defined but not used