This is the mail archive of the egcs-testresults@egcs.cygnus.com mailing list for the EGCS project. See the EGCS home page for more information.
Native configuration is i386-unknown-freebsd2.2.6 === libio tests === Running target unix === libio Summary === # of expected passes 40 === libstdc++ tests === Running target unix === libstdc++ Summary === # of expected passes 30 === libg++ tests === Running target unix === libg++ Summary === # of expected passes 72 === gcc tests === Running target unix FAIL: gcc.c-torture/execute/980526-1.c execution, -O2 -fomit-frame-pointer -finline-functions FAIL: gcc.c-torture/execute/990119-1.c execution, -O0 FAIL: gcc.c-torture/execute/990119-1.c execution, -O1 FAIL: gcc.c-torture/execute/990119-1.c execution, -O2 FAIL: gcc.c-torture/execute/990119-1.c execution, -O2 -fomit-frame-pointer -finline-functions FAIL: gcc.c-torture/execute/990119-1.c execution, -O2 -g FAIL: gcc.c-torture/execute/990119-1.c execution, -Os FAIL: gcc.c-torture/execute/ieee/980619-1.c execution, -O1 FAIL: gcc.c-torture/execute/ieee/980619-1.c execution, -O2 FAIL: gcc.c-torture/execute/ieee/980619-1.c execution, -O2 -fomit-frame-pointer -finline-functions FAIL: gcc.c-torture/execute/ieee/980619-1.c execution, -O2 -fomit-frame-pointer -finline-functions -funroll-loops FAIL: gcc.c-torture/execute/ieee/980619-1.c execution, -O2 -fomit-frame-pointer -finline-functions -funroll-all-loops FAIL: gcc.c-torture/execute/ieee/980619-1.c execution, -O2 -g FAIL: gcc.c-torture/execute/ieee/980619-1.c execution, -Os FAIL: gcc.c-torture/execute/ieee/rbug.c execution, -O0 FAIL: gcc.c-torture/execute/ieee/rbug.c execution, -O1 FAIL: gcc.c-torture/execute/ieee/rbug.c execution, -O2 FAIL: gcc.c-torture/execute/ieee/rbug.c execution, -O2 -g FAIL: gcc.c-torture/execute/ieee/rbug.c execution, -Os FAIL: gcc.c-torture/execute/memcheck/blkarg.c execution, -O0 FAIL: gcc.c-torture/execute/memcheck/blkarg.c execution, -O1 FAIL: gcc.c-torture/execute/memcheck/blkarg.c execution, -O2 FAIL: gcc.c-torture/execute/memcheck/blkarg.c execution, -O2 -fomit-frame-pointer -finline-functions FAIL: gcc.c-torture/execute/memcheck/blkarg.c execution, -O2 -g FAIL: gcc.c-torture/execute/memcheck/blkarg.c execution, -Os FAIL: gcc.c-torture/special/981006-1.c (test for bogus messages, line 11) FAIL: gcc.c-torture/special/981006-1.c (test for bogus messages, line 12) FAIL: gcc.dg/980414-1.c (test for excess errors) FAIL: gcc.dg/990117-1.c (test for excess errors) FAIL: gcc.dg/cpp-if1.c invalid number (test for errors, line 12) FAIL: gcc.dg/cpp-if1.c invalid number (test for errors, line 15) FAIL: gcc.dg/cpp-if1.c invalid number (test for errors, line 18) FAIL: gcc.dg/cpp-if1.c floating point in #if (test for errors, line 21) FAIL: gcc.dg/cpp-if1.c too many suffixes (test for errors, line 24) FAIL: gcc.dg/cpp-if1.c too many suffixes (test for errors, line 27) FAIL: gcc.dg/cpp-if1.c (test for excess errors) === gcc Summary === # of expected passes 7886 # of unexpected failures 36 # of expected failures 13 # of unsupported tests 12 /q/oliva/build/egcs/gcc/xgcc version egcs-2.93.03 19990124 (gcc2 ss-980609 experimental) === g++ tests === Running target unix FAIL: g++.ns/using12.C candidates (test for errors, line 6) FAIL: g++.ns/using12.C candidates (test for errors, line 7) FAIL: g++.ns/using12.C candidates (test for errors, line 8) FAIL: g++.ns/using12.C candidates (test for errors, line 9) FAIL: g++.ns/using12.C candidates (test for errors, line 12) FAIL: g++.ns/using12.C ambiguous (test for errors, line 18) FAIL: g++.ns/using12.C (test for excess errors) FAIL: g++.other/null1.C converting NULL to non-pointer type (test for warnings, line 21) FAIL: g++.other/null1.C converting NULL to non-pointer type (test for warnings, line 22) FAIL: g++.other/null1.C NULL used in arithmetic (test for warnings, line 25) FAIL: g++.other/null1.C NULL used in arithmetic (test for warnings, line 26) FAIL: g++.other/null1.C converting NULL to non-pointer type (test for warnings, line 29) FAIL: g++.other/null1.C converting NULL to non-pointer type (test for warnings, line 30) FAIL: g++.other/null1.C converting NULL to non-pointer type (test for warnings, line 31) FAIL: g++.other/null1.C converting NULL to non-pointer-type (test for warnings, line 32) FAIL: g++.other/null1.C converting NULL to non-pointer type (test for warnings, line 33) FAIL: g++.other/null1.C converting NULL to non-pointer type (test for warnings, line 34) FAIL: g++.other/null1.C converting NULL to int (test for warnings, line 35) FAIL: g++.other/null1.C converting NULL to int (test for warnings, line 36) FAIL: g++.other/null1.C NULL bound to integer template parameter (test for warnings, line 37) FAIL: g++.other/null1.C converting NULL to int (test for warnings, line 38) FAIL: g++.pt/instantiate4.C (test for excess errors) FAIL: g++.pt/static3.C (test for excess errors) === g++ Summary === # of expected passes 4813 # of unexpected failures 23 # of expected failures 90 # of untested testcases 7 /q/oliva/build/egcs/gcc/testsuite/../xgcc version egcs-2.93.03 19990124 (gcc2 ss-980609 experimental) === g77 tests === Running target unix === g77 Summary === # of expected passes 472 === objc tests === Running target unix === objc Summary === # of expected passes 38 /q/oliva/build/egcs/gcc/xgcc version egcs-2.93.03 19990124 (gcc2 ss-980609 experimental) Compiler version: egcs-2.93.03 19990124 (gcc2 ss-980609 experimental) Platform: i386-unknown-freebsd2.2.6 configure flags: --with-gcc-version-trigger=/home/css/guest/oliva/src/egcs/gcc/version.c --host=i386-unknown-freebsd2.2.6 --enable-shared --norecursion BOOT_CFLAGS=-O9 -g Counting all warnings, there are 406 warnings in stage3 of this bootstrap. Number of warnings per file: 29 /home/css/guest/oliva/src/egcs/gcc/toplev.c 22 /home/css/guest/oliva/src/egcs/gcc/java/lex.c 20 /home/css/guest/oliva/src/egcs/gcc/java/jcf-parse.c 16 /home/css/guest/oliva/src/egcs/gcc/varasm.c 16 /home/css/guest/oliva/src/egcs/gcc/java/jcf-reader.c 15 /home/css/guest/oliva/src/egcs/gcc/objc/objc-act.c 14 ./parse.y 13 /home/css/guest/oliva/src/egcs/gcc/java/jcf-write.c 12 /home/css/guest/oliva/src/egcs/gcc/java/jcf-dump.c 12 /home/css/guest/oliva/src/egcs/gcc/java/javaop.def 12 /home/css/guest/oliva/src/egcs/gcc/cse.c 10 /home/css/guest/oliva/src/egcs/gcc/reload1.c 10 /home/css/guest/oliva/src/egcs/gcc/java/expr.c 10 /home/css/guest/oliva/src/egcs/gcc/fold-const.c 9 /home/css/guest/oliva/src/egcs/gcc/cp/lex.c 9 /home/css/guest/oliva/src/egcs/gcc/c-lex.c 8 /home/css/guest/oliva/src/egcs/gcc/java/gjavah.c 8 /home/css/guest/oliva/src/egcs/gcc/java/class.c 8 /home/css/guest/oliva/src/egcs/gcc/integrate.c 8 /home/css/guest/oliva/src/egcs/gcc/final.c 8 /home/css/guest/oliva/src/egcs/gcc/combine.c 7 pexecute.c 7 /home/css/guest/oliva/src/egcs/gcc/dbxout.c 6 /home/css/guest/oliva/src/egcs/gcc/reload.c 6 /home/css/guest/oliva/src/egcs/gcc/optabs.c 6 /home/css/guest/oliva/src/egcs/gcc/expr.c 5 /home/css/guest/oliva/src/egcs/gcc/unroll.c 5 /home/css/guest/oliva/src/egcs/gcc/reg-stack.c 5 /home/css/guest/oliva/src/egcs/gcc/java/verify.c 4 cexp.y 4 /home/css/guest/oliva/src/egcs/gcc/sched.c 4 /home/css/guest/oliva/src/egcs/gcc/expmed.c 3 insn-emit.c 3 /home/css/guest/oliva/src/egcs/gcc/stmt.c 3 /home/css/guest/oliva/src/egcs/gcc/rtl.c 3 /home/css/guest/oliva/src/egcs/gcc/regmove.c 3 /home/css/guest/oliva/src/egcs/gcc/regclass.c 3 /home/css/guest/oliva/src/egcs/gcc/loop.c 3 /home/css/guest/oliva/src/egcs/gcc/local-alloc.c 3 /home/css/guest/oliva/src/egcs/gcc/java/parse.h 3 /home/css/guest/oliva/src/egcs/gcc/java/lex.h 3 /home/css/guest/oliva/src/egcs/gcc/genopinit.c 3 /home/css/guest/oliva/src/egcs/gcc/dwarf2out.c 3 /home/css/guest/oliva/src/egcs/gcc/config/i386/i386.c 3 /home/css/guest/oliva/src/egcs/gcc/collect2.c 2 insn-recog.c 2 insn-output.c 2 getopt.c 2 /home/css/guest/oliva/src/egcs/gcc/function.c 2 /home/css/guest/oliva/src/egcs/gcc/flow.c 2 /home/css/guest/oliva/src/egcs/gcc/cccp.c 2 /home/css/guest/oliva/src/egcs/gcc/c-decl.c 1 splay-tree.c 1 gcj.c 1 g77.c 1 g++.c 1 cxxmain.c 1 cplus-dem.c 1 choose-temp.c 1 /home/css/guest/oliva/src/egcs/gcc/tree.c 1 /home/css/guest/oliva/src/egcs/gcc/tlink.c 1 /home/css/guest/oliva/src/egcs/gcc/stupid.c 1 /home/css/guest/oliva/src/egcs/gcc/print-rtl.c 1 /home/css/guest/oliva/src/egcs/gcc/java/typeck.c 1 /home/css/guest/oliva/src/egcs/gcc/java/jvspec.c 1 /home/css/guest/oliva/src/egcs/gcc/java/jvgenmain.c 1 /home/css/guest/oliva/src/egcs/gcc/java/jcf-io.c 1 /home/css/guest/oliva/src/egcs/gcc/java/decl.c 1 /home/css/guest/oliva/src/egcs/gcc/java/constants.c 1 /home/css/guest/oliva/src/egcs/gcc/hash.c 1 /home/css/guest/oliva/src/egcs/gcc/graph.c 1 /home/css/guest/oliva/src/egcs/gcc/gcc.c 1 /home/css/guest/oliva/src/egcs/gcc/f/g77spec.c 1 /home/css/guest/oliva/src/egcs/gcc/explow.c 1 /home/css/guest/oliva/src/egcs/gcc/except.c 1 /home/css/guest/oliva/src/egcs/gcc/calls.c 1 ./parse-scan.y Number of warning types: 131 `???' might be used uninitialized in this function 79 unused parameter `???' 51 implicit declaration of function `???' 37 variable `???' might be clobbered by `longjmp' or `vfork' 26 comparison between signed and unsigned 18 unused variable `???' 17 ??? format, ??? arg (arg ???) 16 missing initializer for `???' 8 initialization from incompatible pointer type 6 `???' declared `static' but never defined 5 argument `???' might be clobbered by `longjmp' or `vfork' 3 control reaches end of non-void function 2 zero-length format string 2 statement with no effect 1 value computed is not used 1 passing arg ??? of `???' from incompatible pointer type 1 passing arg ??? of `???' discards qualifiers from pointer target type 1 label `???' defined but not used 1 `???' defined but not used