This is the mail archive of the egcs-testresults@egcs.cygnus.com mailing list for the EGCS project. See the EGCS home page for more information.
Compiler version: egcs-2.93.02 19990120 (gcc2 ss-980609 experimental) Platform: sparc-sun-solaris2.6 Sources: - egcs from CVS last updated at 1999/01/20 12:33:56 +0100 - libg++-2.8.1.2a-19990116 (not yet available) Patches: None. Environment: - autoconf-980211 - automake-1.3 - binutils-2.9.1 + Ian Lance Taylor's patch to gas/ehopt.c - dejagnu-971222 + look_for_dir_with_trigger patch - gperf-2.7 + gperf-2.7-19981006.pat Remarks: None. configure flags: --with-gcc-version-trigger=/phys/b60/data62/gnu-work/GNU/egcs-19990120/gcc/version.c --host=sparc-sun-solaris2.6 --srcdir=../egcs-19990120 --prefix=/u/b60/manfred/gnu/sparc-sun-solaris2.6 --with-gnu-as --with-gnu-ld --enable-shared --enable-version-specific-runtime-libs --with-local-prefix=/u/b60/manfred/gnu/sparc-sun-solaris2.6 --enable-nls --verbose --norecursion BOOT_CC: gcc version egcs-2.93.01 19990113 (gcc2 ss-980609 experimental) BOOT_CFLAGS: -O9 -funroll-all-loops -g -W -Wall CFLAGS: -O9 -g CXXFLAGS: -O9 -g Native configuration is sparc-sun-solaris2.6 === libio tests === Running target unix === libio Summary === # of expected passes 40 === libstdc++ tests === Running target unix FAIL: tcomplex.cc execution FAIL: tcomplex.cc -O execution === libstdc++ Summary === # of expected passes 26 # of unexpected failures 2 # of expected failures 2 === libg++ tests === Running target unix FAIL: tRational.cc execution FAIL: tRandom.cc execution FAIL: tString.cc execution === libg++ Summary === # of expected passes 66 # of unexpected failures 3 # of expected failures 3 === gcc tests === Running target unix FAIL: gcc.c-torture/compile/921206-1.c, -O1 FAIL: gcc.c-torture/compile/921206-1.c, -O2 FAIL: gcc.c-torture/compile/921206-1.c, -O2 -fomit-frame-pointer -finline-functions FAIL: gcc.c-torture/compile/921206-1.c, -O2 -fomit-frame-pointer -finline-functions -funroll-loops FAIL: gcc.c-torture/compile/921206-1.c, -O2 -fomit-frame-pointer -finline-functions -funroll-all-loops FAIL: gcc.c-torture/compile/921206-1.c, -O2 -g FAIL: gcc.c-torture/compile/921206-1.c, -Os FAIL: gcc.c-torture/execute/980526-1.c execution, -O2 -fomit-frame-pointer -finline-functions FAIL: gcc.c-torture/execute/990119-1.c execution, -O0 FAIL: gcc.c-torture/execute/990119-1.c execution, -O1 FAIL: gcc.c-torture/execute/990119-1.c execution, -O2 FAIL: gcc.c-torture/execute/990119-1.c execution, -O2 -fomit-frame-pointer -finline-functions FAIL: gcc.c-torture/execute/990119-1.c execution, -O2 -g FAIL: gcc.c-torture/execute/990119-1.c execution, -Os FAIL: gcc.c-torture/execute/memcheck/blkarg.c execution, -O0 FAIL: gcc.c-torture/execute/memcheck/blkarg.c execution, -O1 FAIL: gcc.c-torture/execute/memcheck/blkarg.c execution, -O2 FAIL: gcc.c-torture/execute/memcheck/blkarg.c execution, -O2 -fomit-frame-pointer -finline-functions FAIL: gcc.c-torture/execute/memcheck/blkarg.c execution, -O2 -g FAIL: gcc.c-torture/execute/memcheck/blkarg.c execution, -Os === gcc Summary === # of expected passes 7876 # of unexpected failures 20 # of expected failures 13 # of unsupported tests 20 /phys/b60/data62/manfred-work/GNU/egcs-19990120-sparc-sun-solaris2.6/gcc/xgcc version egcs-2.93.02 19990120 (gcc2 ss-980609 experimental) === g++ tests === Running target unix FAIL: g++.brendan/asm-extn1.C caused compiler crash === g++ Summary === # of expected passes 4821 # of unexpected failures 1 # of expected failures 89 # of untested testcases 6 /phys/b60/data62/manfred-work/GNU/egcs-19990120-sparc-sun-solaris2.6/gcc/testsuite/../xgcc version egcs-2.93.02 19990120 (gcc2 ss-980609 experimental) === g77 tests === Running target unix === g77 Summary === # of expected passes 472 === objc tests === Running target unix FAIL: objc/execute/bf-1.m compilation, -O FAIL: objc/execute/bf-10.m compilation, -O FAIL: objc/execute/bf-11.m compilation, -O FAIL: objc/execute/bf-12.m compilation, -O FAIL: objc/execute/bf-13.m compilation, -O FAIL: objc/execute/bf-14.m compilation, -O FAIL: objc/execute/bf-15.m compilation, -O FAIL: objc/execute/bf-16.m compilation, -O FAIL: objc/execute/bf-17.m compilation, -O FAIL: objc/execute/bf-18.m compilation, -O FAIL: objc/execute/bf-19.m compilation, -O FAIL: objc/execute/bf-2.m compilation, -O FAIL: objc/execute/bf-3.m compilation, -O FAIL: objc/execute/bf-4.m compilation, -O FAIL: objc/execute/bf-5.m compilation, -O FAIL: objc/execute/bf-6.m compilation, -O FAIL: objc/execute/bf-7.m compilation, -O FAIL: objc/execute/bf-8.m compilation, -O FAIL: objc/execute/bf-9.m compilation, -O === objc Summary === # of unexpected failures 19 # of untested testcases 19 /phys/b60/data62/manfred-work/GNU/egcs-19990120-sparc-sun-solaris2.6/gcc/xgcc version egcs-2.93.02 19990120 (gcc2 ss-980609 experimental) Counting all warnings, there are 610 warnings in stage3 of this bootstrap. Number of warnings per file: 48 ../../egcs-19990120/gcc/toplev.c 35 ../../../egcs-19990120/gcc/java/expr.c 29 ../../../egcs-19990120/gcc/java/jcf-parse.c 23 ../../egcs-19990120/gcc/config/sparc/sparc.c 22 ../../../egcs-19990120/gcc/java/lex.c 21 ../../../egcs-19990120/gcc/java/jcf-write.c 18 ../../../egcs-19990120/gcc/java/class.c 17 ../../../egcs-19990120/gcc/java/jcf-reader.c 16 ../../egcs-19990120/gcc/objc/objc-act.c 15 ./parse.y 13 ../../egcs-19990120/gcc/cse.c 13 ../../../egcs-19990120/gcc/java/verify.c 13 ../../../egcs-19990120/gcc/java/javaop.def 12 ../../../egcs-19990120/gcc/java/jcf-dump.c 11 ../../egcs-19990120/gcc/varasm.c 11 ../../egcs-19990120/gcc/dwarf2out.c 10 ../../egcs-19990120/gcc/reload1.c 10 ../../egcs-19990120/gcc/fold-const.c 10 ../../egcs-19990120/gcc/final.c 9 ../../egcs-19990120/gcc/expr.c 9 ../../../egcs-19990120/gcc/java/decl.c 8 /usr/include/limits.h 8 /u/b60/manfred/work/GNU/egcs-19990120-sparc-sun-solaris2.6/gcc/include/float.h 8 ../../egcs-19990120/gcc/cpplib.c 8 ../../egcs-19990120/gcc/combine.c 7 ../../egcs-19990120/gcc/unroll.c 7 ../../egcs-19990120/gcc/optabs.c 7 ../../egcs-19990120/gcc/integrate.c 7 ../../egcs-19990120/gcc/calls.c 7 ../../../egcs-19990120/gcc/java/gjavah.c 7 ../../../egcs-19990120/gcc/ch/actions.c 6 ../../egcs-19990120/gcc/reload.c 6 ../../egcs-19990120/gcc/c-lex.c 6 ../../../egcs-19990120/gcc/cp/lex.c 5 ../../egcs-19990120/gcc/reorg.c 5 ../../egcs-19990120/gcc/dbxout.c 5 ../../egcs-19990120/gcc/cccp.c 4 cexp.y 4 ../../egcs-19990120/gcc/rtl.c 4 ../../egcs-19990120/gcc/regmove.c 4 ../../egcs-19990120/gcc/loop.c 4 ../../egcs-19990120/gcc/jump.c 4 ../../egcs-19990120/gcc/flow.c 4 ../../../egcs-19990120/librx/rx.c 4 ../../../egcs-19990120/gcc/java/jcf-io.c 4 ../../../../egcs-19990120/libg++/src/Fix16.cc 3 pexecute.c 3 insn-emit.c 3 ../../egcs-19990120/gcc/stmt.c 3 ../../egcs-19990120/gcc/local-alloc.c 3 ../../egcs-19990120/gcc/genopinit.c 3 ../../egcs-19990120/gcc/genattrtab.c 3 ../../egcs-19990120/gcc/function.c 3 ../../egcs-19990120/gcc/fix-header.c 3 ../../egcs-19990120/gcc/expmed.c 3 ../../egcs-19990120/gcc/config/sparc/gmon-sol2.c 3 ../../egcs-19990120/gcc/collect2.c 3 ../../../egcs-19990120/gcc/java/typeck.c 2 insn-attrtab.c 2 getopt.c 2 gcj.c 2 g77.c 2 g++.c 2 ../../egcs-19990120/gcc/gcc.c 2 ../../egcs-19990120/gcc/explow.c 2 ../../egcs-19990120/gcc/except.c 2 ../../egcs-19990120/gcc/dwarfout.c 2 ../../egcs-19990120/gcc/c-decl.c 2 ../../egcs-19990120/gcc/bitmap.c 2 ../../egcs-19990120/gcc/alias.c 2 ../../../egcs-19990120/gcc/java/zextract.c 2 ../../../egcs-19990120/gcc/java/parse.h 2 ../../../egcs-19990120/gcc/java/mangle.c 2 ../../../egcs-19990120/gcc/java/lex.h 2 ../../../egcs-19990120/gcc/f/intrin.c 1 splay-tree.c 1 cxxmain.c 1 cplus-dem.c 1 choose-temp.c 1 ./parse-scan.y 1 ../../egcs-19990120/gcc/tree.c 1 ../../egcs-19990120/gcc/tlink.c 1 ../../egcs-19990120/gcc/stupid.c 1 ../../egcs-19990120/gcc/scan-decls.c 1 ../../egcs-19990120/gcc/regclass.c 1 ../../egcs-19990120/gcc/print-rtl.c 1 ../../egcs-19990120/gcc/java/jvspec.c 1 ../../egcs-19990120/gcc/hash.c 1 ../../egcs-19990120/gcc/haifa-sched.c 1 ../../egcs-19990120/gcc/graph.c 1 ../../egcs-19990120/gcc/genrecog.c 1 ../../egcs-19990120/gcc/genpeep.c 1 ../../egcs-19990120/gcc/genoutput.c 1 ../../egcs-19990120/gcc/gengenrtl.c 1 ../../egcs-19990120/gcc/genemit.c 1 ../../egcs-19990120/gcc/f/g77spec.c 1 ../../egcs-19990120/gcc/emit-rtl.c 1 ../../egcs-19990120/gcc/cppfiles.c 1 ../../egcs-19990120/gcc/cppexp.c 1 ../../../egcs-19990120/gcc/java/jvgenmain.c 1 ../../../egcs-19990120/gcc/java/jv-scan.c 1 ../../../egcs-19990120/gcc/java/except.c 1 ../../../egcs-19990120/gcc/java/constants.c 1 ../../../egcs-19990120/gcc/cp/sig.c 1 ../../../egcs-19990120/gcc/cp/method.c 1 ../../../egcs-19990120/gcc/cp/expr.c 1 ../../../egcs-19990120/gcc/ch/expr.c Number of warning types: 176 `???' might be used uninitialized in this function 117 implicit declaration of function `???' 77 unused parameter `???' 42 comparison between signed and unsigned 41 missing initializer for `???' 37 unused variable `???' 27 variable `???' might be clobbered by `longjmp' or `vfork' 23 enumeration value `???' not handled in switch 14 ??? format, ??? arg (arg ???) 8 this is the location of the previous definition 8 `???' redefined 6 initialization from incompatible pointer type 5 argument `???' might be clobbered by `longjmp' or `vfork' 4 integer overflow in expression 4 control reaches end of non-void function 4 comparison of distinct pointer types lacks a cast 4 `???' declared `static' but never defined 3 empty body in an else-statement 2 subscript has type `char' 2 statement with no effect 2 `???' defined but not used 1 value computed is not used 1 type of `???' defaults to `int' 1 type defaults to `int' in declaration of `???' 1 label `???' defined but not used