This is the mail archive of the egcs-testresults@egcs.cygnus.com mailing list for the EGCS project. See the EGCS home page for more information.
Sources: - egcs mainline from CVS last updated at Sun Jan 17 22:48:47 1999; official snapshot tagged as egcs_ss_19990117 - libg++-2.8.1.2a-19981217 Patches: None. Environment: - GNU binutils 2.9.1.0.18 - autoconf-981127-mainline - automake-981127-mainline - dejagnu-980528 - gperf-2.7 with gperf-2.7-19981006 patch for -F - Linux stable kernel 2.0.36 (compiled by gcc-2.7.2.3) - glibc 2.0.6 (compiled by egcs-1.0.2) Remarks: None. configure flags: --with-gnu-ld --with-gnu-as --prefix=/usr/packages.bin/egcs/haifashot --enable-shared --enable-haifa BOOT_CC: egcs-2.91.60 BOOT_CFLAGS: -W -Wall -funroll-all-loops -g -march=pentium -mcpu=pentium -fomit-frame-pointer -O2 CFLAGS: -W -Wall -march=pentium -mcpu=pentium -fomit-frame-pointer -g -O2 CXXFLAGS: -W -Wall -march=pentium -mcpu=pentium -fomit-frame-pointer -g -O2 Changes in testsuite results for g++ since the last successful snapshot build (on Fri Jan 15 02:25:50 1999): New tests that FAIL: g++.pt/memtemp82.C (test for excess errors) New tests that PASS: g++.other/incomplete.C (test for excess errors) g++.other/incomplete.C incomplete type (test for errors, line 5) g++.other/mutable1.C Execution test g++.other/mutable1.C (test for excess errors) g++.pt/crash25.C (test for excess errors) g++.pt/crash26.C (test for excess errors) Changes in testsuite results for g77 since the last successful snapshot build (on Fri Jan 15 02:25:50 1999): New tests that PASS: g77.f-torture/compile/990115-1.f, -O0 g77.f-torture/compile/990115-1.f, -O1 g77.f-torture/compile/990115-1.f, -O2 g77.f-torture/compile/990115-1.f, -O2 -fomit-frame-pointer -finline-functions g77.f-torture/compile/990115-1.f, -O2 -fomit-frame-pointer -finline-functions -funroll-all-loops g77.f-torture/compile/990115-1.f, -O2 -fomit-frame-pointer -finline-functions -funroll-loops g77.f-torture/compile/990115-1.f, -Os Changes in testsuite results for gcc since the last successful snapshot build (on Fri Jan 15 02:25:49 1999): New tests that FAIL: gcc.c-torture/compile/990117-2.c, -O0 gcc.c-torture/compile/990117-2.c, -O1 gcc.c-torture/compile/990117-2.c, -O2 gcc.c-torture/compile/990117-2.c, -O2 -fomit-frame-pointer -finline-functions gcc.c-torture/compile/990117-2.c, -O2 -g gcc.c-torture/compile/990117-2.c, -Os New tests that PASS: gcc.c-torture/compile/990117-1.c, -O0 gcc.c-torture/compile/990117-1.c, -O1 gcc.c-torture/compile/990117-1.c, -O2 gcc.c-torture/compile/990117-1.c, -O2 -fomit-frame-pointer -finline-functions gcc.c-torture/compile/990117-1.c, -O2 -g gcc.c-torture/compile/990117-1.c, -Os gcc.c-torture/execute/990117-1.c compilation, -O0 gcc.c-torture/execute/990117-1.c compilation, -O1 gcc.c-torture/execute/990117-1.c compilation, -O2 gcc.c-torture/execute/990117-1.c compilation, -O2 -fomit-frame-pointer -finline-functions gcc.c-torture/execute/990117-1.c compilation, -O2 -g gcc.c-torture/execute/990117-1.c compilation, -Os gcc.c-torture/execute/990117-1.c execution, -O0 gcc.c-torture/execute/990117-1.c execution, -O1 gcc.c-torture/execute/990117-1.c execution, -O2 gcc.c-torture/execute/990117-1.c execution, -O2 -fomit-frame-pointer -finline-functions gcc.c-torture/execute/990117-1.c execution, -O2 -g gcc.c-torture/execute/990117-1.c execution, -Os Changes in testsuite results for libg++ since the last successful snapshot build (on Fri Jan 15 02:25:49 1999): Changes in testsuite results for libio since the last successful snapshot build (on Fri Jan 15 02:25:48 1999): Changes in testsuite results for libstdc++ since the last successful snapshot build (on Fri Jan 15 02:25:48 1999): Changes in testsuite results for objc since the last successful snapshot build (on Fri Jan 15 02:25:50 1999): Changes in stage 3 warnings since the last successful snapshot build (on Fri Jan 15 02:25:53 1999): 2c2 < there are 504 warnings in stage3 of this bootstrap. --- > there are 507 warnings in stage3 of this bootstrap. 8a9,10 > 19 ../../../egcs/gcc/java/class.c > 17 ./parse.y 11,12d12 < 17 ../../../egcs/gcc/java/class.c < 16 ./parse.y 105c105 < 43 unused variable `???' --- > 44 unused variable `???' 116a117 > 1 this function may return with or without a value 118a120 > 1 `return' with no value, in function returning non-void Changes in stage 3 no-subdir warnings since the last successful snapshot build (on Fri Jan 15 02:25:57 1999): Changes in stage 0 warnings since the last successful snapshot build (on Fri Jan 15 02:25:56 1999): 2c2 < there are 689 warnings in stage0 of this bootstrap. --- > there are 690 warnings in stage0 of this bootstrap. 94a95 > 1 ../../../../egcs/libf2c/libU77/datetime_.c 113c114 < 34 implicit declaration of function `???' --- > 35 implicit declaration of function `???' Native configuration is i586-pc-linux-gnu === libio tests === Running target unix === libio Summary === # of expected passes 40 === libstdc++ tests === Running target unix === libstdc++ Summary === # of expected passes 30 === libg++ tests === Running target unix === libg++ Summary === # of expected passes 72 === gcc tests === Running target unix FAIL: gcc.c-torture/compile/981223-1.c, -O0 FAIL: gcc.c-torture/compile/981223-1.c, -O1 FAIL: gcc.c-torture/compile/981223-1.c, -O2 FAIL: gcc.c-torture/compile/981223-1.c, -O2 -fomit-frame-pointer -finline-functions FAIL: gcc.c-torture/compile/981223-1.c, -O2 -g FAIL: gcc.c-torture/compile/981223-1.c, -Os FAIL: gcc.c-torture/compile/990117-2.c, -O0 FAIL: gcc.c-torture/compile/990117-2.c, -O1 FAIL: gcc.c-torture/compile/990117-2.c, -O2 FAIL: gcc.c-torture/compile/990117-2.c, -O2 -fomit-frame-pointer -finline-functions FAIL: gcc.c-torture/compile/990117-2.c, -O2 -g FAIL: gcc.c-torture/compile/990117-2.c, -Os FAIL: gcc.c-torture/execute/980526-1.c execution, -O2 -fomit-frame-pointer -finline-functions FAIL: gcc.c-torture/execute/loop-2f.c execution, -O2 FAIL: gcc.c-torture/execute/loop-2f.c execution, -O2 -fomit-frame-pointer -finline-functions FAIL: gcc.c-torture/execute/loop-2f.c execution, -O2 -fomit-frame-pointer -finline-functions -funroll-loops FAIL: gcc.c-torture/execute/loop-2f.c execution, -O2 -fomit-frame-pointer -finline-functions -funroll-all-loops FAIL: gcc.c-torture/execute/loop-2f.c execution, -O2 -g FAIL: gcc.c-torture/execute/loop-2f.c execution, -Os FAIL: gcc.c-torture/execute/loop-2g.c execution, -O2 FAIL: gcc.c-torture/execute/loop-2g.c execution, -O2 -fomit-frame-pointer -finline-functions FAIL: gcc.c-torture/execute/loop-2g.c execution, -O2 -fomit-frame-pointer -finline-functions -funroll-loops FAIL: gcc.c-torture/execute/loop-2g.c execution, -O2 -fomit-frame-pointer -finline-functions -funroll-all-loops FAIL: gcc.c-torture/execute/loop-2g.c execution, -O2 -g FAIL: gcc.c-torture/execute/loop-2g.c execution, -Os FAIL: gcc.c-torture/execute/ieee/980619-1.c execution, -O1 FAIL: gcc.c-torture/execute/ieee/980619-1.c execution, -O2 FAIL: gcc.c-torture/execute/ieee/980619-1.c execution, -O2 -fomit-frame-pointer -finline-functions FAIL: gcc.c-torture/execute/ieee/980619-1.c execution, -O2 -fomit-frame-pointer -finline-functions -funroll-loops FAIL: gcc.c-torture/execute/ieee/980619-1.c execution, -O2 -fomit-frame-pointer -finline-functions -funroll-all-loops FAIL: gcc.c-torture/execute/ieee/980619-1.c execution, -O2 -g FAIL: gcc.c-torture/execute/ieee/980619-1.c execution, -Os FAIL: gcc.c-torture/execute/memcheck/blkarg.c execution, -O0 FAIL: gcc.c-torture/execute/memcheck/blkarg.c execution, -O1 FAIL: gcc.c-torture/execute/memcheck/blkarg.c execution, -O2 FAIL: gcc.c-torture/execute/memcheck/blkarg.c execution, -O2 -fomit-frame-pointer -finline-functions FAIL: gcc.c-torture/execute/memcheck/blkarg.c execution, -O2 -g FAIL: gcc.c-torture/execute/memcheck/blkarg.c execution, -Os FAIL: gcc.c-torture/special/981006-1.c (test for bogus messages, line 11) FAIL: gcc.c-torture/special/981006-1.c (test for bogus messages, line 12) === gcc Summary === # of expected passes 7859 # of unexpected failures 40 # of expected failures 13 # of unsupported tests 12 /usr/.egcs-snapshot/i586-pc-linux-gnu-haifa/gcc/xgcc version egcs-2.93.02 19990117 (gcc2 ss-980609 experimental) === g++ tests === Running target unix FAIL: g++.eh/spec3.C Execution test === g++ Summary === # of expected passes 4800 # of unexpected failures 1 # of expected failures 89 # of untested testcases 7 /usr/.egcs-snapshot/i586-pc-linux-gnu-haifa/gcc/testsuite/../xgcc version egcs-2.93.02 19990117 (gcc2 ss-980609 experimental) === g77 tests === Running target unix === g77 Summary === # of expected passes 472 === objc tests === Running target unix === objc Summary === # of expected passes 38 /usr/.egcs-snapshot/i586-pc-linux-gnu-haifa/gcc/xgcc version egcs-2.93.02 19990117 (gcc2 ss-980609 experimental) Compiler version: haifa-enabled egcs-2.93.02 19990117 (gcc2 ss-980609 experimental) Platform: i586-pc-linux-gnu configure flags: --with-gcc-version-trigger=/usr/packages/egcs/egcs/snapshot/egcs/gcc/version.c --host=i586-pc-linux-gnu --with-gnu-ld --with-gnu-as --prefix=/usr/packages.bin/egcs/haifashot --enable-shared --enable-haifa --norecursion BOOT_CFLAGS=-W -Wall -funroll-all-loops -g -march=pentium -mcpu=pentium -fomit-frame-pointer -O2 Counting all warnings, there are 504 warnings in stage3 of this bootstrap. Number of warnings per file: 34 ../../../egcs/gcc/java/expr.c 30 ../../../egcs/gcc/java/javaop.h 27 ../../../egcs/gcc/java/jcf-parse.c 23 ../../../egcs/gcc/java/lex.c 17 ../../egcs/gcc/toplev.c 17 ../../../egcs/gcc/java/jcf-reader.c 17 ../../../egcs/gcc/java/class.c 16 ./parse.y 16 ../../egcs/gcc/objc/objc-act.c 16 ../../../egcs/gcc/java/jcf-write.c 13 ../../../egcs/gcc/java/verify.c 13 ../../../egcs/gcc/java/javaop.def 12 ../../egcs/gcc/cse.c 12 ../../../egcs/gcc/java/jcf-dump.c 11 ../../egcs/gcc/fold-const.c 10 ../../egcs/gcc/varasm.c 9 ../../egcs/gcc/integrate.c 9 ../../egcs/gcc/final.c 9 ../../../egcs/gcc/java/decl.c 8 ../../egcs/gcc/reload1.c 8 ../../egcs/gcc/combine.c 7 pexecute.c 7 ../../egcs/gcc/unroll.c 7 ../../egcs/gcc/reload.c 7 ../../egcs/gcc/optabs.c 7 ../../egcs/gcc/dwarf2out.c 7 ../../../egcs/gcc/java/gjavah.c 6 ../../egcs/gcc/c-lex.c 6 ../../../egcs/gcc/cp/lex.c 5 ../../egcs/gcc/cccp.c 4 cexp.y 4 ../../egcs/gcc/regclass.c 4 ../../egcs/gcc/reg-stack.c 4 ../../egcs/gcc/dbxout.c 3 insn-emit.c 3 ../../egcs/gcc/stmt.c 3 ../../egcs/gcc/rtl.c 3 ../../egcs/gcc/regmove.c 3 ../../egcs/gcc/loop.c 3 ../../egcs/gcc/local-alloc.c 3 ../../egcs/gcc/genopinit.c 3 ../../egcs/gcc/expr.c 3 ../../egcs/gcc/expmed.c 3 ../../egcs/gcc/config/i386/i386.c 3 ../../../egcs/gcc/java/jcf-io.c 3 ../../../egcs/gcc/ch/expr.c 2 insn-recog.c 2 insn-output.c 2 ../../egcs/gcc/protoize.c 2 ../../egcs/gcc/haifa-sched.c 2 ../../egcs/gcc/function.c 2 ../../egcs/gcc/flow.c 2 ../../egcs/gcc/collect2.c 2 ../../egcs/gcc/c-decl.c 2 ../../egcs/gcc/bitmap.c 2 ../../../egcs/gcc/java/zextract.c 2 ../../../egcs/gcc/java/typeck.c 2 ../../../egcs/gcc/java/parse.h 2 ../../../egcs/gcc/java/mangle.c 2 ../../../egcs/gcc/java/lex.h 2 ../../../egcs/gcc/ch/tasking.c 2 ../../../egcs/gcc/ch/parse.c 2 ../../../egcs/gcc/ch/inout.c 1 splay-tree.c 1 gcj.c 1 g77.c 1 g++.c 1 cxxmain.c 1 cplus-dem.c 1 choose-temp.c 1 ./parse-scan.y 1 ../../egcs/gcc/tree.c 1 ../../egcs/gcc/tlink.c 1 ../../egcs/gcc/stupid.c 1 ../../egcs/gcc/print-rtl.c 1 ../../egcs/gcc/java/jvspec.c 1 ../../egcs/gcc/hash.c 1 ../../egcs/gcc/graph.c 1 ../../egcs/gcc/genattrtab.c 1 ../../egcs/gcc/gcov-io.h 1 ../../egcs/gcc/gcc.c 1 ../../egcs/gcc/f/g77spec.c 1 ../../egcs/gcc/explow.c 1 ../../egcs/gcc/crtstuff.c 1 ../../egcs/gcc/calls.c 1 ../../../egcs/gcc/java/jvgenmain.c 1 ../../../egcs/gcc/java/jv-scan.c 1 ../../../egcs/gcc/java/except.c 1 ../../../egcs/gcc/java/constants.c 1 ../../../egcs/gcc/cp/typeck.c 1 ../../../egcs/gcc/cp/pt.c 1 ../../../egcs/gcc/cp/decl.c 1 ../../../egcs/gcc/ch/typeck.c 1 ../../../egcs/gcc/ch/decl.c 1 ../../../egcs/gcc/ch/actions.c Number of warning types: 134 `???' might be used uninitialized in this function 101 implicit declaration of function `???' 78 unused parameter `???' 43 unused variable `???' 35 `???' defined but not used 33 variable `???' might be clobbered by `longjmp' or `vfork' 33 comparison between signed and unsigned 16 missing initializer for `???' 14 ??? format, ??? arg (arg ???) 5 argument `???' might be clobbered by `longjmp' or `vfork' 4 `???' declared `static' but never defined 2 zero-length format string 2 statement with no effect 1 value computed is not used 1 type of `???' defaults to `int' 1 suggest explicit braces to avoid ambiguous `else' 1 label `???' defined but not used Counting all warnings, there are 689 warnings in stage0 of this bootstrap. Number of warnings per file: 126 ../../../egcs/texinfo/makeinfo/makeinfo.c 114 ../../../../egcs/libg++/src/bitdo2.h 60 ../../../egcs/libchill/format.c 25 ../../../../egcs/libf2c/libI77/rsne.c 22 ../../../egcs/libio/stdstreams.cc 14 ../../../egcs/libobjc/thr-single.c 14 ../../../egcs/libiberty/pexecute.c 14 ../../../../egcs/libf2c/libI77/lread.c 14 ../../../../egcs/libf2c/libI77/inquire.c 13 ../../../egcs/texinfo/makeinfo/multi.c 13 ../../../egcs/libobjc/archive.c 12 ../../egcs/libiberty/pexecute.c 12 ../../../../egcs/libg++/src/bitblt.c 8 ../../egcs/libiberty/floatformat.c 8 ../../../egcs/libio/iostream.cc 8 ../../../egcs/libiberty/floatformat.c 8 ../../../egcs/libchill/basicio.c 8 ../../../../egcs/libf2c/libI77/rdfmt.c 6 ../../../../egcs/libf2c/libI77/wref.c 6 ../../../../egcs/libf2c/libI77/open.c 6 ../../../../egcs/libf2c/libI77/iio.c 6 ../../../../egcs/libf2c/libI77/fmt.c 6 ../../../../egcs/libf2c/libF77/qbitbits.c 6 ../../../../egcs/libf2c/libF77/lbitbits.c 5 ../../../egcs/libchill/waitbuffer.c 5 ../../../egcs/libchill/setbits.c 5 ../../../../egcs/libf2c/libI77/rsfe.c 5 ../../../../egcs/libf2c/libI77/dfe.c 4 ../../../egcs/libobjc/sarray.c 4 ../../../egcs/libobjc/encoding.c 4 ../../../egcs/libchill/sendbuffer.c 4 ../../../egcs/libchill/ffsetclrps.c 4 ../../../egcs/libchill/cause.c 4 ../../../../egcs/libg++/src/Fix16.cc 3 ../../../egcs/libobjc/gc.c 3 ../../../egcs/libobjc/Object.m 3 ../../../egcs/libchill/delaycase.c 3 ../../../egcs/libchill/concatps.c 3 ../../../egcs/libchill/chillstdio.c 3 ../../../../egcs/libf2c/libI77/wrtfmt.c 3 ../../../../egcs/libf2c/libI77/uio.c 3 ../../../../egcs/libf2c/libI77/sue.c 3 ../../../../egcs/libf2c/libI77/lwrite.c 3 ../../../../egcs/libf2c/libI77/err.c 3 ../../../../egcs/libf2c/libI77/due.c 3 ../../../../egcs/libf2c/libF77/main.c 2 ../../egcs/libiberty/splay-tree.c 2 ../../egcs/libiberty/cplus-dem.c 2 ../../egcs/libiberty/choose-temp.c 2 ../../../egcs/libobjc/sendmsg.c 2 ../../../egcs/libobjc/selector.c 2 ../../../egcs/libobjc/init.c 2 ../../../egcs/libio/stream.cc 2 ../../../egcs/libiberty/splay-tree.c 2 ../../../egcs/libiberty/cplus-dem.c 2 ../../../egcs/libiberty/choose-temp.c 2 ../../../egcs/libchill/writerecord.c 2 ../../../egcs/libchill/unhex.c 2 ../../../egcs/libchill/rtsdummy.c 2 ../../../egcs/libchill/retmem.c 2 ../../../egcs/libchill/readrecord.c 2 ../../../egcs/libchill/allgmem.c 2 ../../../../egcs/libf2c/libU77/unlink_.c 2 ../../../../egcs/libf2c/libU77/symlnk_.c 2 ../../../../egcs/libf2c/libU77/stat_.c 2 ../../../../egcs/libf2c/libU77/rename_.c 2 ../../../../egcs/libf2c/libU77/lstat_.c 2 ../../../../egcs/libf2c/libU77/link_.c 2 ../../../../egcs/libf2c/libU77/ctime_.c 2 ../../../../egcs/libf2c/libU77/chmod_.c 2 ../../../../egcs/libf2c/libU77/chdir_.c 2 ../../../../egcs/libf2c/libU77/access_.c 2 ../../../../egcs/libf2c/libI77/rsli.c 2 ../../../../egcs/libf2c/libI77/endfile.c 1 ../../../egcs/libobjc/nil_method.c 1 ../../../egcs/libf2c/f2cext.c 1 ../../../egcs/libchill/settextindex.c 1 ../../../egcs/libchill/setbitps.c 1 ../../../egcs/libchill/printevent.c 1 ../../../egcs/libchill/printbuffer.c 1 ../../../egcs/libchill/neps.c 1 ../../../egcs/libchill/inps.c 1 ../../../egcs/libchill/inbitstr.c 1 ../../../egcs/libchill/continue.c 1 ../../../egcs/libchill/concatstr.c 1 ../../../egcs/libchill/chillrt0.c 1 ../../../../egcs/libf2c/libU77/vxttime_.c 1 ../../../../egcs/libf2c/libU77/fputc_.c 1 ../../../../egcs/libf2c/libU77/etime_.c 1 ../../../../egcs/libf2c/libU77/dtime_.c 1 ../../../../egcs/libf2c/libI77/wsne.c 1 ../../../../egcs/libf2c/libI77/wsle.c 1 ../../../../egcs/libf2c/libI77/wsfe.c 1 ../../../../egcs/libf2c/libI77/sfe.c 1 ../../../../egcs/libf2c/libF77/system_.c 1 ../../../../egcs/libf2c/libF77/i_len.c 1 ../../../../egcs/libf2c/libF77/h_len.c 1 ../../../../egcs/libf2c/libF77/getenv_.c Number of warning types: 101 enumeration value `???' not handled in switch 90 suggest parentheses around arithmetic in operand of ^ 86 comparison between signed and unsigned 81 unused parameter `???' 50 suggest parentheses around assignment used as truth value 48 unused variable `???' 39 return-type defaults to `int' 39 `???' might be used uninitialized in this function 34 implicit declaration of function `???' 21 array subscript has type `char' 18 missing initializer for member `???' 17 variable `???' might be clobbered by `longjmp' or `vfork' 17 suggest explicit braces to avoid ambiguous `else' 10 suggest parentheses around + or - inside shift 10 `???' defined but not used 5 suggest parentheses around arithmetic in operand of | 4 suggest parentheses around + or - in operand of & 4 label `???' defined but not used 4 integer overflow in expression 3 suggest parentheses around && within || 3 missing initializer for `???' 2 type of `???' defaults to `int' 2 ??? format, ??? arg (arg ???) 1 type defaults to `int' in declaration of `???' Counting non-subdirectory warnings, there are 231 warnings in stage3 of this bootstrap. Number of warnings per file: 17 ../../egcs/gcc/toplev.c 16 ../../egcs/gcc/objc/objc-act.c 12 ../../egcs/gcc/cse.c 11 ../../egcs/gcc/fold-const.c 10 ../../egcs/gcc/varasm.c 9 ../../egcs/gcc/integrate.c 9 ../../egcs/gcc/final.c 8 ../../egcs/gcc/reload1.c 8 ../../egcs/gcc/combine.c 7 pexecute.c 7 ../../egcs/gcc/unroll.c 7 ../../egcs/gcc/reload.c 7 ../../egcs/gcc/optabs.c 7 ../../egcs/gcc/dwarf2out.c 6 ../../egcs/gcc/c-lex.c 5 ../../egcs/gcc/cccp.c 4 cexp.y 4 ../../egcs/gcc/regclass.c 4 ../../egcs/gcc/reg-stack.c 4 ../../egcs/gcc/dbxout.c 3 insn-emit.c 3 ../../egcs/gcc/stmt.c 3 ../../egcs/gcc/rtl.c 3 ../../egcs/gcc/regmove.c 3 ../../egcs/gcc/loop.c 3 ../../egcs/gcc/local-alloc.c 3 ../../egcs/gcc/genopinit.c 3 ../../egcs/gcc/expr.c 3 ../../egcs/gcc/expmed.c 3 ../../egcs/gcc/config/i386/i386.c 2 insn-recog.c 2 insn-output.c 2 ../../egcs/gcc/protoize.c 2 ../../egcs/gcc/haifa-sched.c 2 ../../egcs/gcc/function.c 2 ../../egcs/gcc/flow.c 2 ../../egcs/gcc/collect2.c 2 ../../egcs/gcc/c-decl.c 2 ../../egcs/gcc/bitmap.c 1 splay-tree.c 1 gcj.c 1 g77.c 1 g++.c 1 cxxmain.c 1 cplus-dem.c 1 choose-temp.c 1 ../../egcs/gcc/tree.c 1 ../../egcs/gcc/tlink.c 1 ../../egcs/gcc/stupid.c 1 ../../egcs/gcc/print-rtl.c 1 ../../egcs/gcc/java/jvspec.c 1 ../../egcs/gcc/hash.c 1 ../../egcs/gcc/graph.c 1 ../../egcs/gcc/genattrtab.c 1 ../../egcs/gcc/gcov-io.h 1 ../../egcs/gcc/gcc.c 1 ../../egcs/gcc/f/g77spec.c 1 ../../egcs/gcc/explow.c 1 ../../egcs/gcc/crtstuff.c 1 ../../egcs/gcc/calls.c Number of warning types: 102 `???' might be used uninitialized in this function 51 unused parameter `???' 23 comparison between signed and unsigned 16 missing initializer for `???' 15 variable `???' might be clobbered by `longjmp' or `vfork' 10 implicit declaration of function `???' 5 argument `???' might be clobbered by `longjmp' or `vfork' 3 unused variable `???' 3 `???' defined but not used 2 zero-length format string 1 suggest explicit braces to avoid ambiguous `else'