This is the mail archive of the egcs-testresults@egcs.cygnus.com mailing list for the EGCS project. See the EGCS home page for more information.
Native configuration is sparc-sun-sunos4.1.3 === g++ tests === Running target unix FAIL: g++.brendan/asm-extn1.C caused compiler crash FAIL: g++.law/profile1.C Execution test FAIL: g++.mike/p9706.C Execution test XPASS: g++.pt/instantiate6.C (test for excess errors) FAIL: g++.pt/static3.C (test for excess errors) === g++ Summary === # of expected passes 4798 # of unexpected failures 4 # of unexpected successes 1 # of expected failures 88 # of untested testcases 6 /l/dsk01/temp/egcs/gcc/testsuite/../xgcc version egcs-2.93.02 19990117 (gcc2 ss-980609 experimental) === g77 tests === Running target unix FAIL: g77.f-torture/execute/u77-test.f execution, -O0 FAIL: g77.f-torture/execute/u77-test.f execution, -O1 FAIL: g77.f-torture/execute/u77-test.f execution, -O2 FAIL: g77.f-torture/execute/u77-test.f execution, -O2 -fomit-frame-pointer -finline-functions FAIL: g77.f-torture/execute/u77-test.f execution, -O2 -fomit-frame-pointer -finline-functions -funroll-loops FAIL: g77.f-torture/execute/u77-test.f execution, -O2 -fomit-frame-pointer -finline-functions -funroll-all-loops FAIL: g77.f-torture/execute/u77-test.f execution, -Os === g77 Summary === # of expected passes 465 # of unexpected failures 7 === gcc tests === Running target unix FAIL: gcc.c-torture/compile/920623-1.c, -O2 FAIL: gcc.c-torture/compile/920623-1.c, -Os FAIL: gcc.c-torture/compile/921206-1.c, -O1 FAIL: gcc.c-torture/compile/921206-1.c, -O2 FAIL: gcc.c-torture/compile/921206-1.c, -O2 -fomit-frame-pointer -finline-functions FAIL: gcc.c-torture/compile/921206-1.c, -O2 -fomit-frame-pointer -finline-functions -funroll-loops FAIL: gcc.c-torture/compile/921206-1.c, -O2 -fomit-frame-pointer -finline-functions -funroll-all-loops FAIL: gcc.c-torture/compile/921206-1.c, -O2 -g FAIL: gcc.c-torture/compile/921206-1.c, -Os FAIL: gcc.c-torture/execute/980506-2.c execution, -O2 FAIL: gcc.c-torture/execute/980506-2.c execution, -O2 -g FAIL: gcc.c-torture/execute/980506-2.c execution, -Os FAIL: gcc.c-torture/execute/980526-1.c execution, -O2 -fomit-frame-pointer -finline-functions FAIL: gcc.c-torture/execute/loop-2f.c execution, -O0 FAIL: gcc.c-torture/execute/loop-2f.c execution, -O1 FAIL: gcc.c-torture/execute/loop-2f.c execution, -O2 FAIL: gcc.c-torture/execute/loop-2f.c execution, -O2 -fomit-frame-pointer -finline-functions FAIL: gcc.c-torture/execute/loop-2f.c execution, -O2 -fomit-frame-pointer -finline-functions -funroll-loops FAIL: gcc.c-torture/execute/loop-2f.c execution, -O2 -fomit-frame-pointer -finline-functions -funroll-all-loops FAIL: gcc.c-torture/execute/loop-2f.c execution, -O2 -g FAIL: gcc.c-torture/execute/loop-2f.c execution, -Os FAIL: gcc.c-torture/execute/loop-2g.c execution, -O0 FAIL: gcc.c-torture/execute/loop-2g.c execution, -O1 FAIL: gcc.c-torture/execute/loop-2g.c execution, -O2 FAIL: gcc.c-torture/execute/loop-2g.c execution, -O2 -fomit-frame-pointer -finline-functions FAIL: gcc.c-torture/execute/loop-2g.c execution, -O2 -fomit-frame-pointer -finline-functions -funroll-loops FAIL: gcc.c-torture/execute/loop-2g.c execution, -O2 -fomit-frame-pointer -finline-functions -funroll-all-loops FAIL: gcc.c-torture/execute/loop-2g.c execution, -O2 -g FAIL: gcc.c-torture/execute/loop-2g.c execution, -Os FAIL: gcc.c-torture/execute/memcpy-bi.c compilation, -O2 -fomit-frame-pointer -finline-functions FAIL: gcc.c-torture/execute/memcpy-bi.c compilation, -O2 -fomit-frame-pointer -finline-functions -funroll-loops FAIL: gcc.c-torture/execute/memcpy-bi.c compilation, -O2 -fomit-frame-pointer -finline-functions -funroll-all-loops FAIL: gcc.c-torture/execute/memcheck/blkarg.c execution, -O0 FAIL: gcc.c-torture/execute/memcheck/blkarg.c execution, -O1 FAIL: gcc.c-torture/execute/memcheck/blkarg.c execution, -O2 FAIL: gcc.c-torture/execute/memcheck/blkarg.c execution, -O2 -fomit-frame-pointer -finline-functions FAIL: gcc.c-torture/execute/memcheck/blkarg.c execution, -O2 -g FAIL: gcc.c-torture/execute/memcheck/blkarg.c execution, -Os === gcc Summary === # of expected passes 7849 # of unexpected failures 38 # of expected failures 13 # of untested testcases 3 # of unsupported tests 19 /l/dsk01/temp/egcs/gcc/xgcc version egcs-2.93.02 19990117 (gcc2 ss-980609 experimental) === libg++ tests === Running target unix FAIL: tBitString.cc compilation FAIL: tRational.cc execution FAIL: tRandom.cc execution === libg++ Summary === # of expected passes 65 # of unexpected failures 3 # of expected failures 4 === libio tests === Running target unix === libio Summary === # of expected passes 40 === libstdc++ tests === Running target unix FAIL: tcomplex.cc execution FAIL: tcomplex.cc -O execution === libstdc++ Summary === # of expected passes 26 # of unexpected failures 2 # of expected failures 2 === objc tests === Running target unix === objc Summary === # of expected passes 38 /l/dsk01/temp/egcs/gcc/xgcc version egcs-2.93.02 19990117 (gcc2 ss-980609 experimental) Compiler version: egcs-2.93.02 19990117 (gcc2 ss-980609 experimental) Platform: sparc-sun-sunos4.1.3 BOOT_CFLAGS: -g -O9 -W -Wall Counting all warnings, there are 0 warnings in stage3 of this bootstrap. Number of warnings per file: Number of warning types: