This is the mail archive of the egcs-testresults@egcs.cygnus.com mailing list for the EGCS project. See the EGCS home page for more information.
Configuration: - glibc 2.1 snapshot (2.0.108) - running i486 Linux 2.2.0pre7 - binutils 2.9.0.19 Native configuration is i486-pc-linux-gnu === libio tests === Running target unix === libio Summary === # of expected passes 40 === libstdc++ tests === Running target unix === libstdc++ Summary === # of expected passes 30 === gcc tests === Running target unix FAIL: gcc.c-torture/compile/981223-1.c, -O0 FAIL: gcc.c-torture/compile/981223-1.c, -O1 FAIL: gcc.c-torture/compile/981223-1.c, -O2 FAIL: gcc.c-torture/compile/981223-1.c, -O2 -fomit-frame-pointer -finline-functions FAIL: gcc.c-torture/compile/981223-1.c, -O2 -g FAIL: gcc.c-torture/compile/981223-1.c, -Os FAIL: gcc.c-torture/execute/980526-1.c execution, -O2 -fomit-frame-pointer -finline-functions FAIL: gcc.c-torture/execute/loop-2f.c execution, -O2 FAIL: gcc.c-torture/execute/loop-2f.c execution, -O2 -fomit-frame-pointer -finline-functions FAIL: gcc.c-torture/execute/loop-2f.c execution, -O2 -fomit-frame-pointer -finline-functions -funroll-loops FAIL: gcc.c-torture/execute/loop-2f.c execution, -O2 -fomit-frame-pointer -finline-functions -funroll-all-loops FAIL: gcc.c-torture/execute/loop-2f.c execution, -O2 -g FAIL: gcc.c-torture/execute/loop-2f.c execution, -Os FAIL: gcc.c-torture/execute/loop-2g.c execution, -O2 FAIL: gcc.c-torture/execute/loop-2g.c execution, -O2 -fomit-frame-pointer -finline-functions FAIL: gcc.c-torture/execute/loop-2g.c execution, -O2 -fomit-frame-pointer -finline-functions -funroll-loops FAIL: gcc.c-torture/execute/loop-2g.c execution, -O2 -fomit-frame-pointer -finline-functions -funroll-all-loops FAIL: gcc.c-torture/execute/loop-2g.c execution, -O2 -g FAIL: gcc.c-torture/execute/loop-2g.c execution, -Os FAIL: gcc.c-torture/execute/ieee/980619-1.c execution, -O1 FAIL: gcc.c-torture/execute/ieee/980619-1.c execution, -O2 FAIL: gcc.c-torture/execute/ieee/980619-1.c execution, -O2 -fomit-frame-pointer -finline-functions FAIL: gcc.c-torture/execute/ieee/980619-1.c execution, -O2 -fomit-frame-pointer -finline-functions -funroll-loops FAIL: gcc.c-torture/execute/ieee/980619-1.c execution, -O2 -fomit-frame-pointer -finline-functions -funroll-all-loops FAIL: gcc.c-torture/execute/ieee/980619-1.c execution, -O2 -g FAIL: gcc.c-torture/execute/ieee/980619-1.c execution, -Os FAIL: gcc.c-torture/execute/memcheck/blkarg.c execution, -O0 FAIL: gcc.c-torture/execute/memcheck/blkarg.c execution, -O1 FAIL: gcc.c-torture/execute/memcheck/blkarg.c execution, -O2 FAIL: gcc.c-torture/execute/memcheck/blkarg.c execution, -O2 -fomit-frame-pointer -finline-functions FAIL: gcc.c-torture/execute/memcheck/blkarg.c execution, -O2 -g FAIL: gcc.c-torture/execute/memcheck/blkarg.c execution, -Os FAIL: gcc.c-torture/special/981006-1.c (test for bogus messages, line 11) FAIL: gcc.c-torture/special/981006-1.c (test for bogus messages, line 12) FAIL: gcc.dg/990117-1.c (test for excess errors) === gcc Summary === # of expected passes 7859 # of unexpected failures 35 # of expected failures 13 # of unsupported tests 12 /mnt/cc/build-mainstream/gcc/xgcc version egcs-2.93.02 19990118 (gcc2 ss-980609 experimental) === g++ tests === Running target unix FAIL: g++.jason/overload20.C (test for excess errors) FAIL: g++.mike/pmf3.C (test for excess errors) FAIL: g++.pt/overload5.C (test for excess errors) === g++ Summary === # of expected passes 4798 # of unexpected failures 3 # of expected failures 89 # of untested testcases 7 /mnt/cc/build-mainstream/gcc/testsuite/../xgcc version egcs-2.93.02 19990118 (gcc2 ss-980609 experimental) === g77 tests === Running target unix === g77 Summary === # of expected passes 472 === objc tests === Running target unix FAIL: objc/execute/bf-1.m compilation, -O FAIL: objc/execute/bf-10.m compilation, -O FAIL: objc/execute/bf-11.m compilation, -O FAIL: objc/execute/bf-12.m compilation, -O FAIL: objc/execute/bf-13.m compilation, -O FAIL: objc/execute/bf-14.m compilation, -O FAIL: objc/execute/bf-15.m compilation, -O FAIL: objc/execute/bf-16.m compilation, -O FAIL: objc/execute/bf-17.m compilation, -O FAIL: objc/execute/bf-18.m compilation, -O FAIL: objc/execute/bf-19.m compilation, -O FAIL: objc/execute/bf-2.m compilation, -O FAIL: objc/execute/bf-3.m compilation, -O FAIL: objc/execute/bf-4.m compilation, -O FAIL: objc/execute/bf-5.m compilation, -O FAIL: objc/execute/bf-6.m compilation, -O FAIL: objc/execute/bf-7.m compilation, -O FAIL: objc/execute/bf-8.m compilation, -O FAIL: objc/execute/bf-9.m compilation, -O === objc Summary === # of unexpected failures 19 # of untested testcases 19 /mnt/cc/build-mainstream/gcc/xgcc version egcs-2.93.02 19990118 (gcc2 ss-980609 experimental) Compiler version: egcs-2.93.02 19990118 (gcc2 ss-980609 experimental) Platform: i486-pc-linux-gnu configure flags: --with-gcc-version-trigger=/mnt/cc/egcs-cvs/gcc/version.c --host=i486-pc-linux-gnu --prefix=/opt/egcs-1.2 --enable-shared --enable-threads --enable-languages=c,c++,f77 --with-gnu-as --with-gnu-ld --norecursion