This is the mail archive of the egcs-testresults@egcs.cygnus.com mailing list for the EGCS project. See the EGCS home page for more information.
Native configuration is alphaev56-unknown-linux-gnu === libio tests === Running target unix FAIL: tfformat.c compilation FAIL: tiformat.c compilation FAIL: tstdiomisc.c compilation === libio Summary === # of expected passes 33 # of unexpected failures 3 # of expected failures 4 === libstdc++ tests === Running target unix FAIL: tcomplex.cc compilation FAIL: tcomplex.cc -O compilation FAIL: tlist.cc compilation FAIL: tlist.cc -O compilation FAIL: tmap.cc compilation FAIL: tmap.cc -O compilation FAIL: tstring.cc compilation FAIL: tstring.cc -O compilation FAIL: tvector.cc compilation FAIL: tvector.cc -O compilation === libstdc++ Summary === # of unexpected failures 10 # of expected failures 20 === gcc tests === Running target unix FAIL: gcc.c-torture/compile/921206-1.c, -O1 FAIL: gcc.c-torture/special/981006-1.c (test for bogus messages, line 11) FAIL: gcc.c-torture/special/981006-1.c (test for bogus messages, line 12) === gcc Summary === # of expected passes 3437 # of unexpected failures 3 # of expected failures 13 # of unsupported tests 19 /usr/src/egcs-19990117/compile/gcc/xgcc version egcs-2.93.02 19990117 (gcc2 ss-980609 experimental) === g++ tests === Running target unix FAIL: g++.benjamin/15071.C (test for excess errors) XPASS: g++.benjamin/p12475.C (test for excess errors) FAIL: g++.brendan/copy9.C (test for excess errors) FAIL: g++.brendan/crash15.C destructor (test for errors, line 19) FAIL: g++.brendan/crash15.C (test for excess errors) FAIL: g++.brendan/crash20.C (test for excess errors) FAIL: g++.brendan/crash30.C (test for excess errors) FAIL: g++.brendan/crash38.C (test for excess errors) FAIL: g++.brendan/crash39.C (test for excess errors) FAIL: g++.brendan/crash49.C return type for main (test for errors, line 9) FAIL: g++.brendan/crash49.C (test for excess errors) FAIL: g++.brendan/crash52.C ambiguates.* (test for errors, line 7) FAIL: g++.brendan/crash52.C new decl.* (test for errors, line 10) FAIL: g++.brendan/crash52.C non-void function (test for errors, line 12) FAIL: g++.brendan/crash52.C (test for excess errors) FAIL: g++.brendan/crash62.C cannot convert .die.* (test for errors, line 29) FAIL: g++.brendan/crash62.C (test for excess errors) FAIL: g++.brendan/cvt1.C comma (test for errors, line 8) FAIL: g++.brendan/cvt1.C comma (test for errors, line 18) FAIL: g++.brendan/cvt1.C (test for excess errors) FAIL: g++.brendan/err-msg3.C (test for excess errors) FAIL: g++.brendan/nest21.C (test for excess errors) FAIL: g++.brendan/ptolemy2.C (test for excess errors) FAIL: g++.brendan/template9.C (test for excess errors) FAIL: g++.jason/2371.C (test for excess errors) FAIL: g++.jason/template24.C (test for excess errors) FAIL: g++.jason/template31.C (test for excess errors) XPASS: g++.jason/thunk3.C (test for excess errors) XPASS: g++.jason/thunk3.C Execution test FAIL: g++.jason/typeid1.C (test for excess errors) FAIL: g++.law/arg1.C candidate (test for errors, line 12) FAIL: g++.law/arg1.C candidate (test for errors, line 13) FAIL: g++.law/arg1.C candidate (test for errors, line 18) FAIL: g++.law/arg1.C candidate (test for errors, line 19) FAIL: g++.law/arg1.C .* (test for errors, line 27) FAIL: g++.law/arg1.C .* (test for errors, line 28) FAIL: g++.law/arg1.C (test for excess errors) FAIL: g++.law/arg8.C (test for excess errors) FAIL: g++.law/arm12.C .* (test for errors, line 26) FAIL: g++.law/arm12.C within this (test for errors, line 36) FAIL: g++.law/arm12.C (test for excess errors) FAIL: g++.law/arm9.C candidate (test for errors, line 22) FAIL: g++.law/arm9.C .* (test for errors, line 26) FAIL: g++.law/arm9.C (test for excess errors) FAIL: g++.law/bad-error7.C (test for excess errors) FAIL: g++.law/code-gen5.C (test for excess errors) FAIL: g++.law/ctors10.C .* (test for errors, line 21) FAIL: g++.law/ctors10.C (test for excess errors) FAIL: g++.law/ctors12.C (test for excess errors) FAIL: g++.law/ctors13.C .* (test for errors, line 6) FAIL: g++.law/ctors13.C .* (test for errors, line 10) FAIL: g++.law/ctors13.C (test for excess errors) FAIL: g++.law/ctors17.C candidate (test for errors, line 14) FAIL: g++.law/ctors17.C candidate (test for errors, line 15) FAIL: g++.law/ctors17.C .* (test for errors, line 20) FAIL: g++.law/ctors17.C (test for excess errors) FAIL: g++.law/ctors6.C (test for excess errors) FAIL: g++.law/cvt16.C (test for excess errors) FAIL: g++.law/cvt2.C (test for excess errors) FAIL: g++.law/cvt7.C (test for excess errors) FAIL: g++.law/enum5.C .* (test for errors, line 69) FAIL: g++.law/enum5.C .* (test for errors, line 82) FAIL: g++.law/except5.C (test for excess errors) FAIL: g++.law/missed-error2.C candidate (test for errors, line 11) FAIL: g++.law/missed-error2.C candidate (test for errors, line 12) FAIL: g++.law/missed-error2.C .* (test for errors, line 15) FAIL: g++.law/missed-error2.C (test for errors, line 26) FAIL: g++.law/missed-error2.C (test for excess errors) FAIL: g++.law/nest3.C (test for excess errors) FAIL: g++.law/operators32.C type.*// ERROR - trying to.* (test for errors, line 52) FAIL: g++.law/operators32.C type.*// ERROR - trying to.* (test for errors, line 53) FAIL: g++.law/operators32.C (test for excess errors) FAIL: g++.law/operators4.C warning (test for errors, line 17) FAIL: g++.law/operators4.C (test for excess errors) XPASS: g++.law/profile1.C (test for excess errors) XPASS: g++.law/profile1.C Execution test FAIL: g++.law/vbase1.C (test for excess errors) FAIL: g++.law/virtual3.C (test for excess errors) FAIL: g++.law/visibility1.C (test for excess errors) FAIL: g++.law/visibility10.C .* (test for errors, line 13) FAIL: g++.law/visibility10.C (test for excess errors) FAIL: g++.law/visibility13.C .struct Array_RC redecl.* (test for errors, line 17) FAIL: g++.law/visibility13.C previous declaration.* (test for errors, line 66) FAIL: g++.law/visibility13.C member .size.* (test for errors, line 77) FAIL: g++.law/visibility13.C member .ia.* (test for errors, line 78) FAIL: g++.law/visibility13.C instantiated from here (test for errors, line 100) FAIL: g++.law/visibility13.C (test for excess errors) FAIL: g++.law/visibility17.C private (test for errors, line 34) FAIL: g++.law/visibility17.C private (test for errors, line 39) FAIL: g++.law/visibility17.C .* (test for errors, line 45) FAIL: g++.law/visibility17.C .* (test for errors, line 50) FAIL: g++.law/visibility17.C (test for excess errors) FAIL: g++.law/visibility2.C (test for excess errors) FAIL: g++.law/visibility22.C (test for excess errors) FAIL: g++.law/visibility25.C (test for excess errors) FAIL: g++.law/visibility7.C private (test for errors, line 19) FAIL: g++.law/visibility7.C private (test for errors, line 21) FAIL: g++.law/visibility7.C .* (test for errors, line 56) FAIL: g++.law/visibility7.C .* (test for errors, line 58) FAIL: g++.law/visibility7.C (test for excess errors) FAIL: g++.martin/new1.C (test for excess errors) FAIL: g++.mike/dyncast7.C (test for excess errors) FAIL: g++.mike/eh13.C (test for excess errors) FAIL: g++.mike/eh2.C (test for excess errors) FAIL: g++.mike/eh47.C (test for excess errors) FAIL: g++.mike/memoize1.C (test for excess errors) FAIL: g++.mike/net34.C (test for excess errors) FAIL: g++.mike/net46.C (test for excess errors) FAIL: g++.mike/p658.C (test for excess errors) FAIL: g++.mike/rtti1.C (test for excess errors) FAIL: g++.ns/using4.C vector is not a namespace (test for errors, line 4) FAIL: g++.ns/using4.C (test for excess errors) FAIL: g++.ns/using6.C (test for excess errors) FAIL: g++.other/badopt1.C (test for excess errors) FAIL: g++.other/init9.C jump from here (test for errors, line 16) FAIL: g++.other/init9.C jump crosses initialization (test for errors, line 17) FAIL: g++.other/init9.C jump to here (test for errors, line 18) FAIL: g++.other/init9.C jump from here (test for errors, line 27) FAIL: g++.other/init9.C jump crosses initialization (test for errors, line 28) FAIL: g++.other/init9.C jump to here (test for errors, line 29) FAIL: g++.other/init9.C jump from here (test for errors, line 36) FAIL: g++.other/init9.C jump crosses initialization (test for errors, line 37) FAIL: g++.other/init9.C jump to here (test for errors, line 38) FAIL: g++.other/init9.C (test for excess errors) FAIL: g++.other/null1.C converting NULL to non-pointer type (test for warnings, line 21) FAIL: g++.other/null1.C converting NULL to non-pointer type (test for warnings, line 22) FAIL: g++.other/null1.C NULL used in arithmetic (test for warnings, line 25) FAIL: g++.other/null1.C NULL used in arithmetic (test for warnings, line 26) FAIL: g++.other/null1.C converting NULL to non-pointer type (test for warnings, line 29) FAIL: g++.other/null1.C converting NULL to non-pointer type (test for warnings, line 30) FAIL: g++.other/null1.C converting NULL to non-pointer type (test for warnings, line 31) FAIL: g++.other/null1.C converting NULL to non-pointer-type (test for warnings, line 32) FAIL: g++.other/null1.C converting NULL to non-pointer type (test for warnings, line 33) FAIL: g++.other/null1.C converting NULL to non-pointer type (test for warnings, line 34) FAIL: g++.other/null1.C converting NULL to int (test for warnings, line 35) FAIL: g++.other/null1.C converting NULL to int (test for warnings, line 36) FAIL: g++.other/null1.C NULL bound to integer template parameter (test for warnings, line 37) FAIL: g++.other/null1.C converting NULL to int (test for warnings, line 38) FAIL: g++.other/null1.C (test for excess errors) FAIL: g++.other/null2.C (test for excess errors) FAIL: g++.pt/ttp19.C (test for excess errors) FAIL: g++.pt/ttp40.C (test for excess errors) FAIL: g++.robertl/eb109.C candidates (test for errors, line 35) FAIL: g++.robertl/eb109.C no size function (test for errors, line 42) FAIL: g++.robertl/eb109.C no index operator (test for errors, line 44) FAIL: g++.robertl/eb109.C no index operator (test for errors, line 48) FAIL: g++.robertl/eb109.C no index operator (test for errors, line 49) FAIL: g++.robertl/eb109.C no index operator (test for errors, line 54) FAIL: g++.robertl/eb109.C no bool constructor (test for errors, line 65) FAIL: g++.robertl/eb109.C (test for excess errors) FAIL: g++.robertl/eb113.C (test for excess errors) FAIL: g++.robertl/eb115.C (test for excess errors) FAIL: g++.robertl/eb118.C (test for excess errors) FAIL: g++.robertl/eb124.C (test for excess errors) FAIL: g++.robertl/eb127.C (test for excess errors) FAIL: g++.robertl/eb129.C (test for errors, line 19) FAIL: g++.robertl/eb129.C (test for excess errors) FAIL: g++.robertl/eb130.C (test for excess errors) FAIL: g++.robertl/eb132.C (test for excess errors) FAIL: g++.robertl/eb15.C (test for excess errors) FAIL: g++.robertl/eb21.C (test for excess errors) FAIL: g++.robertl/eb24.C (test for excess errors) FAIL: g++.robertl/eb27.C (test for excess errors) FAIL: g++.robertl/eb28.C (test for excess errors) FAIL: g++.robertl/eb29.C (test for excess errors) FAIL: g++.robertl/eb3.C (test for excess errors) FAIL: g++.robertl/eb30.C (test for excess errors) FAIL: g++.robertl/eb31.C (test for excess errors) FAIL: g++.robertl/eb33.C (test for excess errors) FAIL: g++.robertl/eb36.C default arg for member template (test for errors, line 15) FAIL: g++.robertl/eb36.C (test for excess errors) FAIL: g++.robertl/eb39.C (test for excess errors) FAIL: g++.robertl/eb4.C referenced below (test for errors, line 9) FAIL: g++.robertl/eb4.C illegal member syntax (test for errors, line 32) FAIL: g++.robertl/eb4.C abstract class (test for errors, line 40) FAIL: g++.robertl/eb4.C incomplete class (test for errors, line 41) FAIL: g++.robertl/eb4.C dfs not declared (test for errors, line 46) FAIL: g++.robertl/eb4.C (test for excess errors) FAIL: g++.robertl/eb41.C (test for excess errors) FAIL: g++.robertl/eb43.C constructor is explicit (test for errors, line 27) FAIL: g++.robertl/eb43.C (test for excess errors) FAIL: g++.robertl/eb44.C (test for warnings, line 13) FAIL: g++.robertl/eb44.C (test for excess errors) FAIL: g++.robertl/eb46.C (test for excess errors) FAIL: g++.robertl/eb54.C (test for excess errors) FAIL: g++.robertl/eb55.C inaccessible copy constructor (test for errors, line 10) FAIL: g++.robertl/eb59.C (test for excess errors) FAIL: g++.robertl/eb60.C (test for excess errors) FAIL: g++.robertl/eb62.C (test for excess errors) FAIL: g++.robertl/eb65.C (test for excess errors) FAIL: g++.robertl/eb66.C (test for excess errors) FAIL: g++.robertl/eb69.C (test for excess errors) FAIL: g++.robertl/eb7.C (test for excess errors) FAIL: g++.robertl/eb73.C (test for excess errors) FAIL: g++.robertl/eb77.C (test for excess errors) FAIL: g++.robertl/eb78.C unused (test for warnings, line 98) FAIL: g++.robertl/eb78.C (test for excess errors) FAIL: g++.robertl/eb79.C bogus code (test for errors, line 11) FAIL: g++.robertl/eb79.C (test for excess errors) FAIL: g++.robertl/eb91.C (test for excess errors) === g++ Summary === # of expected passes 4556 # of unexpected failures 195 # of unexpected successes 5 # of expected failures 134 # of untested testcases 7 /usr/src/egcs-19990117/compile/gcc/testsuite/../xgcc version egcs-2.93.02 19990117 (gcc2 ss-980609 experimental) === g77 tests === Running target unix === g77 Summary === # of expected passes 472 === objc tests === Running target unix FAIL: objc/execute/bf-10.m execution, -O FAIL: objc/execute/bf-16.m execution, -O FAIL: objc/execute/bf-17.m execution, -O === objc Summary === # of expected passes 35 # of unexpected failures 3 /usr/src/egcs-19990117/compile/gcc/xgcc version egcs-2.93.02 19990117 (gcc2 ss-980609 experimental) Compiler version: egcs-2.93.02 19990117 (gcc2 ss-980609 experimental) Platform: alphaev56-unknown-linux-gnu configure flags: --with-gcc-version-trigger=/usr/src/egcs-19990117/gcc/version.c --host=alphaev56-unknown-linux-gnu --prefix=/usr --norecursion