This is the mail archive of the egcs-testresults@egcs.cygnus.com mailing list for the EGCS project. See the EGCS home page for more information.
Native configuration is sparc-sun-solaris2.6 === g++ tests === Running target unix FAIL: g++.brendan/asm-extn1.C caused compiler crash === g++ Summary === # of expected passes 4802 # of unexpected failures 1 # of expected failures 88 # of untested testcases 6 /l/dsk00/temp/egcs/gcc/testsuite/../xgcc version egcs-2.93.02 19990117 (gcc2 ss-980609 experimental) === g77 tests === Running target unix === g77 Summary === # of expected passes 472 === gcc tests === Running target unix FAIL: gcc.c-torture/compile/921206-1.c, -O1 FAIL: gcc.c-torture/compile/921206-1.c, -O2 FAIL: gcc.c-torture/compile/921206-1.c, -O2 -fomit-frame-pointer -finline-functions FAIL: gcc.c-torture/compile/921206-1.c, -O2 -fomit-frame-pointer -finline-functions -funroll-loops FAIL: gcc.c-torture/compile/921206-1.c, -O2 -fomit-frame-pointer -finline-functions -funroll-all-loops FAIL: gcc.c-torture/compile/921206-1.c, -O2 -g FAIL: gcc.c-torture/compile/921206-1.c, -Os FAIL: gcc.c-torture/execute/980506-2.c execution, -O2 FAIL: gcc.c-torture/execute/980506-2.c execution, -O2 -g FAIL: gcc.c-torture/execute/980506-2.c execution, -Os FAIL: gcc.c-torture/execute/980526-1.c execution, -O2 -fomit-frame-pointer -finline-functions FAIL: gcc.c-torture/execute/memcheck/blkarg.c execution, -O0 FAIL: gcc.c-torture/execute/memcheck/blkarg.c execution, -O1 FAIL: gcc.c-torture/execute/memcheck/blkarg.c execution, -O2 FAIL: gcc.c-torture/execute/memcheck/blkarg.c execution, -O2 -fomit-frame-pointer -finline-functions FAIL: gcc.c-torture/execute/memcheck/blkarg.c execution, -O2 -g FAIL: gcc.c-torture/execute/memcheck/blkarg.c execution, -Os === gcc Summary === # of expected passes 7873 # of unexpected failures 17 # of expected failures 13 # of unsupported tests 19 /l/dsk00/temp/egcs/gcc/xgcc version egcs-2.93.02 19990117 (gcc2 ss-980609 experimental) === libg++ tests === Running target unix FAIL: tRational.cc execution FAIL: tRandom.cc execution === libg++ Summary === # of expected passes 68 # of unexpected failures 2 # of expected failures 2 === libio tests === Running target unix === libio Summary === # of expected passes 40 === libstdc++ tests === Running target unix FAIL: tcomplex.cc execution FAIL: tcomplex.cc -O execution === libstdc++ Summary === # of expected passes 26 # of unexpected failures 2 # of expected failures 2 === objc tests === Running target unix FAIL: objc/execute/bf-1.m compilation, -O FAIL: objc/execute/bf-10.m compilation, -O FAIL: objc/execute/bf-11.m compilation, -O FAIL: objc/execute/bf-12.m compilation, -O FAIL: objc/execute/bf-13.m compilation, -O FAIL: objc/execute/bf-14.m compilation, -O FAIL: objc/execute/bf-15.m compilation, -O FAIL: objc/execute/bf-16.m compilation, -O FAIL: objc/execute/bf-17.m compilation, -O FAIL: objc/execute/bf-18.m compilation, -O FAIL: objc/execute/bf-19.m compilation, -O FAIL: objc/execute/bf-2.m compilation, -O FAIL: objc/execute/bf-3.m compilation, -O FAIL: objc/execute/bf-4.m compilation, -O FAIL: objc/execute/bf-5.m compilation, -O FAIL: objc/execute/bf-6.m compilation, -O FAIL: objc/execute/bf-7.m compilation, -O FAIL: objc/execute/bf-8.m compilation, -O FAIL: objc/execute/bf-9.m compilation, -O === objc Summary === # of unexpected failures 19 # of untested testcases 19 /l/dsk00/temp/egcs/gcc/xgcc version egcs-2.93.02 19990117 (gcc2 ss-980609 experimental) Compiler version: egcs-2.93.02 19990117 (gcc2 ss-980609 experimental) Platform: sparc-sun-solaris2.6 BOOT_CFLAGS: -g -O9 -W -Wall Counting all warnings, there are 600 warnings in stage3 of this bootstrap. Number of warnings per file: 42 /home/phd/oliva/src/egcs/gcc/toplev.c 35 /home/phd/oliva/src/egcs/gcc/java/expr.c 29 /home/phd/oliva/src/egcs/gcc/java/jcf-parse.c 23 /home/phd/oliva/src/egcs/gcc/config/sparc/sparc.c 22 /home/phd/oliva/src/egcs/gcc/java/lex.c 21 /home/phd/oliva/src/egcs/gcc/java/jcf-write.c 18 /home/phd/oliva/src/egcs/gcc/java/class.c 18 ./parse.y 17 /home/phd/oliva/src/egcs/gcc/java/jcf-reader.c 16 /home/phd/oliva/src/egcs/gcc/objc/objc-act.c 13 /home/phd/oliva/src/egcs/gcc/java/verify.c 13 /home/phd/oliva/src/egcs/gcc/java/javaop.def 13 /home/phd/oliva/src/egcs/gcc/cse.c 12 /home/phd/oliva/src/egcs/gcc/java/jcf-dump.c 11 /home/phd/oliva/src/egcs/gcc/varasm.c 11 /home/phd/oliva/src/egcs/gcc/dwarf2out.c 10 /home/phd/oliva/src/egcs/gcc/fold-const.c 10 /home/phd/oliva/src/egcs/gcc/final.c 9 /home/phd/oliva/src/egcs/gcc/reload1.c 9 /home/phd/oliva/src/egcs/gcc/java/decl.c 9 /home/phd/oliva/src/egcs/gcc/expr.c 8 /home/phd/oliva/src/egcs/gcc/cpplib.c 8 /home/phd/oliva/src/egcs/gcc/combine.c 8 /home/phd/oliva/src/egcs/gcc/ch/actions.c 7 /home/phd/oliva/src/egcs/gcc/unroll.c 7 /home/phd/oliva/src/egcs/gcc/reload.c 7 /home/phd/oliva/src/egcs/gcc/optabs.c 7 /home/phd/oliva/src/egcs/gcc/java/gjavah.c 7 /home/phd/oliva/src/egcs/gcc/integrate.c 7 /home/phd/oliva/src/egcs/gcc/calls.c 6 /home/phd/oliva/src/egcs/gcc/cp/lex.c 6 /home/phd/oliva/src/egcs/gcc/c-lex.c 5 /home/phd/oliva/src/egcs/gcc/reorg.c 5 /home/phd/oliva/src/egcs/gcc/dbxout.c 5 /home/phd/oliva/src/egcs/gcc/cccp.c 4 cexp.y 4 /home/phd/oliva/src/egcs/gcc/rtl.c 4 /home/phd/oliva/src/egcs/gcc/regmove.c 4 /home/phd/oliva/src/egcs/gcc/loop.c 4 /home/phd/oliva/src/egcs/gcc/jump.c 4 /home/phd/oliva/src/egcs/gcc/java/jcf-io.c 4 /home/phd/oliva/src/egcs/gcc/flow.c 4 /home/phd/oliva/src/egcs/gcc/ch/expr.c 3 pexecute.c 3 insn-emit.c 3 /home/phd/oliva/src/egcs/gcc/stmt.c 3 /home/phd/oliva/src/egcs/gcc/recog.c 3 /home/phd/oliva/src/egcs/gcc/local-alloc.c 3 /home/phd/oliva/src/egcs/gcc/java/typeck.c 3 /home/phd/oliva/src/egcs/gcc/genopinit.c 3 /home/phd/oliva/src/egcs/gcc/genattrtab.c 3 /home/phd/oliva/src/egcs/gcc/function.c 3 /home/phd/oliva/src/egcs/gcc/fix-header.c 3 /home/phd/oliva/src/egcs/gcc/expmed.c 3 /home/phd/oliva/src/egcs/gcc/config/sparc/gmon-sol2.c 3 /home/phd/oliva/src/egcs/gcc/collect2.c 2 insn-attrtab.c 2 getopt.c 2 gcj.c 2 g77.c 2 g++.c 2 /home/phd/oliva/src/egcs/gcc/scan-decls.c 2 /home/phd/oliva/src/egcs/gcc/java/zextract.c 2 /home/phd/oliva/src/egcs/gcc/java/parse.h 2 /home/phd/oliva/src/egcs/gcc/java/mangle.c 2 /home/phd/oliva/src/egcs/gcc/java/lex.h 2 /home/phd/oliva/src/egcs/gcc/gcc.c 2 /home/phd/oliva/src/egcs/gcc/f/intrin.c 2 /home/phd/oliva/src/egcs/gcc/explow.c 2 /home/phd/oliva/src/egcs/gcc/except.c 2 /home/phd/oliva/src/egcs/gcc/dwarfout.c 2 /home/phd/oliva/src/egcs/gcc/ch/tasking.c 2 /home/phd/oliva/src/egcs/gcc/ch/parse.c 2 /home/phd/oliva/src/egcs/gcc/ch/inout.c 2 /home/phd/oliva/src/egcs/gcc/c-decl.c 2 /home/phd/oliva/src/egcs/gcc/bitmap.c 2 /home/phd/oliva/src/egcs/gcc/alias.c 1 splay-tree.c 1 cxxmain.c 1 cplus-dem.c 1 choose-temp.c 1 /home/phd/oliva/src/egcs/gcc/tree.c 1 /home/phd/oliva/src/egcs/gcc/tlink.c 1 /home/phd/oliva/src/egcs/gcc/stupid.c 1 /home/phd/oliva/src/egcs/gcc/regclass.c 1 /home/phd/oliva/src/egcs/gcc/print-rtl.c 1 /home/phd/oliva/src/egcs/gcc/java/jvspec.c 1 /home/phd/oliva/src/egcs/gcc/java/jvgenmain.c 1 /home/phd/oliva/src/egcs/gcc/java/jv-scan.c 1 /home/phd/oliva/src/egcs/gcc/java/except.c 1 /home/phd/oliva/src/egcs/gcc/java/constants.c 1 /home/phd/oliva/src/egcs/gcc/hash.c 1 /home/phd/oliva/src/egcs/gcc/haifa-sched.c 1 /home/phd/oliva/src/egcs/gcc/graph.c 1 /home/phd/oliva/src/egcs/gcc/genrecog.c 1 /home/phd/oliva/src/egcs/gcc/genpeep.c 1 /home/phd/oliva/src/egcs/gcc/genoutput.c 1 /home/phd/oliva/src/egcs/gcc/gengenrtl.c 1 /home/phd/oliva/src/egcs/gcc/genemit.c 1 /home/phd/oliva/src/egcs/gcc/f/g77spec.c 1 /home/phd/oliva/src/egcs/gcc/emit-rtl.c 1 /home/phd/oliva/src/egcs/gcc/cppfiles.c 1 /home/phd/oliva/src/egcs/gcc/cppexp.c 1 /home/phd/oliva/src/egcs/gcc/cp/typeck.c 1 /home/phd/oliva/src/egcs/gcc/cp/sig.c 1 /home/phd/oliva/src/egcs/gcc/cp/method.c 1 /home/phd/oliva/src/egcs/gcc/cp/expr.c 1 /home/phd/oliva/src/egcs/gcc/ch/typeck.c 1 /home/phd/oliva/src/egcs/gcc/ch/decl.c 1 ./parse-scan.y Number of warning types: 183 `???' might be used uninitialized in this function 120 implicit declaration of function `???' 78 unused parameter `???' 43 unused variable `???' 42 comparison between signed and unsigned 41 missing initializer for `???' 27 variable `???' might be clobbered by `longjmp' or `vfork' 23 enumeration value `???' not handled in switch 14 ??? format, ??? arg (arg ???) 5 argument `???' might be clobbered by `longjmp' or `vfork' 4 label `???' defined but not used 4 control reaches end of non-void function 4 `???' declared `static' but never defined 3 empty body in an else-statement 2 subscript has type `char' 2 statement with no effect 2 `???' defined but not used 1 value computed is not used 1 type of `???' defaults to `int' 1 type defaults to `int' in declaration of `???'